NOAA-Style Climate Reports

Select a Year or Month report
2021: Jan | Feb | Mar | Apr | May | Jun | Jul | Aug | Sep | Oct | Nov | Dec |
2020: Jan | Feb | Mar | Apr | May | Jun | Jul | Aug | Sep | Oct | Nov | Dec |
2019: Jan | Feb | Mar | Apr | May | Jun | Jul | Aug | Sep | Oct | Nov | Dec |
2018: Jan | Feb | Mar | Apr | May | Jun | Jul | Aug | Sep | Oct | Nov | Dec |
2017: Jan | Feb | Mar | Apr | May | Jun | Jul | Aug | Sep | Oct | Nov | Dec |
2016: Jan | Feb | Mar | Apr | May | Jun | Jul | Aug | Sep | Oct | Nov | Dec |
2015: Jan | Feb | Mar | Apr | May | Jun | Jul | Aug | Sep | Oct | Nov | Dec |
2014: Jan | Feb | Mar | Apr | May | Jun | Jul | Aug | Sep | Oct | Nov | Dec |
2013: Jan | Feb | Mar | Apr | May | Jun | Jul | Aug | Sep | Oct | Nov | Dec |
2012: Jan | Feb | Mar | Apr | May | Jun | Jul | Aug | Sep | Oct | Nov | Dec |
2011: Jan | Feb | Mar | Apr | May | Jun | Jul | Aug | Sep | Oct | Nov | Dec |
2010: Jan | Feb | Mar | Apr | May | Jun | Jul | Aug | Sep | Oct | Nov | Dec |
2009: Jan | Feb | Mar | Apr | May | Jun | Jul | Aug | Sep | Oct | Nov | Dec |
2008: Jan | Feb | Mar | Apr | May | Jun | Jul | Aug | Sep | Oct | Nov | Dec |
2007: Jan | Feb | Mar | Apr | May | Jun | Jul | Aug | Sep | Oct | Nov | Dec |
2006: Jan | Feb | Mar | Apr | May | Jun | Jul | Aug | Sep | Oct | Nov | Dec |
2005: Jan | Feb | Mar | Apr | May | Jun | Jul | Aug | Sep | Oct | Nov | Dec |
2004: Jan | Feb | Mar | Apr | May | Jun | Jul | Aug | Sep | Oct | Nov | Dec |
2003: Jan | Feb | Mar | Apr | May | Jun | Jul | Aug | Sep | Oct | Nov | Dec |

Report for 2007 December
                   MONTHLY CLIMATOLOGICAL SUMMARY for DEC. 2007

NAME: Patrick Nijs   CITY: Heist-op-den-Berg   STATE: Belgium 
ELEV:    15 m  LAT: 51° 04' 15" N  LONG: 4° 42' 13" E

                   TEMPERATURE (°C), RAIN  (mm), WIND SPEED (km/hr)

                                      HEAT  COOL        AVG
    MEAN                              DEG   DEG         WIND                 DOM
DAY TEMP  HIGH   TIME   LOW    TIME   DAYS  DAYS  RAIN  SPEED HIGH   TIME    DIR
------------------------------------------------------------------------------------
 1   9.3  11.2   13:15   6.1   23:30   9.0   0.0  11.7   8.0  51.5   21:45   SSW
 2   9.4  11.8   13:30   6.6    0:15   8.8   0.0   5.6  10.9  54.7   12:45   WSW
 3   7.6   9.1   12:00   5.6   21:15  10.7   0.0   8.4  10.5  46.7   12:30    NW
 4   7.6  10.9   23:30   5.7    0:30  10.8   0.0   0.5   4.2  22.5   11:30     W
 5  12.0  13.5   11:45  10.9    0:15   6.3   0.0   2.3   7.6  46.7   12:15   SSW
 6  10.8  13.5   22:15   9.0    5:45   7.5   0.0  10.4   7.6  35.4   16:15   WSW
 7  10.4  13.8    6:00   6.8   13:00   7.8   0.0   7.9  11.3  56.3   12:30     W
 8   6.5   9.2   00:00   4.8    8:45  11.8   0.0   4.8   7.7  41.8   20:15   SSW
 9   8.3  10.4    1:45   6.8   17:45   9.9   0.0   2.8   7.2  38.6   14:00   WSW
10   7.5   8.5   15:15   7.1    4:30  10.8   0.0   7.4   5.1  33.8    3:15    NW
11   5.5   8.5   13:30   1.6   00:00  12.8   0.0   0.5   2.4  22.5    4:15   NNW
12   1.9   4.3   15:15  -1.4    7:15  16.4   0.0   0.3   0.0   3.2   11:00     N
13   1.9   4.2    0:45  -0.6    9:15  16.3   0.0   0.3   0.2   9.7   10:15   ENE
14   1.4   3.4   14:00  -0.6    7:30  16.8   0.0   0.0   1.3  16.1   17:00   ENE
15   1.8   3.9   13:30  -0.6    8:45  16.5   0.0   0.0   3.7  27.4   14:45   ENE
16  -0.4   3.5   14:45  -2.6    8:45  18.7   0.0   0.0   2.3  16.1   12:30   ENE
17  -0.9   1.2   15:00  -2.5    6:30  19.2   0.0   0.0   4.8  30.6   11:15   ENE
18  -1.4   1.4   14:15  -4.5    6:15  19.7   0.0   0.0   1.4  16.1   11:15   ENE
19  -0.7   4.8   14:45  -3.7    4:30  19.0   0.0   0.3   0.6   9.7    5:00   ENE
20  -3.5  -2.6    0:45  -4.1    7:15  21.8   0.0   0.0   1.1  11.3    5:00   ENE
21  -3.7  -2.8   16:00  -5.1   00:00  22.0   0.0   0.0   0.2   9.7    0:30   ESE
22  -2.7   4.2   15:00  -7.6    7:15  20.9   0.0   0.0   0.0   8.0   13:00   SSE
23   2.1   5.1   12:00  -2.1    0:15  16.2   0.0   0.3   0.2   8.0    2:00   SSW
24   3.0   8.2   14:15  -0.3    2:15  15.3   0.0   0.0   1.1  16.1   14:15   SSW
25   3.8   6.1   14:45   1.9    5:45  14.4   0.0   0.0   4.2  19.3   11:00   SSE
26   4.0   5.4   13:00   2.7    9:00  14.3   0.0   1.5   2.4  17.7    1:15   SSW
27   4.8   7.2   20:00   2.7    6:15  13.5   0.0   0.0   3.9  22.5   11:45   SSW
28   6.9   9.8   14:15   3.5   00:00  11.4   0.0   0.0   5.0  29.0   23:15   SSW
29   6.7   9.1   14:45   3.4    0:15  11.6   0.0   1.5   8.2  40.2    6:30   WSW
30   6.2   7.8   12:15   4.7   22:15  12.1   0.0   3.3   4.8  27.4    2:45   WNW
31   5.3   6.4   14:45   4.2    5:30  13.0   0.0   0.3   0.0   8.0   11:45   SSW
-------------------------------------------------------------------------------------
     4.2  13.8     7    -7.6    22   435.6   0.0  69.9   4.1  56.3     7     ENE

Max >=  32.0:  0
Max <=   0.0:  2
Min <=   0.0: 13
Min <= -18.0:  0
Max Rain: 11.68 ON 01/12/07
Days of Rain: 19 (> .2 mm) 10 (> 2 mm) 0 (> 20 mm)
Heat Base:  18.3  Cool Base:  18.3  Method: Integration
Benelux Weer Netwerk cwop awekas hwa wcloud pwsweather wow wow