-->

NOAA-Style Climate Reports

Select a Year or Month report
2021: Jan | Feb | Mar | Apr | May | Jun | Jul | Aug | Sep | Oct | Nov | Dec |
2020: Jan | Feb | Mar | Apr | May | Jun | Jul | Aug | Sep | Oct | Nov | Dec |
2019: Jan | Feb | Mar | Apr | May | Jun | Jul | Aug | Sep | Oct | Nov | Dec |
2018: Jan | Feb | Mar | Apr | May | Jun | Jul | Aug | Sep | Oct | Nov | Dec |
2017: Jan | Feb | Mar | Apr | May | Jun | Jul | Aug | Sep | Oct | Nov | Dec |
2016: Jan | Feb | Mar | Apr | May | Jun | Jul | Aug | Sep | Oct | Nov | Dec |
2015: Jan | Feb | Mar | Apr | May | Jun | Jul | Aug | Sep | Oct | Nov | Dec |
2014: Jan | Feb | Mar | Apr | May | Jun | Jul | Aug | Sep | Oct | Nov | Dec |
2013: Jan | Feb | Mar | Apr | May | Jun | Jul | Aug | Sep | Oct | Nov | Dec |
2012: Jan | Feb | Mar | Apr | May | Jun | Jul | Aug | Sep | Oct | Nov | Dec |
2011: Jan | Feb | Mar | Apr | May | Jun | Jul | Aug | Sep | Oct | Nov | Dec |
2010: Jan | Feb | Mar | Apr | May | Jun | Jul | Aug | Sep | Oct | Nov | Dec |
2009: Jan | Feb | Mar | Apr | May | Jun | Jul | Aug | Sep | Oct | Nov | Dec |
2008: Jan | Feb | Mar | Apr | May | Jun | Jul | Aug | Sep | Oct | Nov | Dec |
2007: Jan | Feb | Mar | Apr | May | Jun | Jul | Aug | Sep | Oct | Nov | Dec |
2006: Jan | Feb | Mar | Apr | May | Jun | Jul | Aug | Sep | Oct | Nov | Dec |
2005: Jan | Feb | Mar | Apr | May | Jun | Jul | Aug | Sep | Oct | Nov | Dec |
2004: Jan | Feb | Mar | Apr | May | Jun | Jul | Aug | Sep | Oct | Nov | Dec |
2003: Jan | Feb | Mar | Apr | May | Jun | Jul | Aug | Sep | Oct | Nov | Dec |

Report for 2008 February
                   MONTHLY CLIMATOLOGICAL SUMMARY for FEB. 2008

NAME: Patrick Nijs   CITY: Heist-op-den-Berg   STATE: Belgium 
ELEV:    15 m  LAT: 51° 04' 15" N  LONG: 4° 42' 13" E

                   TEMPERATURE (°C), RAIN  (mm), WIND SPEED (km/hr)

                                      HEAT  COOL        AVG
    MEAN                              DEG   DEG         WIND                 DOM
DAY TEMP  HIGH   TIME   LOW    TIME   DAYS  DAYS  RAIN  SPEED HIGH   TIME    DIR
------------------------------------------------------------------------------------
 1   5.9   7.4    1:45   3.6   23:15  12.3   0.0   2.0   7.7  38.6    3:15     W
 2   3.4   6.4   15:15   1.3    8:45  14.8   0.0   4.1   6.8  41.8    1:45     W
 3   3.5   6.9   14:45   0.3    8:15  14.8   0.0   0.0   4.5  33.8   19:15    SE
 4   6.3   9.5   16:15   3.4   22:45  12.0   0.0   2.0   4.7  33.8    5:15   SSE
 5   8.4  12.9   22:45   4.0    0:45   9.9   0.0   4.1   8.5  43.5   12:45   SSW
 6   8.0  11.8    1:15   1.7   23:45  10.3   0.0   4.6   8.4  43.5    8:00    NW
 7   5.1  10.7   15:45   0.6    4:30  13.2   0.0   0.3   1.1  19.3   12:15   SSW
 8   6.1  13.2   16:00   0.2    8:15  12.2   0.0   0.0   1.0  16.1   15:30    SE
 9   6.8  15.0   15:45   0.1    8:30  11.5   0.0   0.0   0.5  11.3   12:00    SE
10   5.7  13.4   16:00  -1.4    8:15  12.6   0.0   0.0   0.5  11.3   13:45    NE
11   7.8  14.8   14:15   2.7    7:30  10.5   0.0   0.0   0.6  12.9   13:30   ENE
12   6.2  14.1   14:30  -0.7    7:30  11.2   0.0   0.0   0.6  16.1   15:00   ENE
13   1.8   3.4   16:00  -0.3    7:00  16.5   0.0   0.0   1.1  11.3    6:45   ENE
14   1.4   4.0   23:45  -0.1    5:30  16.9   0.0   0.0   1.6  17.7   21:15   ENE
15   3.7   6.6   14:45  -0.4   00:00  14.6   0.0   0.3   5.5  41.8   16:00   ENE
16   0.9   6.1   13:30  -2.7    8:15  14.3   0.0   0.0   3.5  22.5   12:45   ENE
17   1.1  10.1   16:45  -5.9    8:15  17.2   0.0   0.0   0.2   8.0   10:15     E
18   1.6  10.1   15:30  -5.6    7:45  15.5   0.0   0.0   0.0   8.0   11:30    SE
19   0.6   5.4   15:45  -3.7    3:45  17.8   0.0   0.0   1.4  12.9    5:45   ENE
20   4.3  11.1   14:15  -0.4    5:30  14.0   0.0   0.0   1.1  19.3   15:00     E
21   7.7   9.9   18:30   2.2    0:30  10.6   0.0   0.0   5.1  33.8   13:15   WSW
22  10.2  11.1   16:15   9.0    7:30   8.2   0.0   0.0   8.9  40.2   17:30     W
23  10.2  13.1   15:30   8.0    6:30   8.1   0.0   0.0   5.0  32.2   13:15     W
24  10.9  14.6   15:30   8.5    8:15   7.4   0.0   0.5   2.4  22.5   00:00   SSW
25   9.4  12.4   17:15   5.6    5:45   8.9   0.0   1.8   3.2  27.4    0:30   SSW
26  10.9  12.8    6:30   7.2   00:00   7.4   0.0   3.8   8.0  43.5    6:30     W
27   6.8  10.9   13:15   2.7   22:45  11.5   0.0   0.0   4.5  27.4   10:15     W
28   6.1  11.6   14:15   0.9    5:15  12.3   0.0   1.3   0.8  12.9   13:45   SSE
29   8.2  10.1   13:00   6.9    7:00  10.1   0.0   4.6   6.0  54.7   21:15   WSW
-------------------------------------------------------------------------------------
     5.8  15.0     9    -5.9    17   356.6   0.0  29.2   3.6  54.7    29       W

Max >=  32.0:  0
Max <=   0.0:  0
Min <=   0.0: 10
Min <= -18.0:  0
Max Rain: 4.57 ON 29/02/08
Days of Rain: 12 (> .2 mm) 7 (> 2 mm) 0 (> 20 mm)
Heat Base:  18.3  Cool Base:  18.3  Method: Integration
Benelux Weer Netwerk cwop awekas hwa wcloud pwsweather wow wow