NOAA-Style Climate Reports

Select a Year or Month report
2021: Jan | Feb | Mar | Apr | May | Jun | Jul | Aug | Sep | Oct | Nov | Dec |
2020: Jan | Feb | Mar | Apr | May | Jun | Jul | Aug | Sep | Oct | Nov | Dec |
2019: Jan | Feb | Mar | Apr | May | Jun | Jul | Aug | Sep | Oct | Nov | Dec |
2018: Jan | Feb | Mar | Apr | May | Jun | Jul | Aug | Sep | Oct | Nov | Dec |
2017: Jan | Feb | Mar | Apr | May | Jun | Jul | Aug | Sep | Oct | Nov | Dec |
2016: Jan | Feb | Mar | Apr | May | Jun | Jul | Aug | Sep | Oct | Nov | Dec |
2015: Jan | Feb | Mar | Apr | May | Jun | Jul | Aug | Sep | Oct | Nov | Dec |
2014: Jan | Feb | Mar | Apr | May | Jun | Jul | Aug | Sep | Oct | Nov | Dec |
2013: Jan | Feb | Mar | Apr | May | Jun | Jul | Aug | Sep | Oct | Nov | Dec |
2012: Jan | Feb | Mar | Apr | May | Jun | Jul | Aug | Sep | Oct | Nov | Dec |
2011: Jan | Feb | Mar | Apr | May | Jun | Jul | Aug | Sep | Oct | Nov | Dec |
2010: Jan | Feb | Mar | Apr | May | Jun | Jul | Aug | Sep | Oct | Nov | Dec |
2009: Jan | Feb | Mar | Apr | May | Jun | Jul | Aug | Sep | Oct | Nov | Dec |
2008: Jan | Feb | Mar | Apr | May | Jun | Jul | Aug | Sep | Oct | Nov | Dec |
2007: Jan | Feb | Mar | Apr | May | Jun | Jul | Aug | Sep | Oct | Nov | Dec |
2006: Jan | Feb | Mar | Apr | May | Jun | Jul | Aug | Sep | Oct | Nov | Dec |
2005: Jan | Feb | Mar | Apr | May | Jun | Jul | Aug | Sep | Oct | Nov | Dec |
2004: Jan | Feb | Mar | Apr | May | Jun | Jul | Aug | Sep | Oct | Nov | Dec |
2003: Jan | Feb | Mar | Apr | May | Jun | Jul | Aug | Sep | Oct | Nov | Dec |

Report for 2008 March
                   MONTHLY CLIMATOLOGICAL SUMMARY for MAR. 2008

NAME: Patrick Nijs   CITY: Heist-op-den-Berg   STATE: Belgium 
ELEV:    15 m  LAT: 51° 04' 15" N  LONG: 4° 42' 13" E

                   TEMPERATURE (°C), RAIN  (mm), WIND SPEED (km/hr)

                                      HEAT  COOL        AVG
    MEAN                              DEG   DEG         WIND                 DOM
DAY TEMP  HIGH   TIME   LOW    TIME   DAYS  DAYS  RAIN  SPEED HIGH   TIME    DIR
------------------------------------------------------------------------------------
 1   9.7  11.6   14:45   6.3    5:15   8.6   0.0   4.8  17.4  67.6    5:00    NW
 2  11.2  13.3   11:45   9.0    0:15   7.1   0.0   0.0  10.9  49.9    3:30     W
 3   6.8   9.1    0:15   2.5   00:00  11.0   0.0   1.5   6.9  38.6   12:15     W
 4   3.7   9.0   13:00   0.4   00:00  14.6   0.0   1.0   3.5  32.2   15:30   NNW
 5   2.9   8.1   14:15  -1.4    4:15  15.3   0.0   0.3   1.6  19.3   11:00   NNW
 6   6.9   9.4   14:15   3.7    0:15  11.4   0.0   0.0   4.0  25.7   13:15   WSW
 7   7.8  10.6   13:45   4.0   23:45  10.5   0.0   0.8   2.7  27.4   13:15   SSW
 8   6.6  11.3   14:45   1.5    6:00  11.7   0.0   0.3   4.2  30.6   15:00   SSW
 9   8.2   9.7   11:45   4.9   00:00  10.2   0.0   2.3   6.0  43.5   10:00   SSW
10   6.3   8.3   11:45   4.4    1:15  12.0   0.0   3.3  10.5  53.1   12:15   SSE
11   8.6  12.0   20:00   5.3    2:00   9.7   0.0   7.6  10.1  48.3   22:30     W
12   8.9  11.1    0:15   7.1   21:45   9.4   0.0   2.0  14.6  56.3   10:45     W
13   8.2  11.2   14:30   5.6    4:00  10.1   0.0   3.3   7.4  35.4    0:30     W
14   8.8  11.8   14:45   6.1   23:45   9.5   0.0   2.3   5.6  40.2    4:15    NW
15  11.0  15.3   15:00   6.3    0:15   7.3   0.0   0.0   1.9  19.3   15:00   ESE
16   9.7  13.4   14:45   6.6   23:00   8.6   0.0  19.0   2.9  30.6    3:45   NNW
17   5.7   7.8   14:00   3.6   22:15  12.6   0.0   0.3   3.4  25.7   19:30   NNW
18   4.2   8.7   14:45  -0.4    6:45  14.1   0.0   0.3   3.5  25.7   16:00    NW
19   4.5   8.6   16:15   2.2    7:30  13.8   0.0   1.5   4.5  30.6   13:30   NNW
20   5.2   8.1   13:30   2.8    2:00  13.1   0.0  12.7   7.4  38.6   21:30     W
21   4.8   8.2    2:00   1.9   11:15  13.5   0.0   9.7  11.9  57.9    9:45    NW
22   3.2   8.4   14:15  -0.1   23:45  15.1   0.0   5.3   3.2  30.6    1:00   NNW
23   1.9   6.4   14:45  -3.2    6:15  16.4   0.0   0.8   2.3  19.3   12:15   SSW
24   1.7   5.2   13:00   0.4    1:00  16.6   0.0   3.8   4.7  38.6   15:00    NW
25   1.5   4.8   15:30  -0.6    4:00  16.8   0.0   4.6   7.1  41.8   14:30   WNW
26   4.2   6.8   14:15   0.9    3:00  13.6   0.0   2.5   1.6  19.3    0:15   ENE
27   5.6   9.7   13:45   3.3    6:45  12.7   0.0  13.0   1.1  11.3   17:15   ENE
28   7.5  10.4   12:45   4.5    7:00  10.8   0.0   3.8   6.0  43.5   16:30     S
29   9.8  13.7   14:15   6.6    6:45   8.5   0.0   0.0   7.9  43.5   10:45     W
30   9.8  12.2   10:00   8.4    3:00   8.2   0.0   2.3   3.9  22.5   15:00   SSE
31  10.7  15.6   16:15   7.3    7:30   7.7   0.0   2.0   1.9  17.7   15:15     S
-------------------------------------------------------------------------------------
     6.6  15.6    31    -3.2    23   360.7   0.0 111.0   5.8  67.6     1       W

Max >=  32.0:  0
Max <=   0.0:  0
Min <=   0.0:  5
Min <= -18.0:  0
Max Rain: 19.05 ON 16/03/08
Days of Rain: 27 (> .2 mm) 18 (> 2 mm) 0 (> 20 mm)
Heat Base:  18.3  Cool Base:  18.3  Method: Integration
Benelux Weer Netwerk cwop awekas hwa wcloud pwsweather wow wow