-->

NOAA-Style Climate Reports

Select a Year or Month report
2021: Jan | Feb | Mar | Apr | May | Jun | Jul | Aug | Sep | Oct | Nov | Dec |
2020: Jan | Feb | Mar | Apr | May | Jun | Jul | Aug | Sep | Oct | Nov | Dec |
2019: Jan | Feb | Mar | Apr | May | Jun | Jul | Aug | Sep | Oct | Nov | Dec |
2018: Jan | Feb | Mar | Apr | May | Jun | Jul | Aug | Sep | Oct | Nov | Dec |
2017: Jan | Feb | Mar | Apr | May | Jun | Jul | Aug | Sep | Oct | Nov | Dec |
2016: Jan | Feb | Mar | Apr | May | Jun | Jul | Aug | Sep | Oct | Nov | Dec |
2015: Jan | Feb | Mar | Apr | May | Jun | Jul | Aug | Sep | Oct | Nov | Dec |
2014: Jan | Feb | Mar | Apr | May | Jun | Jul | Aug | Sep | Oct | Nov | Dec |
2013: Jan | Feb | Mar | Apr | May | Jun | Jul | Aug | Sep | Oct | Nov | Dec |
2012: Jan | Feb | Mar | Apr | May | Jun | Jul | Aug | Sep | Oct | Nov | Dec |
2011: Jan | Feb | Mar | Apr | May | Jun | Jul | Aug | Sep | Oct | Nov | Dec |
2010: Jan | Feb | Mar | Apr | May | Jun | Jul | Aug | Sep | Oct | Nov | Dec |
2009: Jan | Feb | Mar | Apr | May | Jun | Jul | Aug | Sep | Oct | Nov | Dec |
2008: Jan | Feb | Mar | Apr | May | Jun | Jul | Aug | Sep | Oct | Nov | Dec |
2007: Jan | Feb | Mar | Apr | May | Jun | Jul | Aug | Sep | Oct | Nov | Dec |
2006: Jan | Feb | Mar | Apr | May | Jun | Jul | Aug | Sep | Oct | Nov | Dec |
2005: Jan | Feb | Mar | Apr | May | Jun | Jul | Aug | Sep | Oct | Nov | Dec |
2004: Jan | Feb | Mar | Apr | May | Jun | Jul | Aug | Sep | Oct | Nov | Dec |
2003: Jan | Feb | Mar | Apr | May | Jun | Jul | Aug | Sep | Oct | Nov | Dec |

Report for 2008 April
                   MONTHLY CLIMATOLOGICAL SUMMARY for APR. 2008

NAME: Patrick Nijs   CITY: Heist-op-den-Berg   STATE: Belgium 
ELEV:    15 m  LAT: 51° 04' 15" N  LONG: 4° 42' 13" E

                   TEMPERATURE (°C), RAIN  (mm), WIND SPEED (km/hr)

                                      HEAT  COOL        AVG
    MEAN                              DEG   DEG         WIND                 DOM
DAY TEMP  HIGH   TIME   LOW    TIME   DAYS  DAYS  RAIN  SPEED HIGH   TIME    DIR
------------------------------------------------------------------------------------
 1   8.9  12.8   18:45   4.4    3:45   9.4   0.0   0.3   4.7  41.8   14:45     W
 2   9.1  10.6   14:45   7.2    8:00   9.2   0.0   0.0   5.8  30.6   12:00    NW
 3   7.9  11.6   17:45   4.5   00:00  10.4   0.0   0.0   4.0  19.3   11:45    NW
 4   7.9  13.5   18:00   2.4    5:45  10.4   0.0   1.8   1.1  19.3   16:45    NW
 5   8.5  10.9   17:15   5.3   00:00   9.8   0.0   3.6   5.3  35.4   15:15    NW
 6   5.9  10.1   14:30   3.1    7:00  12.4   0.0   0.0   1.6  16.1   16:45    NW
 7   4.3   9.2   16:15  -0.6    7:15  13.9   0.0   0.0   2.6  27.4   14:45   ENE
 8   5.6  11.4   17:45  -1.1    7:15  12.8   0.0   0.0   0.8  17.7   12:30   SSW
 9   6.5  12.1   16:45   1.1    7:30  11.8   0.0   0.0   1.0  16.1   14:15   ENE
10   7.1  13.9   15:30  -0.7    7:00  11.2   0.0   0.0   0.5  12.9   12:30     E
11   8.8  14.0   17:15   3.7    3:30   9.5   0.0   0.0   2.9  35.4   18:45     W
12   9.3  14.1   17:15   4.5    6:00   9.0   0.0   0.0   5.0  33.8   10:15     W
13   9.3  15.1   18:15   5.5    2:00   9.0   0.0   0.0   1.8  19.3   18:00   SSW
14   8.1  12.3   13:30   5.3   00:00  10.3   0.0   1.0   2.1  30.6   15:15    NW
15   6.4  11.3   15:45   2.5   00:00  11.9   0.0   3.0   2.3  27.4   16:15    NW
16   5.5  11.8   16:30  -1.4    7:15  12.8   0.0   0.0   1.1  16.1   12:00   ENE
17   6.8  12.3   17:00   0.7    7:00  11.4   0.0   0.0   3.4  25.7   10:45   ENE
18   8.8  13.7   18:30   4.4    6:45   9.5   0.0   0.0   6.3  29.0   17:15   ENE
19   9.7  13.9   14:00   5.9    6:45   8.7   0.0   0.0   3.4  22.5    0:15   ENE
20  12.8  19.7   15:45   7.1    6:45   5.6   0.1   0.0   2.9  22.5   16:30   ENE
21  13.4  19.1   16:15   8.7    7:30   4.6   0.0   0.0   4.7  27.4   12:45   ENE
22  14.6  19.3   16:15   7.9    7:00   2.9   0.1   0.0   2.1  16.1    8:30   ENE
23  13.1  19.4   14:00   8.8    7:15   4.7   0.1  13.7   1.3  22.5   15:30    SE
24  12.9  18.5   15:00   8.2    7:15   5.2   0.0   0.5   3.5  38.6   19:00   WNW
25  11.9  16.4   16:45   8.1    6:45   6.4   0.0   0.0   3.7  22.5    8:45     W
26  15.8  22.1   17:45   8.9    0:30   3.1   0.8   0.0   0.8  16.1   16:45   SSE
27  17.7  24.1   16:30  10.6    7:00   2.4   1.8   0.0   2.3  22.5   14:00    SE
28  13.0  17.3    0:15   9.5   00:00   5.2   0.0   7.1   2.1  17.7   19:00     W
29  10.8  13.7   12:15   8.1    7:15   7.5   0.0   4.3   4.0  30.6   11:45    SE
30  11.8  15.6   18:15   8.5   00:00   6.5   0.0   4.8   6.1  45.1   16:45    SE
-------------------------------------------------------------------------------------
     9.7  24.1    27    -1.4    16   257.1   2.8  40.1   3.0  45.1    30     ENE

Max >=  32.0:  0
Max <=   0.0:  0
Min <=   0.0:  4
Min <= -18.0:  0
Max Rain: 13.72 ON 23/04/08
Days of Rain: 10 (> .2 mm) 6 (> 2 mm) 0 (> 20 mm)
Heat Base:  18.3  Cool Base:  18.3  Method: Integration
Benelux Weer Netwerk cwop awekas hwa wcloud pwsweather wow wow