NOAA-Style Climate Reports

Select a Year or Month report
2021: Jan | Feb | Mar | Apr | May | Jun | Jul | Aug | Sep | Oct | Nov | Dec |
2020: Jan | Feb | Mar | Apr | May | Jun | Jul | Aug | Sep | Oct | Nov | Dec |
2019: Jan | Feb | Mar | Apr | May | Jun | Jul | Aug | Sep | Oct | Nov | Dec |
2018: Jan | Feb | Mar | Apr | May | Jun | Jul | Aug | Sep | Oct | Nov | Dec |
2017: Jan | Feb | Mar | Apr | May | Jun | Jul | Aug | Sep | Oct | Nov | Dec |
2016: Jan | Feb | Mar | Apr | May | Jun | Jul | Aug | Sep | Oct | Nov | Dec |
2015: Jan | Feb | Mar | Apr | May | Jun | Jul | Aug | Sep | Oct | Nov | Dec |
2014: Jan | Feb | Mar | Apr | May | Jun | Jul | Aug | Sep | Oct | Nov | Dec |
2013: Jan | Feb | Mar | Apr | May | Jun | Jul | Aug | Sep | Oct | Nov | Dec |
2012: Jan | Feb | Mar | Apr | May | Jun | Jul | Aug | Sep | Oct | Nov | Dec |
2011: Jan | Feb | Mar | Apr | May | Jun | Jul | Aug | Sep | Oct | Nov | Dec |
2010: Jan | Feb | Mar | Apr | May | Jun | Jul | Aug | Sep | Oct | Nov | Dec |
2009: Jan | Feb | Mar | Apr | May | Jun | Jul | Aug | Sep | Oct | Nov | Dec |
2008: Jan | Feb | Mar | Apr | May | Jun | Jul | Aug | Sep | Oct | Nov | Dec |
2007: Jan | Feb | Mar | Apr | May | Jun | Jul | Aug | Sep | Oct | Nov | Dec |
2006: Jan | Feb | Mar | Apr | May | Jun | Jul | Aug | Sep | Oct | Nov | Dec |
2005: Jan | Feb | Mar | Apr | May | Jun | Jul | Aug | Sep | Oct | Nov | Dec |
2004: Jan | Feb | Mar | Apr | May | Jun | Jul | Aug | Sep | Oct | Nov | Dec |
2003: Jan | Feb | Mar | Apr | May | Jun | Jul | Aug | Sep | Oct | Nov | Dec |

Report for 2008 May
                   MONTHLY CLIMATOLOGICAL SUMMARY for MAY. 2008

NAME: Patrick Nijs   CITY: Heist-op-den-Berg   STATE: Belgium 
ELEV:    15 m  LAT: 51° 04' 15" N  LONG: 4° 42' 13" E

                   TEMPERATURE (°C), RAIN  (mm), WIND SPEED (km/hr)

                                      HEAT  COOL        AVG
    MEAN                              DEG   DEG         WIND                 DOM
DAY TEMP  HIGH   TIME   LOW    TIME   DAYS  DAYS  RAIN  SPEED HIGH   TIME    DIR
------------------------------------------------------------------------------------
 1  10.0  14.4   15:45   6.8    6:30   8.3   0.0   3.0   3.5  32.2   16:15     S
 2  11.5  17.7   17:00   6.4    6:45   6.7   0.0   2.0   1.1  16.1   16:15     S
 3  14.2  21.7   16:15   5.5    6:30   4.9   0.7   0.3   1.3  17.7   12:00   ENE
 4  16.9  23.1   15:00   9.3    6:45   2.9   1.4   0.0   1.4  20.9   12:45   ENE
 5  16.9  23.2   17:00   9.2    6:30   2.8   1.4   0.0   1.9  27.4   16:45   ENE
 6  18.6  25.1   16:30  10.4    5:30   2.1   2.3   0.0   2.3  22.5   16:45   ENE
 7  19.8  26.1   15:00  11.6    6:30   1.5   3.0   0.0   1.0  19.3   16:15   ENE
 8  20.3  26.2   16:30  11.7    5:45   1.3   3.1   0.0   1.6  25.7   13:45   ENE
 9  20.7  27.9   17:00  12.6    6:15   1.5   3.8   0.0   1.1  20.9   15:45     E
10  21.1  28.0   17:30  12.1    6:15   1.3   4.1   0.0   1.1  20.9   16:30   ENE
11  20.7  26.8   17:30  13.4    6:15   1.0   3.3   0.0   1.1  22.5   13:30   ENE
12  20.3  27.3   15:00  11.9    6:15   1.4   3.4   0.0   0.8  19.3   13:30   ENE
13  20.6  27.9   16:00  13.8    6:15   1.2   3.5   0.0   0.6  19.3   12:45   ENE
14  19.8  28.8   16:15  14.7    7:15   1.1   2.6   4.3   0.3  19.3    4:30   ENE
15  16.9  22.2   14:30  13.4    3:45   1.9   0.6   3.8   0.5  16.1   14:00   NNW
16  16.6  20.2   17:30  13.9    7:15   2.1   0.3   5.1   1.9  19.3   12:00    NW
17  13.0  15.1    0:15  10.4   00:00   5.3   0.0  13.7   0.0  11.3   16:45   ENE
18  12.4  17.2   17:15   9.2    5:30   5.9   0.0   0.3   0.6  19.3   11:45   ENE
19  11.2  15.8   12:30   6.0    6:30   7.1   0.0   0.0   0.2  16.1   11:45   ENE
20  12.4  18.7   16:15   5.7    6:00   5.9   0.0   0.0   0.3  19.3   11:30   ENE
21  14.5  20.6   16:00   7.6    6:00   4.2   0.4   0.0   0.0  17.7   14:15   ENE
22  16.4  20.4   15:00  12.1    4:15   2.3   0.5   0.0   0.3  17.7   11:45   ENE
23  17.4  21.8   13:00  14.1    6:30   1.7   0.8   0.0   0.0   9.7   12:00   ENE
24  17.2  22.3   14:45  12.1    4:30   2.1   1.0   1.5   0.8  25.7   12:00   ENE
25  18.3  24.6   18:30  14.3    5:15   1.4   1.4   5.1   0.3  16.1   10:45   ENE
26  17.3  22.0   17:00  14.0    7:15   1.6   0.6   1.0   2.9  22.5   18:30   ENE
27  18.2  21.7   17:45  14.9    6:15   0.9   0.8   1.0   0.6  16.1    0:30   ENE
28  19.9  23.9   15:30  15.9   00:00   0.3   2.0   0.5   3.4  38.6   15:15   SSE
29  17.1  20.7   17:15  14.9   10:30   1.2   0.3   7.6   0.2  16.1   12:15   SSE
30  15.7  17.2   16:30  14.0    7:30   2.6   0.0   2.0   1.8  19.3    7:30   WNW
31  16.7  21.2   14:45  13.3   00:00   2.1   0.6   0.5   1.3  19.3   18:00    NW
-------------------------------------------------------------------------------------
    16.9  28.8    14     5.5     3    86.7  42.1  51.8   1.1  38.6    28     ENE

Max >=  32.0:  0
Max <=   0.0:  0
Min <=   0.0:  0
Min <= -18.0:  0
Max Rain: 13.72 ON 17/05/08
Days of Rain: 16 (> .2 mm) 9 (> 2 mm) 0 (> 20 mm)
Heat Base:  18.3  Cool Base:  18.3  Method: Integration
Benelux Weer Netwerk cwop awekas hwa wcloud pwsweather wow wow