NOAA-Style Climate Reports

Select a Year or Month report
2021: Jan | Feb | Mar | Apr | May | Jun | Jul | Aug | Sep | Oct | Nov | Dec |
2020: Jan | Feb | Mar | Apr | May | Jun | Jul | Aug | Sep | Oct | Nov | Dec |
2019: Jan | Feb | Mar | Apr | May | Jun | Jul | Aug | Sep | Oct | Nov | Dec |
2018: Jan | Feb | Mar | Apr | May | Jun | Jul | Aug | Sep | Oct | Nov | Dec |
2017: Jan | Feb | Mar | Apr | May | Jun | Jul | Aug | Sep | Oct | Nov | Dec |
2016: Jan | Feb | Mar | Apr | May | Jun | Jul | Aug | Sep | Oct | Nov | Dec |
2015: Jan | Feb | Mar | Apr | May | Jun | Jul | Aug | Sep | Oct | Nov | Dec |
2014: Jan | Feb | Mar | Apr | May | Jun | Jul | Aug | Sep | Oct | Nov | Dec |
2013: Jan | Feb | Mar | Apr | May | Jun | Jul | Aug | Sep | Oct | Nov | Dec |
2012: Jan | Feb | Mar | Apr | May | Jun | Jul | Aug | Sep | Oct | Nov | Dec |
2011: Jan | Feb | Mar | Apr | May | Jun | Jul | Aug | Sep | Oct | Nov | Dec |
2010: Jan | Feb | Mar | Apr | May | Jun | Jul | Aug | Sep | Oct | Nov | Dec |
2009: Jan | Feb | Mar | Apr | May | Jun | Jul | Aug | Sep | Oct | Nov | Dec |
2008: Jan | Feb | Mar | Apr | May | Jun | Jul | Aug | Sep | Oct | Nov | Dec |
2007: Jan | Feb | Mar | Apr | May | Jun | Jul | Aug | Sep | Oct | Nov | Dec |
2006: Jan | Feb | Mar | Apr | May | Jun | Jul | Aug | Sep | Oct | Nov | Dec |
2005: Jan | Feb | Mar | Apr | May | Jun | Jul | Aug | Sep | Oct | Nov | Dec |
2004: Jan | Feb | Mar | Apr | May | Jun | Jul | Aug | Sep | Oct | Nov | Dec |
2003: Jan | Feb | Mar | Apr | May | Jun | Jul | Aug | Sep | Oct | Nov | Dec |

Report for 2008 June
                   MONTHLY CLIMATOLOGICAL SUMMARY for JUN. 2008

NAME: Patrick Nijs   CITY: Heist-op-den-Berg   STATE: Belgium 
ELEV:    15 m  LAT: 51° 04' 15" N  LONG: 4° 42' 13" E

                   TEMPERATURE (°C), RAIN  (mm), WIND SPEED (km/hr)

                                      HEAT  COOL        AVG
    MEAN                              DEG   DEG         WIND                 DOM
DAY TEMP  HIGH   TIME   LOW    TIME   DAYS  DAYS  RAIN  SPEED HIGH   TIME    DIR
------------------------------------------------------------------------------------
 1  17.3  24.7   18:45  12.6    3:30   2.4   1.4   0.3   0.5  12.9   12:00   SSE
 2  21.0  29.8   15:30  16.4    6:15   0.5   3.2  36.8   0.6  33.8   18:45   ENE
 3  19.3  24.4   18:45  16.7    3:30   0.6   1.6   0.8   2.1  29.0   14:30   SSW
 4  16.7  18.9   14:15  15.2    8:15   1.6   0.0  13.0   1.9  19.3   17:30    NW
 5  14.4  15.4    0:15  13.7   10:15   3.8   0.0  15.0   2.3  16.1   17:15    NW
 6  14.9  18.5   12:45  13.8    5:45   3.4   0.0  19.3   3.1  19.3   13:30   WNW
 7  14.8  16.1   15:00  14.1    7:15   3.5   0.0   1.5   1.9  16.1   15:15    SW
 8  18.2  24.8   16:45  14.5    5:00   1.7   1.6   0.0   1.0  12.9   14:30   NNW
 9  21.7  29.4   15:30  13.9    6:00   1.0   4.5   0.0   0.5  11.3   12:45   NNW
10  19.2  25.2   15:00  13.8   00:00   1.3   2.2   0.0   3.2  22.5   15:00    NW
11  14.9  18.8   14:45  10.6    5:15   3.4   0.0   0.0   3.9  30.6   17:30    NW
12  11.9  13.6    2:30  10.8   22:45   6.3   0.0  13.0   1.6  19.3   23:15    NW
13  12.8  17.1   16:45   9.7    3:00   5.5   0.0   0.3   3.4  22.5    9:45   WNW
14  12.4  16.4   12:15   9.2    6:00   5.9   0.0   0.8   1.4  22.5   12:45   WSW
15  11.6  16.6   11:45   8.2    6:15   6.8   0.0   8.1   1.4  20.9   12:30     S
16  13.1  18.9   17:45   5.5    5:30   5.2   0.0   0.3   0.6  12.9   14:30    NW
17  15.5  22.5   18:15   6.8    6:00   3.8   1.0   0.0   0.6  16.1   18:15    NW
18  17.0  21.9   18:30  11.2    6:00   2.4   1.1   0.0   2.4  27.4   14:45     W
19  16.4  21.0   18:45  14.1   00:00   2.1   0.2   7.9   4.0  30.6   11:45     W
20  15.6  20.5   15:00  11.3    4:30   3.0   0.2   0.3   3.2  25.7   15:00     W
21  18.6  25.4   18:15  13.1    5:15   1.9   2.2   0.0   0.8  11.3   10:00   SSW
22  21.5  28.4   14:15  16.1    5:30   0.3   3.6   0.0   5.0  33.8   15:45     W
23  17.1  22.7   16:30  11.8    5:00   2.3   1.0   0.0   4.3  29.0    0:45    NW
24  18.7  25.7   18:00  10.4    5:30   2.2   2.6   0.0   0.8  17.7   14:45   ENE
25  19.4  23.9   15:45  15.8    5:00   0.6   1.7   0.0   4.3  33.8   17:00   WNW
26  17.9  23.4   17:30  11.8    6:00   1.9   1.5   0.0   2.9  22.5   15:30     W
27  17.5  22.0   15:15  12.9    5:30   1.6   0.8   2.0   6.1  30.6   15:15     W
28  18.8  24.2   18:15  15.8    7:45   0.8   1.4   1.8   6.1  30.6    4:15     W
29  17.9  22.4   14:30  13.5    5:30   1.6   1.2   0.0   4.3  29.0   17:30     W
30  18.4  24.2   18:30  13.3    4:45   1.6   1.7   0.0   1.8  17.7   14:00   WSW
-------------------------------------------------------------------------------------
    16.8  29.8     2     5.5    16    79.0  34.7 120.9   2.5  33.8     2       W

Max >=  32.0:  0
Max <=   0.0:  0
Min <=   0.0:  0
Min <= -18.0:  0
Max Rain: 36.83 ON 02/06/08
Days of Rain: 16 (> .2 mm) 8 (> 2 mm) 1 (> 20 mm)
Heat Base:  18.3  Cool Base:  18.3  Method: Integration
Benelux Weer Netwerk cwop awekas hwa wcloud pwsweather wow wow