-->

NOAA-Style Climate Reports

Select a Year or Month report
2021: Jan | Feb | Mar | Apr | May | Jun | Jul | Aug | Sep | Oct | Nov | Dec |
2020: Jan | Feb | Mar | Apr | May | Jun | Jul | Aug | Sep | Oct | Nov | Dec |
2019: Jan | Feb | Mar | Apr | May | Jun | Jul | Aug | Sep | Oct | Nov | Dec |
2018: Jan | Feb | Mar | Apr | May | Jun | Jul | Aug | Sep | Oct | Nov | Dec |
2017: Jan | Feb | Mar | Apr | May | Jun | Jul | Aug | Sep | Oct | Nov | Dec |
2016: Jan | Feb | Mar | Apr | May | Jun | Jul | Aug | Sep | Oct | Nov | Dec |
2015: Jan | Feb | Mar | Apr | May | Jun | Jul | Aug | Sep | Oct | Nov | Dec |
2014: Jan | Feb | Mar | Apr | May | Jun | Jul | Aug | Sep | Oct | Nov | Dec |
2013: Jan | Feb | Mar | Apr | May | Jun | Jul | Aug | Sep | Oct | Nov | Dec |
2012: Jan | Feb | Mar | Apr | May | Jun | Jul | Aug | Sep | Oct | Nov | Dec |
2011: Jan | Feb | Mar | Apr | May | Jun | Jul | Aug | Sep | Oct | Nov | Dec |
2010: Jan | Feb | Mar | Apr | May | Jun | Jul | Aug | Sep | Oct | Nov | Dec |
2009: Jan | Feb | Mar | Apr | May | Jun | Jul | Aug | Sep | Oct | Nov | Dec |
2008: Jan | Feb | Mar | Apr | May | Jun | Jul | Aug | Sep | Oct | Nov | Dec |
2007: Jan | Feb | Mar | Apr | May | Jun | Jul | Aug | Sep | Oct | Nov | Dec |
2006: Jan | Feb | Mar | Apr | May | Jun | Jul | Aug | Sep | Oct | Nov | Dec |
2005: Jan | Feb | Mar | Apr | May | Jun | Jul | Aug | Sep | Oct | Nov | Dec |
2004: Jan | Feb | Mar | Apr | May | Jun | Jul | Aug | Sep | Oct | Nov | Dec |
2003: Jan | Feb | Mar | Apr | May | Jun | Jul | Aug | Sep | Oct | Nov | Dec |

Report for 2008 July
                   MONTHLY CLIMATOLOGICAL SUMMARY for JUL. 2008

NAME: Patrick Nijs   CITY: Heist-op-den-Berg   STATE: Belgium 
ELEV:    15 m  LAT: 51° 04' 15" N  LONG: 4° 42' 13" E

                   TEMPERATURE (°C), RAIN  (mm), WIND SPEED (km/hr)

                                      HEAT  COOL        AVG
    MEAN                              DEG   DEG         WIND                 DOM
DAY TEMP  HIGH   TIME   LOW    TIME   DAYS  DAYS  RAIN  SPEED HIGH   TIME    DIR
------------------------------------------------------------------------------------
 1  21.3  29.3   17:30  11.2    6:00   1.7   4.8   0.0   1.0  19.3   17:30    SE
 2  21.4  26.8   11:45  16.7    4:45   0.2   3.3   2.0   1.0  20.9   12:45   SSE
 3  17.7  19.9    0:15  13.5   00:00   1.0   0.4   9.4   1.6  29.0   20:00     S
 4  17.6  23.4   19:30  12.2    5:00   2.1   1.4   0.3   2.4  19.3    9:45     W
 5  18.1  24.3   12:15  12.6    6:00   1.5   1.3   0.8   2.1  22.5   12:45    SE
 6  18.6  22.6   17:45  15.4    5:15   0.9   1.2   0.0   3.4  29.0   12:00     S
 7  16.1  18.9   16:15  14.6    8:00   2.2   0.0   3.8   6.0  33.8   16:00   SSW
 8  16.2  19.5   16:30  14.5    6:30   2.2   0.1   1.3   7.1  41.8   18:00     W
 9  15.4  17.8   11:00  13.7    6:30   2.8   0.0   8.4   3.7  30.6   11:00     W
10  18.1  22.2   16:00  15.8   23:45   1.0   0.8   9.7   2.6  29.0   15:30    SE
11  17.2  21.6   16:30  14.5    6:15   1.6   0.5   2.8   2.3  27.4   16:00   SSW
12  16.1  19.2   17:30  11.8   00:00   2.2   0.0   0.3   4.5  38.6    8:15     W
13  15.1  21.4   15:15   9.3    5:45   3.5   0.3   0.0   1.9  19.3   16:45    NW
14  17.2  23.3   17:00   9.6    6:00   2.7   1.6   0.0   2.3  20.9   16:00    NW
15  17.1  20.2   17:45  12.3    6:15   1.7   0.4   0.0   2.7  25.7   10:30   SSW
16  17.7  21.8   16:15  14.2   00:00   1.1   0.5   1.5   3.4  27.4   16:00    NW
17  14.9  18.2   16:45  12.8    1:30   3.4   0.0   2.3   1.3  17.7   17:15     S
18  16.5  21.1   15:00  13.3    0:15   2.1   0.2   0.3   3.4  30.6   15:15     W
19  17.9  21.6   16:45  15.8    3:45   1.0   0.6   1.8   6.3  40.2   17:45     W
20  15.2  18.7   17:00  12.9    6:30   3.1   0.0   5.1   4.3  32.2   15:15     W
21  12.9  14.8   14:00  11.2    2:00   5.4   0.0   7.4   6.3  40.2   15:45   WNW
22  16.4  22.5   17:15  11.3    5:00   2.8   0.9   0.0   3.7  22.5   15:15    NW
23  18.6  22.8   13:45  15.3    6:30   1.1   1.3   0.0   0.5  11.3   13:15   ENE
24  20.9  27.2   16:45  13.6    6:15   1.2   3.8   0.0   1.1  22.5   16:30   ENE
25  23.1  29.5   15:45  16.3    6:30   0.3   5.0   0.0   1.3  19.3   21:45   ENE
26  20.8  26.3   16:30  17.1    5:00   0.2   2.7   1.8   2.1  19.3   16:30    NW
27  23.3  29.7   17:00  16.7    6:45   0.2   5.2   0.5   0.5  11.3   13:45   NNW
28  22.7  28.8   16:45  18.7    7:15   0.0   4.4  10.4   0.2  11.3   15:00    SE
29  22.7  27.3   18:45  19.4   00:00   0.0   4.4   0.0   1.9  17.7    7:15     W
30  23.2  29.7   15:15  15.8    6:30   0.4   5.2   0.0   0.2  11.3   14:15    SE
31  25.3  32.8   17:15  17.9    6:30   0.0   7.0   0.0   0.6  17.7   15:30    SE
-------------------------------------------------------------------------------------
    18.6  32.8    31     9.3    13    49.5  57.6  69.6   2.6  41.8     8       W

Max >=  32.0:  1
Max <=   0.0:  0
Min <=   0.0:  0
Min <= -18.0:  0
Max Rain: 10.41 ON 28/07/08
Days of Rain: 19 (> .2 mm) 10 (> 2 mm) 0 (> 20 mm)
Heat Base:  18.3  Cool Base:  18.3  Method: Integration
Benelux Weer Netwerk cwop awekas hwa wcloud pwsweather wow wow