NOAA-Style Climate Reports

Select a Year or Month report
2021: Jan | Feb | Mar | Apr | May | Jun | Jul | Aug | Sep | Oct | Nov | Dec |
2020: Jan | Feb | Mar | Apr | May | Jun | Jul | Aug | Sep | Oct | Nov | Dec |
2019: Jan | Feb | Mar | Apr | May | Jun | Jul | Aug | Sep | Oct | Nov | Dec |
2018: Jan | Feb | Mar | Apr | May | Jun | Jul | Aug | Sep | Oct | Nov | Dec |
2017: Jan | Feb | Mar | Apr | May | Jun | Jul | Aug | Sep | Oct | Nov | Dec |
2016: Jan | Feb | Mar | Apr | May | Jun | Jul | Aug | Sep | Oct | Nov | Dec |
2015: Jan | Feb | Mar | Apr | May | Jun | Jul | Aug | Sep | Oct | Nov | Dec |
2014: Jan | Feb | Mar | Apr | May | Jun | Jul | Aug | Sep | Oct | Nov | Dec |
2013: Jan | Feb | Mar | Apr | May | Jun | Jul | Aug | Sep | Oct | Nov | Dec |
2012: Jan | Feb | Mar | Apr | May | Jun | Jul | Aug | Sep | Oct | Nov | Dec |
2011: Jan | Feb | Mar | Apr | May | Jun | Jul | Aug | Sep | Oct | Nov | Dec |
2010: Jan | Feb | Mar | Apr | May | Jun | Jul | Aug | Sep | Oct | Nov | Dec |
2009: Jan | Feb | Mar | Apr | May | Jun | Jul | Aug | Sep | Oct | Nov | Dec |
2008: Jan | Feb | Mar | Apr | May | Jun | Jul | Aug | Sep | Oct | Nov | Dec |
2007: Jan | Feb | Mar | Apr | May | Jun | Jul | Aug | Sep | Oct | Nov | Dec |
2006: Jan | Feb | Mar | Apr | May | Jun | Jul | Aug | Sep | Oct | Nov | Dec |
2005: Jan | Feb | Mar | Apr | May | Jun | Jul | Aug | Sep | Oct | Nov | Dec |
2004: Jan | Feb | Mar | Apr | May | Jun | Jul | Aug | Sep | Oct | Nov | Dec |
2003: Jan | Feb | Mar | Apr | May | Jun | Jul | Aug | Sep | Oct | Nov | Dec |

Report for 2008 September
                   MONTHLY CLIMATOLOGICAL SUMMARY for SEP. 2008

NAME: Patrick Nijs   CITY: Heist-op-den-Berg   STATE: Belgium 
ELEV:    15 m  LAT: 51° 04' 15" N  LONG: 4° 42' 13" E

                   TEMPERATURE (°C), RAIN  (mm), WIND SPEED (km/hr)

                                      HEAT  COOL        AVG
    MEAN                              DEG   DEG         WIND                 DOM
DAY TEMP  HIGH   TIME   LOW    TIME   DAYS  DAYS  RAIN  SPEED HIGH   TIME    DIR
------------------------------------------------------------------------------------
 1  17.9  21.6   15:15  14.2   00:00   0.9   0.5   0.0   3.9  27.4    0:15     W
 2  16.9  22.6   17:00  11.7   00:00   2.3   0.9   0.0   4.8  35.4   16:00    SE
 3  14.1  16.9   12:30  11.4    1:45   4.2   0.0   0.0   3.9  27.4   16:30   SSW
 4  15.6  19.5   16:00  12.4    7:15   2.8   0.1   0.0   4.7  33.8   14:30   SSW
 5  16.3  18.7   23:15  13.2    5:00   2.0   0.0   4.1   2.6  27.4   15:15    SE
 6  18.0  20.4   18:30  16.1   23:30   0.6   0.3   0.0   6.0  43.5   11:15     S
 7  15.7  18.1   17:00  13.9    8:30   2.6   0.0   3.0   5.3  30.6   15:45   SSE
 8  16.5  21.2   16:00  12.3   00:00   2.2   0.4   0.0   3.9  27.4   12:45     W
 9  17.7  26.2   16:30   9.9    7:30   3.0   2.4   0.5   1.8  22.5   12:30    SE
10  19.8  23.6   14:00  17.1   00:00   0.3   1.7   0.0   1.6  27.4   16:00   SSW
11  20.7  27.8   17:00  15.3    5:30   0.8   3.2   0.0   1.6  22.5   13:30    SE
12  15.3  17.9    0:15  11.2   00:00   3.0   0.0   6.1   4.0  27.4   10:30   WNW
13  12.6  16.7   12:45   9.2    7:00   5.7   0.0   0.8   0.8  16.1   18:00   ENE
14  11.9  18.1   17:00   6.1    7:00   6.0   0.0   0.0   1.9  22.5   15:15   ENE
15  12.0  16.8   15:45   7.8    2:30   6.3   0.0   0.0   1.1  12.9   10:00   ENE
16  12.5  18.4   14:00   7.3    7:15   4.3   0.0   0.0   0.2  16.1   14:00   ENE
17  13.4  16.3   17:30   9.9    8:15   2.1   0.0   0.0   0.5  19.3   17:45   ENE
18  11.2  15.7   17:00   7.1   00:00   4.8   0.0   0.0   1.6  22.5   13:30   ENE
19  10.7  18.8   16:30   2.8    7:00   6.8   0.0   0.0   0.5  16.1   15:15   ENE
20  11.0  18.4   15:45   4.6    8:00   6.6   0.0   0.0   0.6  17.7   13:30   ENE
21  13.7  19.2   15:45   6.3    4:15   3.8   0.1   0.0   0.3  16.1   16:45   ENE
22  13.8  18.5   13:30  10.6    8:45   4.5   0.0   0.0   0.5  17.7   15:00   ENE
23  13.1  16.2   13:45  11.3    4:00   5.2   0.0   2.8   0.0   3.2    0:15     N
24  13.7  17.6   15:45  11.9    5:30   4.6   0.0   1.0   0.0   0.0     ---   ---
25  13.1  18.3   16:30   7.8    8:00   5.0   0.0   0.0   0.0   0.0     ---   ---
26  13.2  19.2   15:45   7.7    4:15   4.7   0.1   0.0   0.6  17.7   15:30   ENE
27  12.3  20.8   16:15   4.8    8:00   6.1   0.3   0.0   0.0   0.0     ---   ---
28  11.8  19.6   15:15   5.1    8:00   6.5   0.1   0.0   0.5  16.1   16:30   WNW
29  12.6  15.1   15:00   8.9   23:45   2.6   0.0   0.0   1.9  25.7   17:15   WNW
30  12.1  13.8   14:15   9.2    0:15   6.3   0.0  13.2   5.8  40.2   20:30   WSW
-------------------------------------------------------------------------------------
    14.3  27.8    11     2.8    19   116.6  10.1  31.5   2.0  43.5     6     ENE

Max >=  32.0:  0
Max <=   0.0:  0
Min <=   0.0:  0
Min <= -18.0:  0
Max Rain: 13.21 ON 30/09/08
Days of Rain: 8 (> .2 mm) 5 (> 2 mm) 0 (> 20 mm)
Heat Base:  18.3  Cool Base:  18.3  Method: Integration
Benelux Weer Netwerk cwop awekas hwa wcloud pwsweather wow wow