-->

NOAA-Style Climate Reports

Select a Year or Month report
2021: Jan | Feb | Mar | Apr | May | Jun | Jul | Aug | Sep | Oct | Nov | Dec |
2020: Jan | Feb | Mar | Apr | May | Jun | Jul | Aug | Sep | Oct | Nov | Dec |
2019: Jan | Feb | Mar | Apr | May | Jun | Jul | Aug | Sep | Oct | Nov | Dec |
2018: Jan | Feb | Mar | Apr | May | Jun | Jul | Aug | Sep | Oct | Nov | Dec |
2017: Jan | Feb | Mar | Apr | May | Jun | Jul | Aug | Sep | Oct | Nov | Dec |
2016: Jan | Feb | Mar | Apr | May | Jun | Jul | Aug | Sep | Oct | Nov | Dec |
2015: Jan | Feb | Mar | Apr | May | Jun | Jul | Aug | Sep | Oct | Nov | Dec |
2014: Jan | Feb | Mar | Apr | May | Jun | Jul | Aug | Sep | Oct | Nov | Dec |
2013: Jan | Feb | Mar | Apr | May | Jun | Jul | Aug | Sep | Oct | Nov | Dec |
2012: Jan | Feb | Mar | Apr | May | Jun | Jul | Aug | Sep | Oct | Nov | Dec |
2011: Jan | Feb | Mar | Apr | May | Jun | Jul | Aug | Sep | Oct | Nov | Dec |
2010: Jan | Feb | Mar | Apr | May | Jun | Jul | Aug | Sep | Oct | Nov | Dec |
2009: Jan | Feb | Mar | Apr | May | Jun | Jul | Aug | Sep | Oct | Nov | Dec |
2008: Jan | Feb | Mar | Apr | May | Jun | Jul | Aug | Sep | Oct | Nov | Dec |
2007: Jan | Feb | Mar | Apr | May | Jun | Jul | Aug | Sep | Oct | Nov | Dec |
2006: Jan | Feb | Mar | Apr | May | Jun | Jul | Aug | Sep | Oct | Nov | Dec |
2005: Jan | Feb | Mar | Apr | May | Jun | Jul | Aug | Sep | Oct | Nov | Dec |
2004: Jan | Feb | Mar | Apr | May | Jun | Jul | Aug | Sep | Oct | Nov | Dec |
2003: Jan | Feb | Mar | Apr | May | Jun | Jul | Aug | Sep | Oct | Nov | Dec |

Report for 2008 October
                   MONTHLY CLIMATOLOGICAL SUMMARY for OCT. 2008

NAME: Patrick Nijs   CITY: Heist-op-den-Berg   STATE: Belgium 
ELEV:    15 m  LAT: 51° 04' 15" N  LONG: 4° 42' 13" E

                   TEMPERATURE (°C), RAIN  (mm), WIND SPEED (km/hr)

                                      HEAT  COOL        AVG
    MEAN                              DEG   DEG         WIND                 DOM
DAY TEMP  HIGH   TIME   LOW    TIME   DAYS  DAYS  RAIN  SPEED HIGH   TIME    DIR
------------------------------------------------------------------------------------
 1  13.3  16.6   12:15   9.7   23:15   5.0   0.0   5.8   8.2  35.4   10:00     W
 2   9.8  13.9   13:45   6.8   22:15   8.5   0.0   7.9   5.1  33.8   15:00   WSW
 3   7.5  10.4   16:00   5.2    7:30  10.8   0.0   3.8   1.6  16.1   16:45   SSW
 4   9.3  12.6   14:30   4.9    8:00   9.0   0.0   0.3   4.5  30.6   23:45   WNW
 5  11.8  14.9   23:45  10.6    7:30   6.5   0.0  16.3   8.2  38.6    3:15     S
 6  13.9  16.1   16:45  11.4   10:00   4.4   0.0   4.3   1.8  17.7    1:45   WNW
 7  15.6  19.1   16:00  11.6    7:15   2.7   0.1   0.3   1.9  19.3   13:30   SSE
 8  14.4  17.0    0:15   9.7   00:00   3.9   0.0   3.6   2.7  19.3   11:45    NW
 9  10.6  18.2   15:15   4.4    8:00   7.7   0.0   0.0   0.0   1.6    8:45     N
10  11.3  18.7   15:30   4.6    8:15   5.1   0.0   0.0   0.5  17.7   16:30     S
11  12.2  18.2   13:45   7.7    6:15   4.6   0.0   0.3   1.0  19.3   13:00     S
12  14.6  21.8   16:30  11.2   11:15   2.2   0.2   0.0   0.2   9.7   10:15    SE
13  17.1  23.7   14:45  11.4    3:15   2.4   1.2   0.0   2.6  30.6   22:30    SE
14  15.5  19.2   15:00  13.6    9:00   2.8   0.0   0.0   1.8  16.1    0:30     W
15  14.3  16.1   12:45  13.1    7:15   3.9   0.0   5.8   3.7  30.6   20:15   SSW
16  11.6  13.7   14:00   8.1   23:30   6.8   0.0   1.3   4.5  29.0   13:15    NW
17   9.3  14.8   16:00   5.5   00:00   9.0   0.0   0.0   2.9  22.5   12:45    NW
18   8.4  14.7   15:15   4.1    8:15   9.9   0.0   0.0   1.1  19.3   14:15   SSW
19  10.7  16.4   15:00   7.4    4:30   7.6   0.0   0.3   1.6  27.4   14:45   SSW
20  12.9  19.1   16:15   6.9    6:30   5.4   0.0   0.0   4.2  35.4   13:30   SSW
21  11.7  16.9    2:15   7.8   00:00   6.6   0.0   6.3   3.9  33.8    0:15   WSW
22   8.8  13.3   15:45   6.3    7:30   9.5   0.0   0.0   1.1  19.3   16:00   WSW
23   8.9  14.9   15:30   4.9    7:30   9.4   0.0   0.3   3.1  25.7   15:15   SSE
24  10.3  12.3   16:45   8.6    0:15   8.0   0.0   0.5   2.9  19.3    7:15   SSW
25  10.4  14.9   15:45   6.3    8:00   7.9   0.0   0.3   1.4  22.5   16:15   SSW
26  12.5  13.7   17:00  10.6    0:30   5.8   0.0   8.9   6.0  29.0   14:45   SSW
27   9.7  12.7   13:00   3.8   00:00   8.6   0.0   5.6   2.7  25.7   14:45   WNW
28   5.6  11.1   13:45   1.8   00:00  12.7   0.0   0.0   1.4  20.9   13:30     S
29   3.6  10.4   14:15  -1.1    5:45  14.7   0.0   0.3   0.2   9.7   12:00   SSE
30   2.8   4.9   20:30   0.8    5:30  15.5   0.0   0.8   0.0  11.3   20:45   ENE
31   5.6   7.4   14:45   4.3    0:15  12.1   0.0   0.0   0.6  11.3    9:15   ENE
-------------------------------------------------------------------------------------
    10.8  23.7    13    -1.1    29   229.4   1.6  72.6   2.6  38.6     5     SSW

Max >=  32.0:  0
Max <=   0.0:  0
Min <=   0.0:  1
Min <= -18.0:  0
Max Rain: 16.26 ON 05/10/08
Days of Rain: 20 (> .2 mm) 10 (> 2 mm) 0 (> 20 mm)
Heat Base:  18.3  Cool Base:  18.3  Method: Integration
Benelux Weer Netwerk cwop awekas hwa wcloud pwsweather wow wow