Thunderstorms From: 14-05-2021 10:59 Until: 22:59 warning for: Thunderstorms Level: Yellow info button

NOAA-Style Climate Reports

Select a Year or Month report
2021: Jan | Feb | Mar | Apr | May | Jun | Jul | Aug | Sep | Oct | Nov | Dec |
2020: Jan | Feb | Mar | Apr | May | Jun | Jul | Aug | Sep | Oct | Nov | Dec |
2019: Jan | Feb | Mar | Apr | May | Jun | Jul | Aug | Sep | Oct | Nov | Dec |
2018: Jan | Feb | Mar | Apr | May | Jun | Jul | Aug | Sep | Oct | Nov | Dec |
2017: Jan | Feb | Mar | Apr | May | Jun | Jul | Aug | Sep | Oct | Nov | Dec |
2016: Jan | Feb | Mar | Apr | May | Jun | Jul | Aug | Sep | Oct | Nov | Dec |
2015: Jan | Feb | Mar | Apr | May | Jun | Jul | Aug | Sep | Oct | Nov | Dec |
2014: Jan | Feb | Mar | Apr | May | Jun | Jul | Aug | Sep | Oct | Nov | Dec |
2013: Jan | Feb | Mar | Apr | May | Jun | Jul | Aug | Sep | Oct | Nov | Dec |
2012: Jan | Feb | Mar | Apr | May | Jun | Jul | Aug | Sep | Oct | Nov | Dec |
2011: Jan | Feb | Mar | Apr | May | Jun | Jul | Aug | Sep | Oct | Nov | Dec |
2010: Jan | Feb | Mar | Apr | May | Jun | Jul | Aug | Sep | Oct | Nov | Dec |
2009: Jan | Feb | Mar | Apr | May | Jun | Jul | Aug | Sep | Oct | Nov | Dec |
2008: Jan | Feb | Mar | Apr | May | Jun | Jul | Aug | Sep | Oct | Nov | Dec |
2007: Jan | Feb | Mar | Apr | May | Jun | Jul | Aug | Sep | Oct | Nov | Dec |
2006: Jan | Feb | Mar | Apr | May | Jun | Jul | Aug | Sep | Oct | Nov | Dec |
2005: Jan | Feb | Mar | Apr | May | Jun | Jul | Aug | Sep | Oct | Nov | Dec |
2004: Jan | Feb | Mar | Apr | May | Jun | Jul | Aug | Sep | Oct | Nov | Dec |
2003: Jan | Feb | Mar | Apr | May | Jun | Jul | Aug | Sep | Oct | Nov | Dec |

Report for 2008 November
                   MONTHLY CLIMATOLOGICAL SUMMARY for NOV. 2008

NAME: Patrick Nijs   CITY: Heist-op-den-Berg   STATE: Belgium 
ELEV:    15 m  LAT: 51° 04' 15" N  LONG: 4° 42' 13" E

                   TEMPERATURE (°C), RAIN  (mm), WIND SPEED (km/hr)

                                      HEAT  COOL        AVG
    MEAN                              DEG   DEG         WIND                 DOM
DAY TEMP  HIGH   TIME   LOW    TIME   DAYS  DAYS  RAIN  SPEED HIGH   TIME    DIR
------------------------------------------------------------------------------------
 1   7.6   9.3   21:45   6.4    0:15  10.7   0.0   8.6   1.6  19.3   15:45   ENE
 2   9.5  12.0   15:00   6.2    7:30   8.8   0.0   0.3   0.6  16.1   11:00   ESE
 3   9.6  11.8   14:45   7.3   00:00   8.7   0.0   0.3   0.6  17.7    0:30   ENE
 4   7.6  11.4   12:30   4.6    5:45   8.8   0.0   0.3   0.2  11.3   19:15     E
 5  10.2  11.6   15:15   8.7    0:15   8.0   0.0   0.3   0.5  12.9    3:00   ENE
 6  11.3  15.0   13:00   9.1    7:45   6.1   0.0   0.0   0.0   9.7   13:30    SE
 7  10.9  14.9   14:15   6.8    2:45   7.4   0.0   0.8   2.3  27.4   14:15   SSE
 8  10.1  13.5   13:15   6.6    8:00   8.2   0.0   0.3   4.5  30.6   11:30   SSE
 9  11.2  12.8    3:45   9.6   19:15   7.1   0.0   7.9   6.3  41.8    6:30   SSW
10  14.3  16.4   21:00  11.4    0:15   4.0   0.0   1.5  10.3  46.7   20:30   SSW
11  11.1  16.2    0:15   8.5   23:30   7.2   0.0  12.4   8.2  59.5    2:45   WSW
12   8.7  11.8   14:30   6.3    7:45   9.6   0.0   0.3   2.7  19.3   11:15   SSW
13   8.3  12.6   15:30   6.2    1:45   9.4   0.0   0.3   1.0  17.7   14:30   SSW
14   9.3  10.9   00:00   7.0    0:15   8.8   0.0   0.3   3.1  19.3   12:15   SSW
15  12.2  12.8   13:30  10.9    0:15   6.1   0.0   0.0   3.4  27.4   16:00     W
16  10.4  12.7    0:45   4.5   00:00   7.8   0.0   4.1   2.1  19.3   17:15     W
17   6.2   9.9   14:15   2.1    3:45  11.0   0.0   0.0   0.6  16.1   23:00   SSE
18   7.9   9.7   17:30   6.4    0:15  10.4   0.0   1.5   2.1  16.1    1:00     W
19   9.3  10.4   23:30   7.5    8:00   9.0   0.0   0.3   3.1  20.9   10:00   WSW
20  10.9  13.2   13:00   9.7    1:45   6.4   0.0   0.3   8.2  41.8   15:15     W
21   7.3  10.4    0:15   2.2   22:30  11.0   0.0   4.3  12.1  61.2   11:00    NW
22   2.0   4.1   13:00   0.4   19:15  16.3   0.0   3.0   4.3  40.2   13:15    NW
23   1.1   3.1   23:30  -0.1    7:15  17.3   0.0   1.5   3.2  32.2   13:30   SSW
24   1.8   4.6   11:15  -1.8   23:00  16.5   0.0  13.0   1.8  19.3   12:15   WSW
25   3.2   6.3   14:30  -1.4    0:15  15.1   0.0   1.3   1.1  11.3    4:45   WNW
26   4.1   7.8   15:00  -0.9    4:15  13.6   0.0   0.3   1.3  19.3   19:15   WSW
27   6.4   7.8   13:45   4.6   00:00  11.9   0.0   0.8   4.3  25.7   23:45   SSW
28   4.6   5.7   16:30   3.7    8:00  13.7   0.0   0.3   2.7  20.9    2:15   SSE
29   3.1   5.7   14:15   0.5   00:00  15.3   0.0   0.0   1.0  11.3    0:15   SSE
30   3.1   5.7   15:45   0.1    1:15  15.2   0.0   4.3   1.0  12.9   15:00     E
-------------------------------------------------------------------------------------
     7.8  16.4    10    -1.8    24   309.3   0.0  68.1   3.1  61.2    21     SSW

Max >=  32.0:  0
Max <=   0.0:  0
Min <=   0.0:  4
Min <= -18.0:  0
Max Rain: 12.95 ON 24/11/08
Days of Rain: 26 (> .2 mm) 8 (> 2 mm) 0 (> 20 mm)
Heat Base:  18.3  Cool Base:  18.3  Method: Integration
Benelux Weer Netwerk cwop awekas hwa wcloud pwsweather wow wow