-->

NOAA-Style Climate Reports

Select a Year or Month report
2021: Jan | Feb | Mar | Apr | May | Jun | Jul | Aug | Sep | Oct | Nov | Dec |
2020: Jan | Feb | Mar | Apr | May | Jun | Jul | Aug | Sep | Oct | Nov | Dec |
2019: Jan | Feb | Mar | Apr | May | Jun | Jul | Aug | Sep | Oct | Nov | Dec |
2018: Jan | Feb | Mar | Apr | May | Jun | Jul | Aug | Sep | Oct | Nov | Dec |
2017: Jan | Feb | Mar | Apr | May | Jun | Jul | Aug | Sep | Oct | Nov | Dec |
2016: Jan | Feb | Mar | Apr | May | Jun | Jul | Aug | Sep | Oct | Nov | Dec |
2015: Jan | Feb | Mar | Apr | May | Jun | Jul | Aug | Sep | Oct | Nov | Dec |
2014: Jan | Feb | Mar | Apr | May | Jun | Jul | Aug | Sep | Oct | Nov | Dec |
2013: Jan | Feb | Mar | Apr | May | Jun | Jul | Aug | Sep | Oct | Nov | Dec |
2012: Jan | Feb | Mar | Apr | May | Jun | Jul | Aug | Sep | Oct | Nov | Dec |
2011: Jan | Feb | Mar | Apr | May | Jun | Jul | Aug | Sep | Oct | Nov | Dec |
2010: Jan | Feb | Mar | Apr | May | Jun | Jul | Aug | Sep | Oct | Nov | Dec |
2009: Jan | Feb | Mar | Apr | May | Jun | Jul | Aug | Sep | Oct | Nov | Dec |
2008: Jan | Feb | Mar | Apr | May | Jun | Jul | Aug | Sep | Oct | Nov | Dec |
2007: Jan | Feb | Mar | Apr | May | Jun | Jul | Aug | Sep | Oct | Nov | Dec |
2006: Jan | Feb | Mar | Apr | May | Jun | Jul | Aug | Sep | Oct | Nov | Dec |
2005: Jan | Feb | Mar | Apr | May | Jun | Jul | Aug | Sep | Oct | Nov | Dec |
2004: Jan | Feb | Mar | Apr | May | Jun | Jul | Aug | Sep | Oct | Nov | Dec |
2003: Jan | Feb | Mar | Apr | May | Jun | Jul | Aug | Sep | Oct | Nov | Dec |

Report for 2008 December
                   MONTHLY CLIMATOLOGICAL SUMMARY for DEC. 2008

NAME: Patrick Nijs   CITY: Heist-op-den-Berg   STATE: Belgium 
ELEV:    15 m  LAT: 51° 04' 15" N  LONG: 4° 42' 13" E

                   TEMPERATURE (°C), RAIN  (mm), WIND SPEED (km/hr)

                                      HEAT  COOL        AVG
    MEAN                              DEG   DEG         WIND                 DOM
DAY TEMP  HIGH   TIME   LOW    TIME   DAYS  DAYS  RAIN  SPEED HIGH   TIME    DIR
------------------------------------------------------------------------------------
 1   5.7   6.9   14:00   3.8    5:15  12.7   0.0   1.0   0.2   8.0   13:45     W
 2   5.2   6.2    0:45   4.4   23:15  13.1   0.0   3.0   3.5  35.4   20:45     W
 3   4.2   6.4   15:00   1.7   00:00  14.2   0.0   0.0   1.0  16.1    0:15   SSW
 4   4.2   7.8   21:30   1.2    0:45  14.1   0.0   3.0   4.2  29.0   11:45   SSE
 5   7.2   8.4   13:15   5.8   23:00  11.1   0.0   2.8   2.4  20.9    3:45     S
 6   6.6   9.9   15:00   4.8    9:00  11.2   0.0   1.8   2.6  17.7   14:45   WNW
 7   5.9   9.7   14:15   2.4   23:30  11.6   0.0   0.3   0.6  12.9    2:15     W
 8   1.3   2.9   14:30  -0.2   23:15  15.8   0.0   0.0   0.5  12.9   12:00   SSE
 9   3.1   5.4   16:15   1.2    0:15  14.6   0.0   2.8   1.9  16.1    9:45    NW
10   3.9   5.3   12:30   2.2    5:45  14.4   0.0   0.8   1.8  16.1    9:45   WNW
11   4.1   6.2   14:30   0.9   00:00  14.2   0.0   0.5   1.6  19.3    0:30   SSW
12   2.1   3.8   15:45   0.8   23:30  16.1   0.0   0.0   1.6  17.7   22:45   SSW
13   1.3   3.8   14:15  -0.6    7:45  17.1   0.0   0.3   5.3  32.2   15:00    SE
14   4.4   7.5   12:15   1.8   23:30  13.9   0.0   0.0   3.2  20.9    3:00   ENE
15   2.4   3.3   13:00   0.9    5:45  15.9   0.0   0.0   1.4  19.3    6:45   ENE
16   2.6   3.3   15:15   0.8   23:45  15.7   0.0   0.0   0.8  11.3    6:00   ENE
17   2.4   4.4   16:45   0.1    5:00  15.2   0.0   0.3   1.3  12.9    5:15   WNW
18   4.6   9.0   00:00   1.1    6:00  13.5   0.0   0.0   2.6  19.3   21:00   SSW
19   7.3   9.7    2:30   4.8   19:45  11.0   0.0   1.8   5.0  25.7   23:45    NW
20   9.4  11.8   12:30   7.0    1:45   8.9   0.0   7.1   5.6  33.8    9:45     W
21   9.7  10.8   13:30   8.1    0:15   8.7   0.0   0.8   4.7  27.4   20:30     W
22   9.3  10.9   12:45   4.2   00:00   9.0   0.0   0.0   3.5  22.5    2:00    NW
23   4.4   7.1   14:45   0.8    7:15  13.8   0.0   0.0   0.0   4.8   20:30   WSW
24   6.7   7.6   13:30   5.3   00:00  11.6   0.0   0.3   0.5  11.3   11:30    NW
25   3.9   5.9   15:00   1.2   23:45  14.3   0.0   0.0   1.6  19.3   20:45   ENE
26  -0.2   2.4   14:00  -1.9   23:45  17.5   0.0   0.0   4.0  25.7   10:45   ENE
27  -2.1   0.4   14:30  -3.9    8:30  20.4   0.0   0.0   3.7  22.5   15:15   ENE
28  -2.1   0.4   14:15  -3.3    5:15  20.1   0.0   0.0   4.7  22.5   10:30   ENE
29  -3.3   0.5   15:15  -6.2    7:15  21.6   0.0   0.0   0.6  11.3   11:15   ENE
30  -3.9   1.1   14:00  -7.9    9:00  22.2   0.0   0.0   0.2   9.7   14:45   ENE
31  -3.9   0.4   15:00  -6.9    5:30  22.2   0.0   0.0   0.3   8.0   21:15    NW
-------------------------------------------------------------------------------------
     3.4  11.8    20    -7.9    30   455.1   0.0  26.4   2.3  35.4     2     ENE

Max >=  32.0:  0
Max <=   0.0:  0
Min <=   0.0:  8
Min <= -18.0:  0
Max Rain: 7.11 ON 20/12/08
Days of Rain: 15 (> .2 mm) 5 (> 2 mm) 0 (> 20 mm)
Heat Base:  18.3  Cool Base:  18.3  Method: Integration
Benelux Weer Netwerk cwop awekas hwa wcloud pwsweather wow wow