Thunderstorms From: 14-05-2021 11:59 Until: 22:59 warning for: Thunderstorms Level: Yellow info button

NOAA-Style Climate Reports

Select a Year or Month report
2021: Jan | Feb | Mar | Apr | May | Jun | Jul | Aug | Sep | Oct | Nov | Dec |
2020: Jan | Feb | Mar | Apr | May | Jun | Jul | Aug | Sep | Oct | Nov | Dec |
2019: Jan | Feb | Mar | Apr | May | Jun | Jul | Aug | Sep | Oct | Nov | Dec |
2018: Jan | Feb | Mar | Apr | May | Jun | Jul | Aug | Sep | Oct | Nov | Dec |
2017: Jan | Feb | Mar | Apr | May | Jun | Jul | Aug | Sep | Oct | Nov | Dec |
2016: Jan | Feb | Mar | Apr | May | Jun | Jul | Aug | Sep | Oct | Nov | Dec |
2015: Jan | Feb | Mar | Apr | May | Jun | Jul | Aug | Sep | Oct | Nov | Dec |
2014: Jan | Feb | Mar | Apr | May | Jun | Jul | Aug | Sep | Oct | Nov | Dec |
2013: Jan | Feb | Mar | Apr | May | Jun | Jul | Aug | Sep | Oct | Nov | Dec |
2012: Jan | Feb | Mar | Apr | May | Jun | Jul | Aug | Sep | Oct | Nov | Dec |
2011: Jan | Feb | Mar | Apr | May | Jun | Jul | Aug | Sep | Oct | Nov | Dec |
2010: Jan | Feb | Mar | Apr | May | Jun | Jul | Aug | Sep | Oct | Nov | Dec |
2009: Jan | Feb | Mar | Apr | May | Jun | Jul | Aug | Sep | Oct | Nov | Dec |
2008: Jan | Feb | Mar | Apr | May | Jun | Jul | Aug | Sep | Oct | Nov | Dec |
2007: Jan | Feb | Mar | Apr | May | Jun | Jul | Aug | Sep | Oct | Nov | Dec |
2006: Jan | Feb | Mar | Apr | May | Jun | Jul | Aug | Sep | Oct | Nov | Dec |
2005: Jan | Feb | Mar | Apr | May | Jun | Jul | Aug | Sep | Oct | Nov | Dec |
2004: Jan | Feb | Mar | Apr | May | Jun | Jul | Aug | Sep | Oct | Nov | Dec |
2003: Jan | Feb | Mar | Apr | May | Jun | Jul | Aug | Sep | Oct | Nov | Dec |

Report for 2009 February
                   MONTHLY CLIMATOLOGICAL SUMMARY for FEB. 2009

NAME: Patrick Nijs   CITY: Heist-op-den-Berg   STATE: Belgium 
ELEV:    15 m  LAT: 51° 04' 15" N  LONG: 4° 42' 13" E

                   TEMPERATURE (°C), RAIN  (mm), WIND SPEED (km/hr)

                                      HEAT  COOL        AVG
    MEAN                              DEG   DEG         WIND                 DOM
DAY TEMP  HIGH   TIME   LOW    TIME   DAYS  DAYS  RAIN  SPEED HIGH   TIME    DIR
------------------------------------------------------------------------------------
 1  -0.8   1.0   13:45  -2.1    2:15  19.1   0.0   0.0   5.3  30.6   22:00   ENE
 2   1.1   3.9   18:15  -1.3    9:15  17.2   0.0   1.0   5.6  27.4    0:45   ENE
 3   1.8   3.8    5:00   0.2   20:30  16.5   0.0   1.8   0.6  11.3    8:15     W
 4   0.3   1.1   16:30  -0.2    6:00  18.0   0.0   1.0   0.0   9.7   18:45   SSE
 5   4.1   8.7   14:30   0.5    1:00  14.2   0.0   1.8   1.6  20.9   12:15     E
 6   5.5  10.4   13:30   1.8    4:00  12.8   0.0   0.3   1.4  20.9   13:45     S
 7   3.0   4.7   14:30   0.8   22:30  15.3   0.0   0.8   1.9  16.1   16:45    NW
 8   2.7   4.9   14:15   0.9    1:45  15.7   0.0   0.3   2.7  25.7   13:30     W
 9   3.4   6.1   14:15   1.8    3:45  14.9   0.0  12.7   4.3  27.4   19:00    SE
10   6.0  10.4    2:00   2.3   18:30  12.3   0.0  15.5   8.9  53.1   13:15    NW
11   2.9   5.8   15:30   0.7    5:15  15.3   0.0   2.3   4.7  27.4   18:45    NW
12   1.7   5.2   14:30  -0.7    7:45  16.7   0.0   0.5   2.3  22.5   12:30    NW
13   1.3   2.6   13:45   0.1   22:45  17.0   0.0   0.3   0.5  11.3   16:45    NW
14   0.6   5.2   15:15  -3.3   00:00  17.7   0.0   0.3   0.8  11.3   14:00    NW
15   0.3   4.4   14:15  -4.2    3:45  18.0   0.0   1.0   2.6  19.3   11:15   WSW
16   6.2   8.7   14:45   3.4    0:15  11.5   0.0   4.6   3.5  27.4   23:15    NW
17   5.8   7.3   15:15   1.0   00:00  12.5   0.0   5.3   5.6  30.6    1:15    NW
18   0.7   4.7   15:30  -2.4   22:45  17.1   0.0   0.0   0.6  11.3   12:45   ENE
19   1.8   4.4   23:30  -2.6    2:15  12.9   0.0   0.5   1.3  16.1   13:15     W
20   5.7   7.2   15:00   4.3    0:15   9.9   0.0   0.3   3.9  22.5   11:00    NW
21   5.2   8.6   16:15   0.5    7:45  12.0   0.0   0.0   1.0  19.3   23:15   SSW
22   6.6   8.3   15:45   5.7   23:45  11.7   0.0   1.0   4.5  20.9   14:30    NW
23   6.0   7.0   14:00   5.3   00:00  12.3   0.0   0.5   3.5  20.9   13:45    NW
24   4.5   5.4    0:15   3.4   23:45  13.8   0.0   0.3   0.2   8.0    1:30    NW
25   5.2   7.3   11:45   2.4    8:15  13.2   0.0   0.0   2.3  20.9   00:00   WSW
26   7.7   9.9   15:15   6.4    0:15  10.6   0.0   0.0   6.9  30.6   16:45   WNW
27   7.6   9.3   17:45   5.7    5:00  10.4   0.0   0.8   3.4  25.7    1:45     W
28   7.7  10.7   16:15   4.2   21:30  10.0   0.0   0.0   1.4  16.1    9:45   WSW
-------------------------------------------------------------------------------------
     3.7  10.7    28    -4.2    15   398.3   0.0  52.6   2.9  53.1    10      NW

Max >=  32.0:  0
Max <=   0.0:  0
Min <=   0.0:  8
Min <= -18.0:  0
Max Rain: 15.49 ON 10/02/09
Days of Rain: 22 (> .2 mm) 5 (> 2 mm) 0 (> 20 mm)
Heat Base:  18.3  Cool Base:  18.3  Method: Integration
Benelux Weer Netwerk cwop awekas hwa wcloud pwsweather wow wow