Thunderstorms From: 14-05-2021 11:59 Until: 22:59 warning for: Thunderstorms Level: Yellow info button

NOAA-Style Climate Reports

Select a Year or Month report
2021: Jan | Feb | Mar | Apr | May | Jun | Jul | Aug | Sep | Oct | Nov | Dec |
2020: Jan | Feb | Mar | Apr | May | Jun | Jul | Aug | Sep | Oct | Nov | Dec |
2019: Jan | Feb | Mar | Apr | May | Jun | Jul | Aug | Sep | Oct | Nov | Dec |
2018: Jan | Feb | Mar | Apr | May | Jun | Jul | Aug | Sep | Oct | Nov | Dec |
2017: Jan | Feb | Mar | Apr | May | Jun | Jul | Aug | Sep | Oct | Nov | Dec |
2016: Jan | Feb | Mar | Apr | May | Jun | Jul | Aug | Sep | Oct | Nov | Dec |
2015: Jan | Feb | Mar | Apr | May | Jun | Jul | Aug | Sep | Oct | Nov | Dec |
2014: Jan | Feb | Mar | Apr | May | Jun | Jul | Aug | Sep | Oct | Nov | Dec |
2013: Jan | Feb | Mar | Apr | May | Jun | Jul | Aug | Sep | Oct | Nov | Dec |
2012: Jan | Feb | Mar | Apr | May | Jun | Jul | Aug | Sep | Oct | Nov | Dec |
2011: Jan | Feb | Mar | Apr | May | Jun | Jul | Aug | Sep | Oct | Nov | Dec |
2010: Jan | Feb | Mar | Apr | May | Jun | Jul | Aug | Sep | Oct | Nov | Dec |
2009: Jan | Feb | Mar | Apr | May | Jun | Jul | Aug | Sep | Oct | Nov | Dec |
2008: Jan | Feb | Mar | Apr | May | Jun | Jul | Aug | Sep | Oct | Nov | Dec |
2007: Jan | Feb | Mar | Apr | May | Jun | Jul | Aug | Sep | Oct | Nov | Dec |
2006: Jan | Feb | Mar | Apr | May | Jun | Jul | Aug | Sep | Oct | Nov | Dec |
2005: Jan | Feb | Mar | Apr | May | Jun | Jul | Aug | Sep | Oct | Nov | Dec |
2004: Jan | Feb | Mar | Apr | May | Jun | Jul | Aug | Sep | Oct | Nov | Dec |
2003: Jan | Feb | Mar | Apr | May | Jun | Jul | Aug | Sep | Oct | Nov | Dec |

Report for 2009 March
                   MONTHLY CLIMATOLOGICAL SUMMARY for MAR. 2009

NAME: Patrick Nijs   CITY: Heist-op-den-Berg   STATE: Belgium 
ELEV:    15 m  LAT: 51° 04' 15" N  LONG: 4° 42' 13" E

                   TEMPERATURE (°C), RAIN  (mm), WIND SPEED (km/hr)

                                      HEAT  COOL        AVG
    MEAN                              DEG   DEG         WIND                 DOM
DAY TEMP  HIGH   TIME   LOW    TIME   DAYS  DAYS  RAIN  SPEED HIGH   TIME    DIR
------------------------------------------------------------------------------------
 1   8.3  13.6   15:45   3.1    8:15  10.0   0.0   0.0   1.9  22.5   22:30   ENE
 2   6.4   9.7   16:45   1.6   23:45  10.3   0.0   0.0   3.2  20.9    0:45    NW
 3   6.1   9.9   15:15   1.2    1:15  12.0   0.0   0.0   5.3  33.8    4:30   SSW
 4   6.3   7.8   16:00   3.6   00:00  12.0   0.0   0.3   6.4  35.4   11:15   SSE
 5   4.8   8.5   14:30   0.6    7:45  12.5   0.0   0.0   3.4  20.9   15:30   NNW
 6   5.3   8.2   14:45   1.9   00:00  12.9   0.0   0.0   7.9  32.2   12:30    NW
 7   5.4  10.4   14:15  -0.4    7:45  12.6   0.0   0.0   2.6  22.5   15:30   SSW
 8   8.8  12.5   14:30   4.9   00:00   9.5   0.0   1.8   8.5  41.8   20:30     W
 9   5.4   9.1   14:30   1.0    3:00  12.4   0.0   2.0   8.5  40.2   10:45     W
10   6.2   9.2   16:00   5.1    5:45  12.2   0.0   8.4   6.6  41.8   16:45   SSW
11   6.7  11.2   15:30   3.4    7:30  11.4   0.0   0.0   4.0  25.7   10:45    NW
12   8.2  11.1   15:30   4.3    0:15   9.5   0.0   2.8   5.8  27.4   12:30     W
13   9.7  13.4   15:30   6.4    6:30   8.4   0.0   0.0   1.6  17.7    0:30   WNW
14   9.5  13.2   11:45   7.5    5:45   8.8   0.0   0.5   3.2  29.0   12:45   SSE
15   9.2  12.3   14:30   5.8   00:00   9.1   0.0   0.0   5.0  32.2   14:15    NW
16   6.9  12.4   16:45   4.5   00:00   7.8   0.0   0.0   0.0   8.0   16:30   WNW
17   7.2  15.2   14:45   2.0    6:45   9.2   0.0   0.0   1.0  16.1   13:45   ENE
18   5.4  13.7   17:00   0.4    6:15   8.7   0.0   0.0   0.6  11.3   13:45   ENE
19   5.2  11.7   16:15   2.2    7:30   8.7   0.0   0.0   1.4  22.5   17:45   ENE
20   5.1  11.7   15:15  -0.1    7:15  10.3   0.0   0.0   0.8  20.9   15:00   ENE
21   5.4  12.6   15:30  -1.9    7:15  12.9   0.0   0.0   1.1  17.7   16:30    NW
22   7.8  12.1   13:45   1.3    2:30  10.5   0.0   0.0   4.3  30.6   16:15    NW
23   7.8  11.7   12:15   4.6   22:30  10.5   0.0   7.4   9.0  41.8   10:45   WNW
24   5.3   8.8   12:30   2.4    1:45  13.0   0.0   5.1   7.2  45.1   16:00    NW
25   5.9   8.9   12:15   2.6    6:30  12.4   0.0  13.7   7.9  43.5   12:45    NW
26   7.2   9.3   21:45   4.8    2:45  11.1   0.0   8.1   5.6  43.5   22:15   WSW
27   7.3  10.4   16:30   4.9   23:00  11.0   0.0   2.0   6.6  46.7   16:00     W
28   6.1  10.6   14:30   4.2   10:45  12.2   0.0  10.4   4.7  33.8   13:15     W
29   6.7  10.7   16:15   1.7   00:00  11.2   0.0   0.8   5.3  29.0   16:45    NW
30   5.2  12.1   17:00  -1.7    6:45  12.8   0.0   0.3   0.8  16.1   13:15    NW
31   7.1  15.1   16:45  -0.7    7:00   9.7   0.0   0.0   0.6  17.7   16:00   ENE
-------------------------------------------------------------------------------------
     6.7  15.2    17    -1.9    21   335.5   0.0  63.5   4.2  46.7    27      NW

Max >=  32.0:  0
Max <=   0.0:  0
Min <=   0.0:  5
Min <= -18.0:  0
Max Rain: 13.72 ON 25/03/09
Days of Rain: 14 (> .2 mm) 9 (> 2 mm) 0 (> 20 mm)
Heat Base:  18.3  Cool Base:  18.3  Method: Integration
Benelux Weer Netwerk cwop awekas hwa wcloud pwsweather wow wow