NOAA-Style Climate Reports

Select a Year or Month report
2021: Jan | Feb | Mar | Apr | May | Jun | Jul | Aug | Sep | Oct | Nov | Dec |
2020: Jan | Feb | Mar | Apr | May | Jun | Jul | Aug | Sep | Oct | Nov | Dec |
2019: Jan | Feb | Mar | Apr | May | Jun | Jul | Aug | Sep | Oct | Nov | Dec |
2018: Jan | Feb | Mar | Apr | May | Jun | Jul | Aug | Sep | Oct | Nov | Dec |
2017: Jan | Feb | Mar | Apr | May | Jun | Jul | Aug | Sep | Oct | Nov | Dec |
2016: Jan | Feb | Mar | Apr | May | Jun | Jul | Aug | Sep | Oct | Nov | Dec |
2015: Jan | Feb | Mar | Apr | May | Jun | Jul | Aug | Sep | Oct | Nov | Dec |
2014: Jan | Feb | Mar | Apr | May | Jun | Jul | Aug | Sep | Oct | Nov | Dec |
2013: Jan | Feb | Mar | Apr | May | Jun | Jul | Aug | Sep | Oct | Nov | Dec |
2012: Jan | Feb | Mar | Apr | May | Jun | Jul | Aug | Sep | Oct | Nov | Dec |
2011: Jan | Feb | Mar | Apr | May | Jun | Jul | Aug | Sep | Oct | Nov | Dec |
2010: Jan | Feb | Mar | Apr | May | Jun | Jul | Aug | Sep | Oct | Nov | Dec |
2009: Jan | Feb | Mar | Apr | May | Jun | Jul | Aug | Sep | Oct | Nov | Dec |
2008: Jan | Feb | Mar | Apr | May | Jun | Jul | Aug | Sep | Oct | Nov | Dec |
2007: Jan | Feb | Mar | Apr | May | Jun | Jul | Aug | Sep | Oct | Nov | Dec |
2006: Jan | Feb | Mar | Apr | May | Jun | Jul | Aug | Sep | Oct | Nov | Dec |
2005: Jan | Feb | Mar | Apr | May | Jun | Jul | Aug | Sep | Oct | Nov | Dec |
2004: Jan | Feb | Mar | Apr | May | Jun | Jul | Aug | Sep | Oct | Nov | Dec |
2003: Jan | Feb | Mar | Apr | May | Jun | Jul | Aug | Sep | Oct | Nov | Dec |

Report for 2009 April
                   MONTHLY CLIMATOLOGICAL SUMMARY for APR. 2009

NAME: Patrick Nijs   CITY: Heist-op-den-Berg   STATE: Belgium 
ELEV:    15 m  LAT: 51° 04' 15" N  LONG: 4° 42' 13" E

                   TEMPERATURE (°C), RAIN  (mm), WIND SPEED (km/hr)

                                      HEAT  COOL        AVG
    MEAN                              DEG   DEG         WIND                 DOM
DAY TEMP  HIGH   TIME   LOW    TIME   DAYS  DAYS  RAIN  SPEED HIGH   TIME    DIR
------------------------------------------------------------------------------------
 1  10.7  16.7   16:00   5.2    6:30   7.6   0.0   0.0   3.4  27.4   13:00   ENE
 2  12.9  19.8   16:45   6.6    7:30   5.6   0.2   0.0   3.1  20.9   14:00   ENE
 3  11.7  22.4   16:30   5.6    7:15   5.3   0.3   0.0   1.4  19.3   18:00    NW
 4  10.6  14.1   15:00   7.6    3:00   7.7   0.0   0.0   3.1  22.5   15:00     W
 5  12.8  17.9   17:00   8.9    8:30   5.5   0.0   0.0   0.8  12.9   17:15   WNW
 6  13.6  21.3   16:15   6.8    7:30   5.3   0.5   0.0   1.3  20.9   17:00     E
 7  11.3  12.8    9:45   9.7    4:15   7.0   0.0   0.5   1.9  22.5   10:15     W
 8  10.1  12.0   11:45   8.2    6:45   8.2   0.0   1.5   4.8  33.8    9:00   SSW
 9  13.7  18.5   18:45   8.8    0:45   4.7   0.0   0.0   1.9  20.9   12:30    SE
10  18.1  24.7   16:00  11.9    3:00   2.2   2.0   0.3   4.0  38.6   16:30    SE
11  16.8  22.1   13:15  13.7    7:15   1.9   0.5   0.8   1.4  22.5    5:00    SE
12  14.3  19.9   17:00  10.6   00:00   4.1   0.1   1.0   2.6  17.7   17:30    NW
13  12.7  19.1   16:30   8.3    7:00   5.7   0.1   0.0   2.7  19.3   13:00    NW
14  14.2  22.5   18:00   6.7    7:15   4.9   0.8   0.0   1.3  17.7   16:45   ENE
15  17.2  25.8   16:00  11.4    6:30   2.5   1.4   1.3   1.6  30.6   17:15   ENE
16  14.1  17.8   12:00  10.3    6:30   4.2   0.0   2.5   1.9  20.9   14:15     W
17  10.6  12.0    0:15   9.9   14:00   7.7   0.0   4.8   3.2  19.3   11:45   WNW
18  12.9  18.9   16:15  10.2    8:00   5.4   0.0   0.3   1.6  29.0   17:15   ENE
19  13.1  18.8   17:30   8.2    6:00   5.2   0.0   0.0   1.4  17.7   10:00   ENE
20  13.4  21.0   16:45   5.3    6:30   5.2   0.4   0.0   0.8  16.1   12:45    NW
21  13.3  21.1   15:30   6.6    7:00   5.4   0.3   0.0   2.4  25.7   19:15    NW
22  10.8  18.4   15:45   5.7    6:45   7.2   0.0   0.0   1.3  16.1   13:15    NW
23   9.9  17.1   17:15   2.1    6:30   8.2   0.0   0.0   0.8  17.7   16:00     E
24  13.1  19.6   17:15   6.6    6:45   5.4   0.2   0.0   2.3  20.9   11:00     E
25  13.1  17.6   11:45   7.6    6:15   5.2   0.0   0.0   3.4  29.0   13:30    SE
26  12.7  17.3   16:00  11.1    6:00   4.7   0.0   4.6   0.2  11.3   15:30   SSW
27  12.5  15.9   15:45   9.6    4:30   5.0   0.0   8.4   4.3  35.4   14:30   SSW
28  10.4  13.9   18:30   8.0   00:00   5.6   0.0   1.5   1.8  16.1    7:45    SE
29  11.2  18.3   17:45   3.8    6:45   6.9   0.0   1.3   0.5  12.9   18:00     E
30  11.4  17.8   19:45   6.6    6:00   4.1   0.0   0.0   0.2  11.3   22:30   ENE
-------------------------------------------------------------------------------------
    12.8  25.8    15     2.1    23   163.6   6.7  28.7   2.0  38.6    10     ENE

Max >=  32.0:  0
Max <=   0.0:  0
Min <=   0.0:  0
Min <= -18.0:  0
Max Rain: 8.38 ON 27/04/09
Days of Rain: 13 (> .2 mm) 4 (> 2 mm) 0 (> 20 mm)
Heat Base:  18.3  Cool Base:  18.3  Method: Integration
Benelux Weer Netwerk cwop awekas hwa wcloud pwsweather wow wow