-->

NOAA-Style Climate Reports

Select a Year or Month report
2021: Jan | Feb | Mar | Apr | May | Jun | Jul | Aug | Sep | Oct | Nov | Dec |
2020: Jan | Feb | Mar | Apr | May | Jun | Jul | Aug | Sep | Oct | Nov | Dec |
2019: Jan | Feb | Mar | Apr | May | Jun | Jul | Aug | Sep | Oct | Nov | Dec |
2018: Jan | Feb | Mar | Apr | May | Jun | Jul | Aug | Sep | Oct | Nov | Dec |
2017: Jan | Feb | Mar | Apr | May | Jun | Jul | Aug | Sep | Oct | Nov | Dec |
2016: Jan | Feb | Mar | Apr | May | Jun | Jul | Aug | Sep | Oct | Nov | Dec |
2015: Jan | Feb | Mar | Apr | May | Jun | Jul | Aug | Sep | Oct | Nov | Dec |
2014: Jan | Feb | Mar | Apr | May | Jun | Jul | Aug | Sep | Oct | Nov | Dec |
2013: Jan | Feb | Mar | Apr | May | Jun | Jul | Aug | Sep | Oct | Nov | Dec |
2012: Jan | Feb | Mar | Apr | May | Jun | Jul | Aug | Sep | Oct | Nov | Dec |
2011: Jan | Feb | Mar | Apr | May | Jun | Jul | Aug | Sep | Oct | Nov | Dec |
2010: Jan | Feb | Mar | Apr | May | Jun | Jul | Aug | Sep | Oct | Nov | Dec |
2009: Jan | Feb | Mar | Apr | May | Jun | Jul | Aug | Sep | Oct | Nov | Dec |
2008: Jan | Feb | Mar | Apr | May | Jun | Jul | Aug | Sep | Oct | Nov | Dec |
2007: Jan | Feb | Mar | Apr | May | Jun | Jul | Aug | Sep | Oct | Nov | Dec |
2006: Jan | Feb | Mar | Apr | May | Jun | Jul | Aug | Sep | Oct | Nov | Dec |
2005: Jan | Feb | Mar | Apr | May | Jun | Jul | Aug | Sep | Oct | Nov | Dec |
2004: Jan | Feb | Mar | Apr | May | Jun | Jul | Aug | Sep | Oct | Nov | Dec |
2003: Jan | Feb | Mar | Apr | May | Jun | Jul | Aug | Sep | Oct | Nov | Dec |

Report for 2009 May
                   MONTHLY CLIMATOLOGICAL SUMMARY for MAY. 2009

NAME: Patrick Nijs   CITY: Heist-op-den-Berg   STATE: Belgium 
ELEV:    15 m  LAT:  51° 04' 15" N  LONG:   4° 42' 13" E

                   TEMPERATURE (°C), RAIN  (mm), WIND SPEED (km/hr)

                                      HEAT  COOL        AVG
    MEAN                              DEG   DEG         WIND                 DOM
DAY TEMP  HIGH   TIME   LOW    TIME   DAYS  DAYS  RAIN  SPEED HIGH   TIME    DIR
------------------------------------------------------------------------------------
 1  15.1  22.0   16:45   9.2    3:00   3.6   0.6   0.0   1.3  16.1   16:15    NW
 2  12.7  17.8   15:15   7.5    6:30   5.6   0.0   0.0   1.9  20.9    7:30    NW
 3  11.3  14.9   16:30   8.2    4:30   6.6   0.0   0.5   2.9  27.4   17:00    NW
 4  10.1  14.9   16:30   3.6    6:45   6.7   0.0   0.0   2.4  25.7   16:45   WNW
 5  12.2  15.1   14:30   8.7    4:15   6.1   0.0   0.5   5.6  27.4   18:45     W
 6  13.1  16.4   18:00  11.4    6:00   4.8   0.0   0.0   6.6  30.6    1:45     W
 7  15.0  20.7   18:00  10.2    6:00   3.6   0.3   0.0   3.4  22.5   11:15   WSW
 8  13.6  17.7   14:30   9.0   00:00   4.7   0.0   0.3   5.1  40.2   16:30     W
 9  11.4  18.9   16:30   5.4    4:45   6.3   0.0   0.3   0.6  17.7   19:15     S
10  15.4  23.2   17:30   6.4    6:45   4.0   1.2   0.0   1.0  16.1   19:30   ENE
11  14.1  18.8   17:45  10.3    9:30   3.2   0.0   0.8   3.5  27.4   18:00   ENE
12  12.0  15.7   14:30   7.1    6:00   6.3   0.0   0.8   5.5  30.6   14:15   ENE
13  16.6  22.8   16:15  11.3    5:45   2.5   0.9   0.3   2.1  20.9   12:45   ENE
14  18.2  22.4   15:15  14.3   22:00   0.9   0.8  12.7   0.6  16.1   17:45   ENE
15  14.4  18.3   13:00   9.6   23:00   3.9   0.0   6.9   2.4  29.0   19:00   SSW
16  12.6  17.9   18:30   7.2    6:00   5.7   0.0   0.5   3.5  27.4   11:45   SSE
17  14.1  17.5   16:15  11.1    7:45   4.2   0.0   4.3   3.7  33.8   16:30    SE
18  14.4  18.9   17:30  10.1    5:45   3.9   0.0   0.0   3.7  30.6   18:15     S
19  15.5  21.3   15:45   9.7    5:15   3.3   0.5   1.3   1.9  20.9   12:30     W
20  16.1  22.7   16:15   8.3    5:45   3.4   1.2   0.0   0.3  16.1   15:00   ENE
21  16.1  20.5   14:15  11.1    6:45   2.7   0.5   0.0   2.1  19.3   13:30    NW
22  14.1  20.1   16:00   8.7    3:45   4.3   0.1   0.0   3.4  30.6   12:30    NW
23  15.6  23.9   16:30   7.2    5:30   3.4   1.0   0.8   1.3  22.5   11:15   ENE
24  21.4  26.9   17:00  14.0    8:00   0.5   2.9   0.0   0.8  16.1   14:15    NW
25  20.9  27.9   14:00  13.1    5:45   1.3   3.9   0.0   1.1  16.1   15:00   ENE
26  15.4  21.2    0:15  10.9   22:45   3.2   0.3  13.7   5.3  51.5    3:15     W
27  12.1  15.7   12:45   8.9    4:45   6.2   0.0   0.5   4.5  32.2   15:45   WSW
28  15.7  19.9   16:45  11.4    0:15   2.7   0.2   1.0   4.8  32.2   17:15    NW
29  17.4  22.7   16:00  12.1    6:00   2.0   1.1   0.0   2.1  20.9   20:00   ENE
30  17.9  23.7   15:00  11.2    6:00   2.0   1.7   0.0   3.4  29.0   13:45   ENE
31  18.6  24.2   16:45  11.9    5:45   1.6   1.9   0.0   2.1  22.5   12:30   ENE
-------------------------------------------------------------------------------------
    14.9  27.9    25     3.6     4   119.5  19.0  45.0   2.9  51.5    26     ENE

Max >=  32.0:  0
Max <=   0.0:  0
Min <=   0.0:  0
Min <= -18.0:  0
Max Rain: 13.72 ON 26/05/09
Days of Rain: 16 (> .2 mm) 4 (> 2 mm) 0 (> 20 mm)
Heat Base:  18.3  Cool Base:  18.3  Method: Integration
Benelux Weer Netwerk cwop awekas hwa wcloud pwsweather wow wow