NOAA-Style Climate Reports

Select a Year or Month report
2021: Jan | Feb | Mar | Apr | May | Jun | Jul | Aug | Sep | Oct | Nov | Dec |
2020: Jan | Feb | Mar | Apr | May | Jun | Jul | Aug | Sep | Oct | Nov | Dec |
2019: Jan | Feb | Mar | Apr | May | Jun | Jul | Aug | Sep | Oct | Nov | Dec |
2018: Jan | Feb | Mar | Apr | May | Jun | Jul | Aug | Sep | Oct | Nov | Dec |
2017: Jan | Feb | Mar | Apr | May | Jun | Jul | Aug | Sep | Oct | Nov | Dec |
2016: Jan | Feb | Mar | Apr | May | Jun | Jul | Aug | Sep | Oct | Nov | Dec |
2015: Jan | Feb | Mar | Apr | May | Jun | Jul | Aug | Sep | Oct | Nov | Dec |
2014: Jan | Feb | Mar | Apr | May | Jun | Jul | Aug | Sep | Oct | Nov | Dec |
2013: Jan | Feb | Mar | Apr | May | Jun | Jul | Aug | Sep | Oct | Nov | Dec |
2012: Jan | Feb | Mar | Apr | May | Jun | Jul | Aug | Sep | Oct | Nov | Dec |
2011: Jan | Feb | Mar | Apr | May | Jun | Jul | Aug | Sep | Oct | Nov | Dec |
2010: Jan | Feb | Mar | Apr | May | Jun | Jul | Aug | Sep | Oct | Nov | Dec |
2009: Jan | Feb | Mar | Apr | May | Jun | Jul | Aug | Sep | Oct | Nov | Dec |
2008: Jan | Feb | Mar | Apr | May | Jun | Jul | Aug | Sep | Oct | Nov | Dec |
2007: Jan | Feb | Mar | Apr | May | Jun | Jul | Aug | Sep | Oct | Nov | Dec |
2006: Jan | Feb | Mar | Apr | May | Jun | Jul | Aug | Sep | Oct | Nov | Dec |
2005: Jan | Feb | Mar | Apr | May | Jun | Jul | Aug | Sep | Oct | Nov | Dec |
2004: Jan | Feb | Mar | Apr | May | Jun | Jul | Aug | Sep | Oct | Nov | Dec |
2003: Jan | Feb | Mar | Apr | May | Jun | Jul | Aug | Sep | Oct | Nov | Dec |

Report for 2009 June
                   MONTHLY CLIMATOLOGICAL SUMMARY for JUN. 2009

NAME: Patrick Nijs   CITY: Heist-op-den-Berg   STATE: Belgium 
ELEV:    15 m  LAT:  51° 04' 15" N  LONG:   4° 42' 13" E

                   TEMPERATURE (°C), RAIN  (mm), WIND SPEED (km/hr)

                                      HEAT  COOL        AVG
    MEAN                              DEG   DEG         WIND                 DOM
DAY TEMP  HIGH   TIME   LOW    TIME   DAYS  DAYS  RAIN  SPEED HIGH   TIME    DIR
------------------------------------------------------------------------------------
 1  19.9  27.7   15:45  12.1    5:45   1.4   3.0   0.0   1.6  22.5   17:30   ENE
 2  17.5  25.5   16:15  10.1    6:00   2.7   1.9   0.0   2.3  22.5   16:30   NNW
 3  14.3  19.3   15:30  10.7    5:30   4.0   0.0   0.0   2.7  22.5   17:15    NW
 4  11.6  14.4   16:15   8.7    3:15   6.7   0.0   0.0   2.9  27.4   18:00    NW
 5  12.0  16.4   19:15   6.8    4:15   6.3   0.0   0.0   1.4  17.7   15:00   WNW
 6  12.4  17.6   15:00   6.8    5:45   5.8   0.0   0.0   3.1  25.7   11:30   ENE
 7  13.0  17.6   18:30   9.7    5:30   5.3   0.0   3.0   1.9  32.2   20:45   ENE
 8  14.6  19.3   15:30  10.4    6:30   3.8   0.1   0.8   1.6  19.3    5:00   SSW
 9  15.8  20.7   14:00  12.8   00:00   2.6   0.2   6.9   4.2  33.8   15:30     S
10  14.1  19.2   15:00  12.2    4:00   4.3   0.0   8.1   1.9  19.3   18:30   SSW
11  13.7  17.0   19:30  12.0    6:00   4.2   0.0  12.4   4.7  29.0   16:30    NW
12  16.6  20.2   18:15  10.4    6:45   1.5   0.3   0.0   2.7  22.5   13:15    NW
13  16.8  24.7   17:45   7.1    5:45   3.5   2.0   0.0   0.6  12.9   14:00   WNW
14  17.9  22.2   17:15  15.3    6:00   0.9   0.5   3.3   0.3  11.3   19:00     W
15  15.4  19.6   19:00  12.0    4:45   2.6   0.0   1.8   0.3  11.3   16:15     N
16  16.9  19.9   18:00  13.1   00:00   1.3   0.2   0.3   4.7  27.4   12:00    NW
17  20.1  25.0   16:15   8.9    5:45   1.2   2.6   0.0   1.9  25.7   15:15    SE
18  19.1  22.9   16:15  15.4    6:45   0.7   1.4   0.0   4.2  25.7    5:00   WNW
19  16.3  19.2   15:15  13.4    6:15   2.1   0.1   0.0   5.6  33.8   16:15    NW
20  15.4  18.8   15:00  13.2    6:00   2.8   0.0   0.0   4.0  25.7   13:30    NW
21  15.6  19.9   14:30  12.3   00:00   2.5   0.1   1.3   2.6  30.6   13:45   NNW
22  15.1  20.4   19:00   8.8    5:45   3.5   0.3   0.0   0.8  17.7   13:00   ENE
23  17.3  24.1   17:45  10.1    6:00   2.7   1.7   0.0   1.4  22.5   14:30   ENE
24  19.9  26.2   16:15  12.1    5:45   1.4   3.1   0.0   2.3  30.6   13:45   ENE
25  22.0  27.9   17:45  15.2    6:30   0.5   4.2   0.0   1.3  20.9   13:45   ENE
26  22.6  29.4   16:45  16.3    5:45   0.2   4.5   0.0   1.0  16.1   17:15   ENE
27  21.5  27.2   15:45  16.4    5:00   0.3   3.5   0.0   2.7  17.7   17:45    NW
28  21.2  27.3   17:45  16.7    6:15   0.4   3.3   0.0   0.6  12.9   17:00   NNW
29  22.4  29.4   18:15  15.6    6:30   0.5   4.6   0.0   1.0  16.1   19:00    NW
30  23.2  30.3   17:45  15.8    6:00   0.4   5.3   0.0   1.0  17.7   17:15    NW
-------------------------------------------------------------------------------------
    17.1  30.3    30     6.8     5    76.2  42.8  37.8   2.2  33.8     9      NW

Max >=  32.0:  0
Max <=   0.0:  0
Min <=   0.0:  0
Min <= -18.0:  0
Max Rain: 12.45 ON 11/06/09
Days of Rain: 9 (> .2 mm) 5 (> 2 mm) 0 (> 20 mm)
Heat Base:  18.3  Cool Base:  18.3  Method: Integration
Benelux Weer Netwerk cwop awekas hwa wcloud pwsweather wow wow