-->

NOAA-Style Climate Reports

Select a Year or Month report
2021: Jan | Feb | Mar | Apr | May | Jun | Jul | Aug | Sep | Oct | Nov | Dec |
2020: Jan | Feb | Mar | Apr | May | Jun | Jul | Aug | Sep | Oct | Nov | Dec |
2019: Jan | Feb | Mar | Apr | May | Jun | Jul | Aug | Sep | Oct | Nov | Dec |
2018: Jan | Feb | Mar | Apr | May | Jun | Jul | Aug | Sep | Oct | Nov | Dec |
2017: Jan | Feb | Mar | Apr | May | Jun | Jul | Aug | Sep | Oct | Nov | Dec |
2016: Jan | Feb | Mar | Apr | May | Jun | Jul | Aug | Sep | Oct | Nov | Dec |
2015: Jan | Feb | Mar | Apr | May | Jun | Jul | Aug | Sep | Oct | Nov | Dec |
2014: Jan | Feb | Mar | Apr | May | Jun | Jul | Aug | Sep | Oct | Nov | Dec |
2013: Jan | Feb | Mar | Apr | May | Jun | Jul | Aug | Sep | Oct | Nov | Dec |
2012: Jan | Feb | Mar | Apr | May | Jun | Jul | Aug | Sep | Oct | Nov | Dec |
2011: Jan | Feb | Mar | Apr | May | Jun | Jul | Aug | Sep | Oct | Nov | Dec |
2010: Jan | Feb | Mar | Apr | May | Jun | Jul | Aug | Sep | Oct | Nov | Dec |
2009: Jan | Feb | Mar | Apr | May | Jun | Jul | Aug | Sep | Oct | Nov | Dec |
2008: Jan | Feb | Mar | Apr | May | Jun | Jul | Aug | Sep | Oct | Nov | Dec |
2007: Jan | Feb | Mar | Apr | May | Jun | Jul | Aug | Sep | Oct | Nov | Dec |
2006: Jan | Feb | Mar | Apr | May | Jun | Jul | Aug | Sep | Oct | Nov | Dec |
2005: Jan | Feb | Mar | Apr | May | Jun | Jul | Aug | Sep | Oct | Nov | Dec |
2004: Jan | Feb | Mar | Apr | May | Jun | Jul | Aug | Sep | Oct | Nov | Dec |
2003: Jan | Feb | Mar | Apr | May | Jun | Jul | Aug | Sep | Oct | Nov | Dec |

Report for 2009 July
                   MONTHLY CLIMATOLOGICAL SUMMARY for JUL. 2009

NAME: Patrick Nijs   CITY: Heist-op-den-Berg   STATE: Belgium 
ELEV:    15 m  LAT:  51° 04' 15" N  LONG:   4° 42' 13" E

                   TEMPERATURE (°C), RAIN  (mm), WIND SPEED (km/hr)

                                      HEAT  COOL        AVG
    MEAN                              DEG   DEG         WIND                 DOM
DAY TEMP  HIGH   TIME   LOW    TIME   DAYS  DAYS  RAIN  SPEED HIGH   TIME    DIR
------------------------------------------------------------------------------------
 1  23.2  30.3   16:15  16.7    6:00   0.2   5.1   0.0   1.1  12.9   18:30    NW
 2  25.6  32.3   16:00  18.7    6:00   0.0   7.3   0.0   1.1  16.1    8:45   ENE
 3  23.7  27.3   11:45  19.5   00:00   0.0   5.4   0.0   3.9  29.0   15:30   ENE
 4  21.7  27.4   17:15  15.8    6:15   0.5   3.9   0.0   1.1  12.9   14:00    NW
 5  21.6  29.1   15:30  16.4    6:00   0.2   3.4  10.7   1.4  38.6   16:30    NW
 6  18.9  23.9   12:45  15.5    6:15   0.8   1.3   4.3   2.4  30.6   18:00    NW
 7  16.9  21.1   14:15  13.9   17:15   1.7   0.3   2.0   5.0  35.4   12:45   SSW
 8  15.4  17.5   17:45  13.5   00:00   2.7   0.0  14.7   4.7  29.0   14:00     W
 9  14.8  19.5   14:15  12.3    6:00   3.6   0.1  10.4   2.6  25.7   18:00    NW
10  14.9  18.9   17:30  11.8    2:30   3.4   0.0   0.3   4.2  32.2   13:00   WNW
11  16.2  20.2   14:45  13.0    2:45   2.2   0.2   0.5   3.2  27.4   13:30     W
12  18.6  23.6   17:15  15.2    2:00   1.2   1.5   4.3   3.4  32.2   16:45   SSE
13  18.8  24.6   17:30  12.1    6:00   1.7   2.2   0.0   0.8  16.1   10:45     S
14  22.9  26.7   16:30  16.2    6:15   0.1   3.6   0.0   1.6  20.9   14:45     S
15  21.2  25.4   17:00  16.7    6:15   0.2   2.9   0.0   4.0  29.0   13:15   SSW
16  23.6  28.1   17:30  15.7    6:45   0.1   4.2   0.0   1.0  17.7   14:15    SE
17  20.3  22.8   16:15  15.8   00:00   0.1   2.1   1.8   4.0  30.6   14:00     S
18  17.4  21.9   17:00  13.9    6:00   1.6   0.7   0.5   7.1  43.5   12:45     W
19  17.2  20.8   15:15  14.2    7:00   1.6   0.5  11.9   4.2  38.6   14:00     W
20  17.9  22.9   17:15  13.5    4:00   1.6   1.2   1.0   4.3  27.4   12:00   WNW
21  20.7  29.6   16:15  16.1    2:45   0.6   3.0  22.6   1.8  51.5   18:15    SE
22  21.5  27.8   17:30  15.8   00:00   0.1   3.3   6.3   2.4  20.9   11:00     W
23  17.7  22.0   17:15  14.8   11:30   1.3   0.6   7.6   1.4  19.3   11:15    NW
24  17.6  22.8   15:45  14.4    7:15   1.3   0.6   4.1   4.0  43.5   16:00     W
25  17.8  22.5   17:30  14.4    7:00   1.5   1.1   0.0   5.5  29.0   12:00    NW
26  19.0  25.7   17:00  11.7    6:00   2.0   2.8   0.0   1.3  20.9   16:45     S
27  19.0  27.3   12:45  13.7    6:15   1.2   1.9   1.0   3.2  30.6   18:15     W
28  17.6  24.1   18:30  12.8    6:30   1.8   1.2   0.0   2.3  19.3    9:45     W
29  21.5  26.8   17:00  15.1    4:15   0.6   3.3   2.0   2.1  22.5   14:15    SE
30  17.7  21.9   16:30  14.6   00:00   1.3   0.7   0.3   8.0  41.8   17:00    NW
31  16.3  23.3   17:15  10.4    6:15   2.5   0.9   0.0   0.5  11.3    0:45    SW
-------------------------------------------------------------------------------------
    19.3  32.3     2    10.4    31    37.8  65.2 106.4   3.0  51.5    21       W

Max >=  32.0:  1
Max <=   0.0:  0
Min <=   0.0:  0
Min <= -18.0:  0
Max Rain: 22.61 ON 21/07/09
Days of Rain: 19 (> .2 mm) 12 (> 2 mm) 1 (> 20 mm)
Heat Base:  18.3  Cool Base:  18.3  Method: Integration
Benelux Weer Netwerk cwop awekas hwa wcloud pwsweather wow wow