-->

NOAA-Style Climate Reports

Select a Year or Month report
2021: Jan | Feb | Mar | Apr | May | Jun | Jul | Aug | Sep | Oct | Nov | Dec |
2020: Jan | Feb | Mar | Apr | May | Jun | Jul | Aug | Sep | Oct | Nov | Dec |
2019: Jan | Feb | Mar | Apr | May | Jun | Jul | Aug | Sep | Oct | Nov | Dec |
2018: Jan | Feb | Mar | Apr | May | Jun | Jul | Aug | Sep | Oct | Nov | Dec |
2017: Jan | Feb | Mar | Apr | May | Jun | Jul | Aug | Sep | Oct | Nov | Dec |
2016: Jan | Feb | Mar | Apr | May | Jun | Jul | Aug | Sep | Oct | Nov | Dec |
2015: Jan | Feb | Mar | Apr | May | Jun | Jul | Aug | Sep | Oct | Nov | Dec |
2014: Jan | Feb | Mar | Apr | May | Jun | Jul | Aug | Sep | Oct | Nov | Dec |
2013: Jan | Feb | Mar | Apr | May | Jun | Jul | Aug | Sep | Oct | Nov | Dec |
2012: Jan | Feb | Mar | Apr | May | Jun | Jul | Aug | Sep | Oct | Nov | Dec |
2011: Jan | Feb | Mar | Apr | May | Jun | Jul | Aug | Sep | Oct | Nov | Dec |
2010: Jan | Feb | Mar | Apr | May | Jun | Jul | Aug | Sep | Oct | Nov | Dec |
2009: Jan | Feb | Mar | Apr | May | Jun | Jul | Aug | Sep | Oct | Nov | Dec |
2008: Jan | Feb | Mar | Apr | May | Jun | Jul | Aug | Sep | Oct | Nov | Dec |
2007: Jan | Feb | Mar | Apr | May | Jun | Jul | Aug | Sep | Oct | Nov | Dec |
2006: Jan | Feb | Mar | Apr | May | Jun | Jul | Aug | Sep | Oct | Nov | Dec |
2005: Jan | Feb | Mar | Apr | May | Jun | Jul | Aug | Sep | Oct | Nov | Dec |
2004: Jan | Feb | Mar | Apr | May | Jun | Jul | Aug | Sep | Oct | Nov | Dec |
2003: Jan | Feb | Mar | Apr | May | Jun | Jul | Aug | Sep | Oct | Nov | Dec |

Report for 2009 August
                   MONTHLY CLIMATOLOGICAL SUMMARY for AUG. 2009

NAME: Patrick Nijs   CITY: Heist-op-den-Berg   STATE: Belgium 
ELEV:    15 m  LAT:  51° 04' 15" N  LONG:   4° 42' 13" E

                   TEMPERATURE (°C), RAIN  (mm), WIND SPEED (km/hr)

                                      HEAT  COOL        AVG
    MEAN                              DEG   DEG         WIND                 DOM
DAY TEMP  HIGH   TIME   LOW    TIME   DAYS  DAYS  RAIN  SPEED HIGH   TIME    DIR
------------------------------------------------------------------------------------
 1  20.8  27.7   15:45  12.9    4:00   1.5   3.9   0.0   1.4  19.3   13:30   SSE
 2  17.2  19.8   16:45  13.4   23:45   1.3   0.2  13.0   1.4  19.3   12:45    NW
 3  16.7  23.3   18:15  10.7    6:00   2.7   1.2   0.0   1.8  19.3   15:15    NW
 4  18.1  26.9   17:45  10.9    5:45   2.2   2.1   0.0   1.1  16.1   11:00    SE
 5  22.6  29.4   16:30  14.5    6:30   0.7   5.0   0.0   0.8  19.3   13:15   ENE
 6  24.0  31.1   17:30  16.6    6:30   0.2   5.2   0.0   0.8  19.3   14:30   ENE
 7  22.0  27.3   13:45  18.2    7:00   0.0   3.6   0.0   3.2  25.7   15:00    NW
 8  20.5  26.1   15:45  16.8    6:45   0.2   2.3   0.0   1.4  22.5   14:00    NW
 9  19.8  24.8   16:00  13.1    6:45   0.7   1.8   0.0   0.5  11.3   14:15    NW
10  19.6  27.1   17:45  12.6    6:45   1.5   2.9   0.0   1.4  19.3   16:15   WNW
11  19.2  23.6   15:30  16.3    2:30   0.6   1.4   1.5   3.7  22.5   16:30    NW
12  18.5  23.7   15:30  14.4    3:30   1.1   1.3   5.1   2.6  25.7   15:15     W
13  18.2  22.6   16:45  14.0   00:00   0.7   0.7   3.6   0.8  16.1   18:45    NW
14  17.7  24.1   16:30  10.9    6:15   2.4   1.8   0.0   0.5  16.1   14:45   SSW
15  21.8  29.6   18:15  13.7    7:00   1.2   4.8   0.0   1.9  22.5   15:00   SSW
16  19.9  25.6   17:30  16.6    6:45   0.4   2.1   0.0   2.3  19.3    4:45   WNW
17  18.0  24.1   16:15  13.9    5:45   1.6   1.3   0.0   2.4  20.9   17:45    NW
18  19.6  27.3   16:30  11.6    6:45   2.0   3.2   0.0   0.6  16.1   12:30     S
19  23.3  33.0   17:30  13.3    6:45   1.1   6.1   0.0   0.3  12.9   14:45    SE
20  25.2  35.1   14:45  17.5   00:00   0.0   6.9   4.8   3.4  35.4   17:45    SE
21  18.4  22.4   16:30  14.7    7:30   1.0   1.1   0.0   3.2  27.4   12:00     W
22  17.7  24.4   17:45  11.2    6:45   2.3   1.7   0.0   1.3  19.3   15:15   WNW
23  20.3  28.1   17:00  12.2    7:00   1.7   3.6   0.0   1.6  25.7   15:00    SE
24  21.1  29.7   15:30  13.6    5:45   1.2   4.0   0.5   1.3  22.5   14:15     S
25  18.3  21.0   19:15  14.3   00:00   0.7   0.7   6.6   1.4  19.3   17:30   WSW
26  18.7  25.3   16:45  12.0    6:30   2.0   2.4   0.0   2.3  30.6   14:45     S
27  20.2  25.4   19:15  15.4    7:15   0.7   2.6   0.0   1.6  17.7   12:45     S
28  18.4  22.1   16:00  14.8   00:00   0.6   0.8   0.0   6.9  40.2   15:30     W
29  15.6  20.4   15:15  11.9    2:15   3.1   0.4   1.0   4.8  32.2   14:30    NW
30  15.5  21.6   17:45  10.4    6:45   3.4   0.6   0.0   2.3  25.7   12:00     S
31  20.1  27.8   16:45  12.2    7:15   1.9   3.7   0.0   1.9  20.9   16:15   SSE
-------------------------------------------------------------------------------------
    19.6  35.1    20    10.4    30    40.9  79.5  36.1   2.0  40.2    28      NW

Max >=  32.0:  2
Max <=   0.0:  0
Min <=   0.0:  0
Min <= -18.0:  0
Max Rain: 12.95 ON 02/08/09
Days of Rain: 8 (> .2 mm) 5 (> 2 mm) 0 (> 20 mm)
Heat Base:  18.3  Cool Base:  18.3  Method: Integration
Benelux Weer Netwerk cwop awekas hwa wcloud pwsweather wow wow