-->

NOAA-Style Climate Reports

Select a Year or Month report
2021: Jan | Feb | Mar | Apr | May | Jun | Jul | Aug | Sep | Oct | Nov | Dec |
2020: Jan | Feb | Mar | Apr | May | Jun | Jul | Aug | Sep | Oct | Nov | Dec |
2019: Jan | Feb | Mar | Apr | May | Jun | Jul | Aug | Sep | Oct | Nov | Dec |
2018: Jan | Feb | Mar | Apr | May | Jun | Jul | Aug | Sep | Oct | Nov | Dec |
2017: Jan | Feb | Mar | Apr | May | Jun | Jul | Aug | Sep | Oct | Nov | Dec |
2016: Jan | Feb | Mar | Apr | May | Jun | Jul | Aug | Sep | Oct | Nov | Dec |
2015: Jan | Feb | Mar | Apr | May | Jun | Jul | Aug | Sep | Oct | Nov | Dec |
2014: Jan | Feb | Mar | Apr | May | Jun | Jul | Aug | Sep | Oct | Nov | Dec |
2013: Jan | Feb | Mar | Apr | May | Jun | Jul | Aug | Sep | Oct | Nov | Dec |
2012: Jan | Feb | Mar | Apr | May | Jun | Jul | Aug | Sep | Oct | Nov | Dec |
2011: Jan | Feb | Mar | Apr | May | Jun | Jul | Aug | Sep | Oct | Nov | Dec |
2010: Jan | Feb | Mar | Apr | May | Jun | Jul | Aug | Sep | Oct | Nov | Dec |
2009: Jan | Feb | Mar | Apr | May | Jun | Jul | Aug | Sep | Oct | Nov | Dec |
2008: Jan | Feb | Mar | Apr | May | Jun | Jul | Aug | Sep | Oct | Nov | Dec |
2007: Jan | Feb | Mar | Apr | May | Jun | Jul | Aug | Sep | Oct | Nov | Dec |
2006: Jan | Feb | Mar | Apr | May | Jun | Jul | Aug | Sep | Oct | Nov | Dec |
2005: Jan | Feb | Mar | Apr | May | Jun | Jul | Aug | Sep | Oct | Nov | Dec |
2004: Jan | Feb | Mar | Apr | May | Jun | Jul | Aug | Sep | Oct | Nov | Dec |
2003: Jan | Feb | Mar | Apr | May | Jun | Jul | Aug | Sep | Oct | Nov | Dec |

Report for 2009 September
                   MONTHLY CLIMATOLOGICAL SUMMARY for SEP. 2009

NAME: Patrick Nijs   CITY: Heist-op-den-Berg   STATE: Belgium 
ELEV:    15 m  LAT:  51° 04' 15" N  LONG:   4° 42' 13" E

                   TEMPERATURE (°C), RAIN  (mm), WIND SPEED (km/hr)

                                      HEAT  COOL        AVG
    MEAN                              DEG   DEG         WIND                 DOM
DAY TEMP  HIGH   TIME   LOW    TIME   DAYS  DAYS  RAIN  SPEED HIGH   TIME    DIR
------------------------------------------------------------------------------------
 1  18.2  21.8    9:30  14.6   00:00   0.7   0.6   2.5   1.9  20.9    9:15    SE
 2  16.7  20.6   15:15  12.4    5:00   2.1   0.5   0.3   2.9  27.4   22:45   SSW
 3  16.4  19.5   14:15  13.7   23:30   2.0   0.1   5.6   9.0  48.3   15:45     W
 4  14.1  17.3   17:15  12.1    6:45   4.2   0.0   2.3   6.0  33.8   17:00   WSW
 5  15.1  18.9   17:00  11.4   23:30   2.9   0.0   0.5   5.8  32.2   12:45     W
 6  15.1  19.9   16:45  11.2    4:30   3.3   0.2   0.0   2.1  22.5   12:45   SSW
 7  18.0  26.6   17:30  11.7    4:15   2.7   2.4   0.0   1.0  17.7   13:00   SSW
 8  20.3  30.1   18:00  11.9    7:30   2.0   4.0   0.0   0.6  19.3   16:45    SE
 9  17.8  22.6   11:15  13.9    7:15   1.4   0.9   0.0   0.6  17.7   17:45    NW
10  16.6  20.7   16:15  12.9   23:45   2.2   0.5   0.0   0.8  20.9   16:00   ENE
11  15.2  20.6   15:30  10.2    6:30   3.4   0.2   0.0   1.1  22.5   12:15   ENE
12  15.8  21.3   16:15  11.8    8:00   3.0   0.5   0.0   1.0  19.3   12:45   ENE
13  13.7  18.3   14:45   9.4    3:15   4.5   0.0   0.5   1.4  22.5   18:30   NNW
14  14.3  19.5   16:30  11.4    4:15   4.0   0.0   7.1   1.4  22.5   19:00   ENE
15  14.9  18.9   16:45  12.3    8:30   3.4   0.0   2.3   1.1  17.7   15:45   ENE
16  16.6  18.9   13:00  14.9    5:00   1.7   0.0   0.0   2.1  27.4   16:45   ENE
17  15.2  20.1   16:30  11.4    6:45   3.3   0.2   0.0   2.9  25.7   11:45   ENE
18  15.8  23.4   16:15   9.2    7:30   3.4   1.2   0.0   1.0  19.3   17:00   ENE
19  19.9  26.4   16:45  14.3    8:00   1.0   2.5   0.0   0.3  11.3   15:15   WSW
20  17.3  23.2   17:45  13.5    7:00   1.9   0.9   0.0   0.3   9.7   11:45   WNW
21  15.8  22.2   16:00  10.9    7:30   3.3   0.8   0.0   0.0   4.8    2:30   WNW
22  15.8  23.1   17:30  10.1    7:15   3.5   1.0   0.0   2.1  22.5   12:00     W
23  15.8  20.1   13:15  11.9    6:30   2.7   0.2   1.0   1.4  17.7   11:45     W
24  16.4  21.3   16:15  10.6   00:00   2.2   0.3   2.3   1.0  16.1   14:45   NNW
25  13.1  20.5   16:00   6.6    7:30   5.4   0.2   0.0   0.2   8.0   14:45   NNE
26  13.2  21.3   16:15   6.1    7:45   5.6   0.5   0.0   0.0   0.0     ---   ---
27  13.8  22.1   16:45   6.6    7:30   5.2   0.7   0.0   0.0   0.0     ---   ---
28  14.1  19.1   13:45   8.5    6:00   3.8   0.1   0.0   1.6  19.3   15:00   WNW
29  15.7  18.2   15:15  13.3    1:30   2.6   0.0   0.0   3.1  22.5   16:00   WNW
30  16.5  20.8   13:45  13.7   00:00   2.0   0.3   0.0   1.4  17.7   17:45    NW
-------------------------------------------------------------------------------------
    15.9  30.1     8     6.1    26    89.3  18.7  24.4   1.8  48.3     3     ENE

Max >=  32.0:  0
Max <=   0.0:  0
Min <=   0.0:  0
Min <= -18.0:  0
Max Rain: 7.11 ON 14/09/09
Days of Rain: 10 (> .2 mm) 6 (> 2 mm) 0 (> 20 mm)
Heat Base:  18.3  Cool Base:  18.3  Method: Integration
Benelux Weer Netwerk cwop awekas hwa wcloud pwsweather wow wow