-->

NOAA-Style Climate Reports

Select a Year or Month report
2021: Jan | Feb | Mar | Apr | May | Jun | Jul | Aug | Sep | Oct | Nov | Dec |
2020: Jan | Feb | Mar | Apr | May | Jun | Jul | Aug | Sep | Oct | Nov | Dec |
2019: Jan | Feb | Mar | Apr | May | Jun | Jul | Aug | Sep | Oct | Nov | Dec |
2018: Jan | Feb | Mar | Apr | May | Jun | Jul | Aug | Sep | Oct | Nov | Dec |
2017: Jan | Feb | Mar | Apr | May | Jun | Jul | Aug | Sep | Oct | Nov | Dec |
2016: Jan | Feb | Mar | Apr | May | Jun | Jul | Aug | Sep | Oct | Nov | Dec |
2015: Jan | Feb | Mar | Apr | May | Jun | Jul | Aug | Sep | Oct | Nov | Dec |
2014: Jan | Feb | Mar | Apr | May | Jun | Jul | Aug | Sep | Oct | Nov | Dec |
2013: Jan | Feb | Mar | Apr | May | Jun | Jul | Aug | Sep | Oct | Nov | Dec |
2012: Jan | Feb | Mar | Apr | May | Jun | Jul | Aug | Sep | Oct | Nov | Dec |
2011: Jan | Feb | Mar | Apr | May | Jun | Jul | Aug | Sep | Oct | Nov | Dec |
2010: Jan | Feb | Mar | Apr | May | Jun | Jul | Aug | Sep | Oct | Nov | Dec |
2009: Jan | Feb | Mar | Apr | May | Jun | Jul | Aug | Sep | Oct | Nov | Dec |
2008: Jan | Feb | Mar | Apr | May | Jun | Jul | Aug | Sep | Oct | Nov | Dec |
2007: Jan | Feb | Mar | Apr | May | Jun | Jul | Aug | Sep | Oct | Nov | Dec |
2006: Jan | Feb | Mar | Apr | May | Jun | Jul | Aug | Sep | Oct | Nov | Dec |
2005: Jan | Feb | Mar | Apr | May | Jun | Jul | Aug | Sep | Oct | Nov | Dec |
2004: Jan | Feb | Mar | Apr | May | Jun | Jul | Aug | Sep | Oct | Nov | Dec |
2003: Jan | Feb | Mar | Apr | May | Jun | Jul | Aug | Sep | Oct | Nov | Dec |

Report for 2009 October
                   MONTHLY CLIMATOLOGICAL SUMMARY for OCT. 2009

NAME: Patrick Nijs   CITY: Heist-op-den-Berg   STATE: Belgium 
ELEV:    15 m  LAT:  51° 04' 15" N  LONG:   4° 42' 13" E

                   TEMPERATURE (°C), RAIN  (mm), WIND SPEED (km/hr)

                                      HEAT  COOL        AVG
    MEAN                              DEG   DEG         WIND                 DOM
DAY TEMP  HIGH   TIME   LOW    TIME   DAYS  DAYS  RAIN  SPEED HIGH   TIME    DIR
------------------------------------------------------------------------------------
 1  13.9  18.2   12:45   8.2   00:00   4.3   0.0   0.3   2.9  22.5   14:30    NW
 2  10.7  15.6   16:00   7.0    2:45   7.6   0.0   0.0   2.4  22.5   11:30    NW
 3  12.4  15.3   13:15   8.1    2:15   5.9   0.0   0.0   6.0  38.6   16:00   WSW
 4  13.3  16.6   13:15   9.9   23:00   4.9   0.0   1.0   4.7  38.6    3:45     W
 5  12.3  14.1   12:15  10.2    0:15   6.0   0.0   8.1   1.0  22.5   16:15    SE
 6  15.4  19.2   21:30  12.8    0:15   3.0   0.2   6.6   1.0  19.3   18:15   SSE
 7  19.1  21.6   10:45  16.4   21:00   0.3   1.1  12.4   2.6  25.7   13:15   SSW
 8  13.8  17.5   15:30   9.1   00:00   4.5   0.0   7.4   1.0  19.3    3:00   NNW
 9  11.9  17.3   16:00   6.8    8:00   6.4   0.0  10.4   1.6  22.5   13:15   ENE
10  14.1  16.9   14:15  11.7    0:15   4.2   0.0  10.2   3.9  32.2   15:00     W
11  13.1  15.6   12:45  10.3    4:15   5.2   0.0   2.5   3.5  30.6   13:00     W
12  12.0  16.1   15:00   9.2   22:30   6.3   0.0   0.5   2.9  30.6    2:30    NW
13  10.1  15.1   13:45   5.8   23:30   8.2   0.0   0.0   0.6  16.1   15:45   NNW
14   5.8  11.4   15:00   0.9    8:15  12.5   0.0   0.0   0.6  19.3   13:30   ENE
15   5.6  13.1   16:15  -0.2    8:15  12.8   0.0   0.0   0.6  20.9   14:45   ENE
16   9.3  14.1   15:00   3.6    1:30   9.0   0.0   1.3   3.9  29.0   13:15   NNW
17   7.9  14.9   15:30   3.2   00:00  10.4   0.0   1.3   1.0  19.3   14:45   NNW
18   6.3  12.7   14:30  -0.1    8:15  12.0   0.0   0.3   0.5  11.3   13:30   WNW
19   8.6  12.3   15:30   5.7   23:45   9.8   0.0   0.0   1.3  17.7   13:45    SE
20   8.2  14.5   17:00   2.7    4:45  10.1   0.0   0.0   2.4  29.0   14:15    SE
21  13.1  18.5   15:45   9.2    7:00   5.3   0.0   2.0   2.3  22.5   15:30    SE
22  10.7  14.1   16:15   6.6   00:00   7.6   0.0   1.3   0.6  16.1   11:45     E
23   9.5  15.4   16:00   5.1    2:45   8.8   0.0   0.3   0.6  16.1   13:45   SSE
24  11.1  15.3   23:15   6.3    4:45   7.2   0.0   2.8   2.9  20.9   14:30    SE
25  13.2  16.6   14:30  10.6    7:30   5.1   0.0   0.0   3.4  27.4   13:30   SSW
26  12.9  14.9   12:15  11.3    5:45   5.4   0.0   0.0   4.2  27.4    9:45     W
27  12.7  17.1   13:30   8.3   00:00   5.6   0.0   0.0   0.5  16.1   12:30     S
28  11.0  16.9   13:45   7.1    7:45   7.3   0.0   0.0   0.6  12.9   14:45    SE
29  13.3  17.4   13:15  10.9   00:00   4.9   0.0   0.0   0.0   8.0   12:30    SE
30  10.8  15.5   14:45   8.5   00:00   7.4   0.0   0.3   0.5  12.9   11:00   ENE
31  10.9  14.2   15:15   7.5    6:45   7.4   0.0   0.0   1.0  19.3   10:45   SSE
-------------------------------------------------------------------------------------
    11.4  21.6     7    -0.2    15   215.5   1.3  68.8   2.0  38.6     3      SE

Max >=  32.0:  0
Max <=   0.0:  0
Min <=   0.0:  2
Min <= -18.0:  0
Max Rain: 12.45 ON 07/10/09
Days of Rain: 18 (> .2 mm) 9 (> 2 mm) 0 (> 20 mm)
Heat Base:  18.3  Cool Base:  18.3  Method: Integration
Benelux Weer Netwerk cwop awekas hwa wcloud pwsweather wow wow