NOAA-Style Climate Reports

Select a Year or Month report
2021: Jan | Feb | Mar | Apr | May | Jun | Jul | Aug | Sep | Oct | Nov | Dec |
2020: Jan | Feb | Mar | Apr | May | Jun | Jul | Aug | Sep | Oct | Nov | Dec |
2019: Jan | Feb | Mar | Apr | May | Jun | Jul | Aug | Sep | Oct | Nov | Dec |
2018: Jan | Feb | Mar | Apr | May | Jun | Jul | Aug | Sep | Oct | Nov | Dec |
2017: Jan | Feb | Mar | Apr | May | Jun | Jul | Aug | Sep | Oct | Nov | Dec |
2016: Jan | Feb | Mar | Apr | May | Jun | Jul | Aug | Sep | Oct | Nov | Dec |
2015: Jan | Feb | Mar | Apr | May | Jun | Jul | Aug | Sep | Oct | Nov | Dec |
2014: Jan | Feb | Mar | Apr | May | Jun | Jul | Aug | Sep | Oct | Nov | Dec |
2013: Jan | Feb | Mar | Apr | May | Jun | Jul | Aug | Sep | Oct | Nov | Dec |
2012: Jan | Feb | Mar | Apr | May | Jun | Jul | Aug | Sep | Oct | Nov | Dec |
2011: Jan | Feb | Mar | Apr | May | Jun | Jul | Aug | Sep | Oct | Nov | Dec |
2010: Jan | Feb | Mar | Apr | May | Jun | Jul | Aug | Sep | Oct | Nov | Dec |
2009: Jan | Feb | Mar | Apr | May | Jun | Jul | Aug | Sep | Oct | Nov | Dec |
2008: Jan | Feb | Mar | Apr | May | Jun | Jul | Aug | Sep | Oct | Nov | Dec |
2007: Jan | Feb | Mar | Apr | May | Jun | Jul | Aug | Sep | Oct | Nov | Dec |
2006: Jan | Feb | Mar | Apr | May | Jun | Jul | Aug | Sep | Oct | Nov | Dec |
2005: Jan | Feb | Mar | Apr | May | Jun | Jul | Aug | Sep | Oct | Nov | Dec |
2004: Jan | Feb | Mar | Apr | May | Jun | Jul | Aug | Sep | Oct | Nov | Dec |
2003: Jan | Feb | Mar | Apr | May | Jun | Jul | Aug | Sep | Oct | Nov | Dec |

Report for 2009 November
                   MONTHLY CLIMATOLOGICAL SUMMARY for NOV. 2009

NAME: Patrick Nijs   CITY: Heist-op-den-Berg   STATE: Belgium 
ELEV:    15 m  LAT:  51° 04' 15" N  LONG:   4° 42' 13" E

                   TEMPERATURE (°C), RAIN  (mm), WIND SPEED (km/hr)

                                      HEAT  COOL        AVG
    MEAN                              DEG   DEG         WIND                 DOM
DAY TEMP  HIGH   TIME   LOW    TIME   DAYS  DAYS  RAIN  SPEED HIGH   TIME    DIR
------------------------------------------------------------------------------------
 1  13.8  16.1   20:30  11.1    7:15   4.5   0.0  11.7   4.2  33.8   13:15   SSE
 2  10.1  13.3    0:15   5.3   00:00   8.2   0.0   0.5   2.3  27.4   13:45   WSW
 3   7.9  11.4   21:15   4.3    5:00  10.4   0.0   7.1   4.2  32.2   12:30   SSE
 4   8.8  11.4   13:30   7.3   21:30   9.3   0.0   2.3   4.0  30.6   12:00     W
 5   8.6  10.4   14:15   7.4   21:00   9.7   0.0   3.6   3.9  33.8   10:15     S
 6   8.7  10.8   14:15   6.6    5:00   9.6   0.0   1.3   2.9  27.4   23:15    SE
 7   8.0  10.9   10:45   3.8   23:45  10.3   0.0   3.8   2.9  32.2    1:45    SE
 8   5.6  10.9   14:00   2.0    8:15  12.8   0.0   0.3   0.6  16.1   11:00    SE
 9   6.9   9.1   14:15   4.9    0:15  11.4   0.0   0.3   0.6  17.7   13:45   NNW
10   7.3   9.7   12:15   5.4   22:15  11.0   0.0   0.3   0.8  16.1   18:00    NW
11   7.1   9.4   14:15   3.1   00:00  11.2   0.0   0.3   1.8  25.7   20:30     S
12   8.3  11.8   15:15   2.5    2:15  10.0   0.0   0.8   2.9  22.5   23:45    SE
13  14.4  17.8   15:00  11.1    0:15   3.9   0.0   0.8   6.3  33.8   13:15     S
14  13.9  15.6    9:30  11.6   11:15   4.4   0.0   0.5   8.9  40.2   20:00   SSE
15  10.9  13.0   14:00   8.1   23:15   7.4   0.0   0.5   3.2  38.6    0:15     S
16  11.7  16.4   14:15   7.9    1:30   6.7   0.0   0.3   3.4  35.4   16:15   ESE
17  11.1  12.7   13:00   9.1   21:30   7.2   0.0   0.5   2.7  20.9   19:00     S
18  11.5  13.4   21:45   9.3    2:45   6.8   0.0   0.3   8.5  48.3   13:15   SSW
19  11.3  14.7   14:30   9.0    8:30   7.0   0.0   0.3   4.8  27.4   10:00   SSW
20  13.2  16.4   14:15   9.7    5:00   5.2   0.0   0.3   3.1  30.6   14:15    SE
21  14.1  17.9   14:45  10.8    8:00   4.2   0.0   0.0   2.7  22.5   19:00     S
22  12.1  14.8    0:30   8.3   17:45   6.2   0.0   0.5   7.7  41.8   17:15   SSW
23  10.9  13.2   19:45   8.4    5:00   7.4   0.0   1.5  11.7  46.7   14:30   WSW
24  11.9  14.2   13:00   8.9    6:45   6.4   0.0   2.3   7.1  35.4   12:15     W
25  11.8  13.3    0:15   9.7   21:30   6.5   0.0   0.8   8.7  49.9    7:45   SSW
26   9.1  11.2   14:15   5.8   19:00   9.2   0.0   0.3   8.2  45.1   10:45   SSW
27   7.8   8.9    5:30   6.4   13:15  10.5   0.0   0.0   6.6  40.2    7:30   WSW
28   8.8  10.7   13:45   6.9    5:45   9.4   0.0   0.3   7.4  45.1   14:00   WSW
29   9.9  11.2   13:45   8.0   00:00   8.4   0.0   0.0   6.6  41.8    1:30     S
30   6.3   8.4   12:00   3.7    9:15  12.0   0.0   0.0   1.3  16.1   11:45    SE
-------------------------------------------------------------------------------------
    10.1  17.9    21     2.0     8   247.3   0.0  40.9   4.7  49.9    25     SSW

Max >=  32.0:  0
Max <=   0.0:  0
Min <=   0.0:  0
Min <= -18.0:  0
Max Rain: 11.68 ON 01/11/09
Days of Rain: 26 (> .2 mm) 6 (> 2 mm) 0 (> 20 mm)
Heat Base:  18.3  Cool Base:  18.3  Method: Integration
Benelux Weer Netwerk cwop awekas hwa wcloud pwsweather wow wow