NOAA-Style Climate Reports

Select a Year or Month report
2021: Jan | Feb | Mar | Apr | May | Jun | Jul | Aug | Sep | Oct | Nov | Dec |
2020: Jan | Feb | Mar | Apr | May | Jun | Jul | Aug | Sep | Oct | Nov | Dec |
2019: Jan | Feb | Mar | Apr | May | Jun | Jul | Aug | Sep | Oct | Nov | Dec |
2018: Jan | Feb | Mar | Apr | May | Jun | Jul | Aug | Sep | Oct | Nov | Dec |
2017: Jan | Feb | Mar | Apr | May | Jun | Jul | Aug | Sep | Oct | Nov | Dec |
2016: Jan | Feb | Mar | Apr | May | Jun | Jul | Aug | Sep | Oct | Nov | Dec |
2015: Jan | Feb | Mar | Apr | May | Jun | Jul | Aug | Sep | Oct | Nov | Dec |
2014: Jan | Feb | Mar | Apr | May | Jun | Jul | Aug | Sep | Oct | Nov | Dec |
2013: Jan | Feb | Mar | Apr | May | Jun | Jul | Aug | Sep | Oct | Nov | Dec |
2012: Jan | Feb | Mar | Apr | May | Jun | Jul | Aug | Sep | Oct | Nov | Dec |
2011: Jan | Feb | Mar | Apr | May | Jun | Jul | Aug | Sep | Oct | Nov | Dec |
2010: Jan | Feb | Mar | Apr | May | Jun | Jul | Aug | Sep | Oct | Nov | Dec |
2009: Jan | Feb | Mar | Apr | May | Jun | Jul | Aug | Sep | Oct | Nov | Dec |
2008: Jan | Feb | Mar | Apr | May | Jun | Jul | Aug | Sep | Oct | Nov | Dec |
2007: Jan | Feb | Mar | Apr | May | Jun | Jul | Aug | Sep | Oct | Nov | Dec |
2006: Jan | Feb | Mar | Apr | May | Jun | Jul | Aug | Sep | Oct | Nov | Dec |
2005: Jan | Feb | Mar | Apr | May | Jun | Jul | Aug | Sep | Oct | Nov | Dec |
2004: Jan | Feb | Mar | Apr | May | Jun | Jul | Aug | Sep | Oct | Nov | Dec |
2003: Jan | Feb | Mar | Apr | May | Jun | Jul | Aug | Sep | Oct | Nov | Dec |

Report for 2009 December
                   MONTHLY CLIMATOLOGICAL SUMMARY for DEC. 2009

NAME: Patrick Nijs   CITY: Heist-op-den-Berg   STATE: Belgium 
ELEV:    15 m  LAT:  51° 04' 15" N  LONG:   4° 42' 13" E

                   TEMPERATURE (°C), RAIN  (mm), WIND SPEED (km/hr)

                                      HEAT  COOL        AVG
    MEAN                              DEG   DEG         WIND                 DOM
DAY TEMP  HIGH   TIME   LOW    TIME   DAYS  DAYS  RAIN  SPEED HIGH   TIME    DIR
------------------------------------------------------------------------------------
 1   4.6   7.8   15:15   1.1   22:00  13.7   0.0   0.0   0.2   9.7    7:00    NE
 2   4.9   7.4   00:00   1.4    1:45  13.4   0.0   0.3   4.2  30.6   10:30   SSE
 3   8.6  10.9   12:30   5.1   22:45   9.7   0.0   0.0   4.3  30.6   11:00   SSE
 4   4.4   6.2   18:45   2.2    2:45  13.9   0.0   0.0   3.2  30.6    2:00   SSW
 5   7.7  10.8   00:00   4.6    0:15  10.6   0.0   9.7   3.7  29.0    6:15   SSE
 6  11.1  13.3   12:15   8.2   23:45   7.2   0.0   1.5   5.5  35.4   12:15     S
 7   7.8   9.9   13:00   5.3    5:30  10.5   0.0   0.8   3.5  29.0   14:30   SSE
 8   7.1   9.1    1:15   5.5   22:00  11.2   0.0   4.3   2.9  30.6    7:45   WSW
 9   8.1  10.4   00:00   4.6    2:30  10.2   0.0   1.5   2.7  17.7   11:30   SSE
10  10.2  11.6    3:00   8.4   21:30   8.1   0.0   7.1   7.4  35.4   12:00    NW
11   7.4   8.9   11:45   3.2   22:00  10.9   0.0   0.5   1.8  19.3   10:45   NNW
12   3.8   5.5   12:30   1.5   21:30  14.5   0.0   0.0   0.8  20.9   12:15   ENE
13   1.6   3.3   13:15  -0.4   00:00  16.7   0.0   0.0   1.0  27.4   12:00     E
14  -1.8   1.1   14:00  -4.3   00:00  20.1   0.0   0.0   0.8  12.9   13:15   ENE
15  -3.3   1.3   14:30  -6.5    8:15  21.6   0.0   0.0   0.3  11.3   13:30   ENE
16  -3.6  -0.6   16:00  -7.4    5:45  21.9   0.0   0.0   0.3  16.1   14:00     S
17  -1.0   0.2   11:15  -3.6    0:15  19.3   0.0   0.0   1.3  12.9    8:30   SSW
18  -3.8  -2.0    0:15  -6.1   22:45  22.1   0.0   1.0   0.0   0.0     ---   ---
19  -8.4  -3.9    1:15 -12.3    8:45  26.7   0.0   0.0   1.0  16.1    4:00   SSE
20  -2.7   0.9   15:45  -6.7    1:45  21.0   0.0   0.3   5.5  27.4    5:45   SSW
21  -1.4   1.3   17:00  -5.3    9:30  19.7   0.0   0.0   2.9  19.3    2:30    SE
22   1.1   2.6   14:00   0.3    5:00  17.2   0.0   3.3   1.3  30.6   15:15   ENE
23   0.4   3.1   15:00  -2.2   23:30  17.8   0.0   2.5   2.1  20.9   12:15    SE
24   0.3   3.9   13:45  -2.9    8:15  18.0   0.0   4.1   0.6  11.3   13:30    SE
25   2.8   4.3   13:45   0.7    6:15  15.5   0.0  10.7   6.1  33.8    9:45     W
26   4.0   9.2   13:30   1.8    6:15  14.4   0.0   0.0   3.2  20.9   15:00   SSW
27   4.4   6.0   18:30   2.6    1:15  13.9   0.0   0.4   4.7  32.2   19:15   SSE
28   3.4   5.7   14:15   0.4   21:30  14.9   0.0   0.2   2.3  24.1    0:15     W
29   0.9   2.7   23:30  -0.8    4:30  17.4   0.0  13.2   1.4  12.9   10:30   ENE
30   5.2   9.2    4:45   1.3   23:45  13.1   0.0   8.6   0.5  11.3    4:15   ENE
31   0.2   1.3    0:15  -0.3   23:15  18.1   0.0   0.6   0.8  11.3    1:45   ENE
-------------------------------------------------------------------------------------
     2.7  13.3     6   -12.3    19   483.6   0.0  70.5   2.5  35.4     6     ENE

Max >=  32.0:  0
Max <=   0.0:  3
Min <=   0.0: 13
Min <= -18.0:  0
Max Rain: 13.21 ON 29/12/09
Days of Rain: 19 (> .2 mm) 9 (> 2 mm) 0 (> 20 mm)
Heat Base:  18.3  Cool Base:  18.3  Method: Integration
Benelux Weer Netwerk cwop awekas hwa wcloud pwsweather wow wow