NOAA-Style Climate Reports

Select a Year or Month report
2021: Jan | Feb | Mar | Apr | May | Jun | Jul | Aug | Sep | Oct | Nov | Dec |
2020: Jan | Feb | Mar | Apr | May | Jun | Jul | Aug | Sep | Oct | Nov | Dec |
2019: Jan | Feb | Mar | Apr | May | Jun | Jul | Aug | Sep | Oct | Nov | Dec |
2018: Jan | Feb | Mar | Apr | May | Jun | Jul | Aug | Sep | Oct | Nov | Dec |
2017: Jan | Feb | Mar | Apr | May | Jun | Jul | Aug | Sep | Oct | Nov | Dec |
2016: Jan | Feb | Mar | Apr | May | Jun | Jul | Aug | Sep | Oct | Nov | Dec |
2015: Jan | Feb | Mar | Apr | May | Jun | Jul | Aug | Sep | Oct | Nov | Dec |
2014: Jan | Feb | Mar | Apr | May | Jun | Jul | Aug | Sep | Oct | Nov | Dec |
2013: Jan | Feb | Mar | Apr | May | Jun | Jul | Aug | Sep | Oct | Nov | Dec |
2012: Jan | Feb | Mar | Apr | May | Jun | Jul | Aug | Sep | Oct | Nov | Dec |
2011: Jan | Feb | Mar | Apr | May | Jun | Jul | Aug | Sep | Oct | Nov | Dec |
2010: Jan | Feb | Mar | Apr | May | Jun | Jul | Aug | Sep | Oct | Nov | Dec |
2009: Jan | Feb | Mar | Apr | May | Jun | Jul | Aug | Sep | Oct | Nov | Dec |
2008: Jan | Feb | Mar | Apr | May | Jun | Jul | Aug | Sep | Oct | Nov | Dec |
2007: Jan | Feb | Mar | Apr | May | Jun | Jul | Aug | Sep | Oct | Nov | Dec |
2006: Jan | Feb | Mar | Apr | May | Jun | Jul | Aug | Sep | Oct | Nov | Dec |
2005: Jan | Feb | Mar | Apr | May | Jun | Jul | Aug | Sep | Oct | Nov | Dec |
2004: Jan | Feb | Mar | Apr | May | Jun | Jul | Aug | Sep | Oct | Nov | Dec |
2003: Jan | Feb | Mar | Apr | May | Jun | Jul | Aug | Sep | Oct | Nov | Dec |

Report for 2010 February
                   MONTHLY CLIMATOLOGICAL SUMMARY for FEB. 2010

NAME: Patrick Nijs   CITY: Heist-op-den-Berg   STATE: Belgium 
ELEV:    15 m  LAT:  51° 04' 15" N  LONG:   4° 42' 13" E

                   TEMPERATURE (°C), RAIN  (mm), WIND SPEED (km/hr)

                                      HEAT  COOL        AVG
    MEAN                              DEG   DEG         WIND                 DOM
DAY TEMP  HIGH   TIME   LOW    TIME   DAYS  DAYS  RAIN  SPEED HIGH   TIME    DIR
------------------------------------------------------------------------------------
 1   1.1   2.6   14:15   0.1    8:15  17.2   0.0   2.6   5.5  29.0   16:30   WNW
 2   2.8   7.0   22:45  -0.8    3:30  15.5   0.0   9.8   6.4  29.0   12:15   WSW
 3   3.2   5.4   15:30   1.7    8:30  15.2   0.0   1.6   2.3  16.1   12:45     W
 4   6.6   9.2   15:45   3.6   00:00  11.7   0.0   0.2   2.4  14.5    3:45   SSE
 5   4.8   7.9   16:15   2.8    4:15  13.5   0.0   2.2   1.4  12.9   16:00    SE
 6   3.1   4.3   13:45   1.3    8:00  15.2   0.0   0.6   0.8  11.3    9:00   SSE
 7   2.2   3.7    0:15   1.3    6:15  16.1   0.0   0.0   0.6   8.0    2:15   ENE
 8   0.5   2.3   12:45  -2.4   23:30  17.8   0.0   1.0   3.5  19.3   16:00     E
 9  -3.0  -2.2   23:30  -4.1    9:15  21.3   0.0   0.0   2.6  17.7    3:30     E
10  -3.1  -1.4   14:00  -5.0    8:15  21.4   0.0   0.8   1.6  16.1   20:45     E
11  -2.7  -0.8   13:15  -4.9   00:00  21.0   0.0   0.2   2.7  22.5    9:00   NNW
12  -3.4   0.8   16:00  -6.9    6:45  21.7   0.0   0.2   1.3  17.7    3:30   ENE
13  -2.3  -1.3   16:30  -3.4    3:45  20.6   0.0   0.0   1.0  20.9    6:45    NW
14  -2.4  -0.1   14:30  -4.9    5:30  20.7   0.0   0.0   1.4  11.3   12:15   WNW
15  -2.8  -0.7   14:15  -4.1    3:15  21.1   0.0   0.0   0.8  11.3   21:15    SE
16  -0.3   3.6   15:15  -3.1    3:30  18.6   0.0   0.2   3.9  24.1   16:30   SSE
17  -0.3   3.4   13:45  -4.2    8:15  18.6   0.0   0.6   1.0   9.7   13:15     E
18   4.2   7.8   15:15   1.7    0:15  14.1   0.0   0.0   3.4  29.0   21:45   SSE
19   4.1   6.0    0:15   1.2   00:00  14.3   0.0   0.0   5.3  35.4   13:30     W
20   2.0   5.9   16:30  -0.7    7:15  16.3   0.0   0.0   2.7  22.5   10:45    SW
21   3.2   6.3   14:30   0.5    5:15  15.1   0.0   0.0   2.7  30.6   15:15   SSE
22   6.6  11.2   15:30   1.2    2:00  11.7   0.0   9.2   5.5  38.6   15:45    SE
23   3.4   8.3    0:15   2.3    6:45  14.8   0.0   4.6   3.4  20.9    0:45     E
24   7.6  10.4   17:30   3.4    0:15  10.7   0.0   1.0   3.4  27.4   23:00   SSE
25   9.3  11.3   15:00   8.0    6:30   9.0   0.0   7.2   6.3  32.2    3:45   SSE
26   7.9   9.9    1:00   5.4   00:00  10.4   0.0   6.8   7.4  45.1   16:45     W
27   8.1  12.5   16:00   4.3    5:30  10.2   0.0   2.0   4.7  24.1    4:00   SSW
28   6.8  11.4   10:15   3.9   16:30  11.5   0.0  23.6   9.3  61.2   15:45     W
-------------------------------------------------------------------------------------
     2.4  12.5    27    -6.9    12   445.6   0.0  74.4   3.3  61.2    28     SSE

Max >=  32.0:  0
Max <=   0.0:  6
Min <=   0.0: 12
Min <= -18.0:  0
Max Rain: 23.60 ON 28/02/10
Days of Rain: 19 (> .2 mm) 9 (> 2 mm) 1 (> 20 mm)
Heat Base:  18.3  Cool Base:  18.3  Method: Integration
Benelux Weer Netwerk cwop awekas hwa wcloud pwsweather wow wow