-->

NOAA-Style Climate Reports

Select a Year or Month report
2021: Jan | Feb | Mar | Apr | May | Jun | Jul | Aug | Sep | Oct | Nov | Dec |
2020: Jan | Feb | Mar | Apr | May | Jun | Jul | Aug | Sep | Oct | Nov | Dec |
2019: Jan | Feb | Mar | Apr | May | Jun | Jul | Aug | Sep | Oct | Nov | Dec |
2018: Jan | Feb | Mar | Apr | May | Jun | Jul | Aug | Sep | Oct | Nov | Dec |
2017: Jan | Feb | Mar | Apr | May | Jun | Jul | Aug | Sep | Oct | Nov | Dec |
2016: Jan | Feb | Mar | Apr | May | Jun | Jul | Aug | Sep | Oct | Nov | Dec |
2015: Jan | Feb | Mar | Apr | May | Jun | Jul | Aug | Sep | Oct | Nov | Dec |
2014: Jan | Feb | Mar | Apr | May | Jun | Jul | Aug | Sep | Oct | Nov | Dec |
2013: Jan | Feb | Mar | Apr | May | Jun | Jul | Aug | Sep | Oct | Nov | Dec |
2012: Jan | Feb | Mar | Apr | May | Jun | Jul | Aug | Sep | Oct | Nov | Dec |
2011: Jan | Feb | Mar | Apr | May | Jun | Jul | Aug | Sep | Oct | Nov | Dec |
2010: Jan | Feb | Mar | Apr | May | Jun | Jul | Aug | Sep | Oct | Nov | Dec |
2009: Jan | Feb | Mar | Apr | May | Jun | Jul | Aug | Sep | Oct | Nov | Dec |
2008: Jan | Feb | Mar | Apr | May | Jun | Jul | Aug | Sep | Oct | Nov | Dec |
2007: Jan | Feb | Mar | Apr | May | Jun | Jul | Aug | Sep | Oct | Nov | Dec |
2006: Jan | Feb | Mar | Apr | May | Jun | Jul | Aug | Sep | Oct | Nov | Dec |
2005: Jan | Feb | Mar | Apr | May | Jun | Jul | Aug | Sep | Oct | Nov | Dec |
2004: Jan | Feb | Mar | Apr | May | Jun | Jul | Aug | Sep | Oct | Nov | Dec |
2003: Jan | Feb | Mar | Apr | May | Jun | Jul | Aug | Sep | Oct | Nov | Dec |

Report for 2010 March
                   MONTHLY CLIMATOLOGICAL SUMMARY for MAR. 2010

NAME: Patrick Nijs   CITY: Heist-op-den-Berg   STATE: Belgium 
ELEV:    15 m  LAT:  51° 04' 15" N  LONG:   4° 42' 13" E

                   TEMPERATURE (°C), RAIN  (mm), WIND SPEED (km/hr)

                                      HEAT  COOL        AVG
    MEAN                              DEG   DEG         WIND                 DOM
DAY TEMP  HIGH   TIME   LOW    TIME   DAYS  DAYS  RAIN  SPEED HIGH   TIME    DIR
------------------------------------------------------------------------------------
 1   4.1   6.7   14:45  -0.8   00:00  14.3   0.0   0.4   4.5  27.4    1:00     W
 2   2.4   9.2   15:00  -2.7    7:15  15.9   0.0   0.2   2.3  20.9   13:30   WNW
 3   2.1   7.1   13:45  -3.6    7:00  16.2   0.0   0.0   3.2  29.0   13:30     E
 4   2.4   7.6   15:45  -1.4    7:45  15.9   0.0   0.0   1.9  22.5   11:30   ENE
 5   1.1   5.2   14:00  -3.7    6:15  17.2   0.0   4.2   4.0  27.4   17:45   WNW
 6   1.9   4.4    1:00  -2.1   00:00  16.4   0.0   2.4   5.0  25.7    6:15     E
 7  -0.4   3.8   16:15  -4.4    6:30  18.7   0.0   0.0   3.9  29.0   15:30     E
 8  -1.3   1.2   17:30  -4.6    7:45  19.6   0.0   0.0   1.3  16.1   19:45   ENE
 9   0.3   5.5   16:00  -3.8    7:15  18.0   0.0   0.2   2.9  29.0   11:45     E
10   2.0   8.2   15:30  -2.4    6:00  16.3   0.0   0.0   3.9  30.6   13:00     E
11   1.1   4.7   17:15  -2.3    5:00  17.2   0.0   0.0   1.6  17.7   15:15     E
12   4.2   6.9   15:45   1.3    0:15  14.1   0.0   0.0   1.8  12.9   11:30   WNW
13   5.1   7.2   14:15   3.5    7:00  13.2   0.0   0.0   4.2  22.5   17:30    NW
14   5.7   7.9   14:15   4.4    3:45  12.6   0.0   1.0   5.8  24.1   11:45   WNW
15   7.2  11.1   15:45   3.6    7:30  11.1   0.0   0.4   6.3  32.2   18:00   WNW
16   7.1  10.4   15:45   5.1   00:00  11.2   0.0   0.8   2.4  16.1    3:30   WNW
17   8.6  14.7   14:15   2.9    4:45   9.7   0.0   0.0   2.4  22.5   11:15     S
18  11.9  18.8   14:15   3.8    5:30   6.4   0.0   0.0   3.1  27.4   12:30   SSE
19  14.3  16.6   14:30  12.3   23:00   4.0   0.0   1.0   4.2  27.4   11:15   WSW
20  14.7  17.4   13:30  12.2    1:30   3.6   0.0   2.0   6.3  32.2   12:45   SSW
21   9.3  15.1    0:15   7.1   11:15   9.0   0.0  14.2   4.0  27.4    1:45     W
22   9.8  14.4   16:30   5.6    7:15   8.5   0.0   0.0   1.8  19.3   12:15     S
23  10.9  14.4   17:00   8.3    0:45   7.4   0.0   0.0   1.1  11.3    4:30    SE
24  13.1  19.6   15:00   7.3    7:00   5.4   0.2   0.0   2.4  22.5   11:30    SE
25  14.3  20.3   15:00  10.2    5:00   4.2   0.2   4.2   3.5  24.1    9:30   SSE
26  11.2  14.8   17:00   9.5   00:00   7.1   0.0   0.2   3.7  22.5   17:15   SSE
27  10.2  14.3   16:00   6.4    7:15   8.1   0.0   0.0   4.5  20.9   16:45     W
28  10.0  12.4   18:30   7.6    7:30   8.0   0.0   4.2   5.3  27.4    3:15   WSW
29  11.1  15.4   17:15   7.6    8:30   7.3   0.0  13.0   2.1  19.3   11:30   SSE
30  10.4  13.1   19:15   5.3   23:45   7.9   0.0   7.8   4.7  38.6   19:45   SSE
31   6.7  10.0   12:45   4.6   23:30  11.6   0.0   2.2   8.4  51.5   14:15     S
-------------------------------------------------------------------------------------
     6.8  20.3    25    -4.6     8   356.1   0.4  58.4   3.6  51.5    31     WNW

Max >=  32.0:  0
Max <=   0.0:  0
Min <=   0.0: 11
Min <= -18.0:  0
Max Rain: 14.20 ON 21/03/10
Days of Rain: 17 (> .2 mm) 9 (> 2 mm) 0 (> 20 mm)
Heat Base:  18.3  Cool Base:  18.3  Method: Integration
Benelux Weer Netwerk cwop awekas hwa wcloud pwsweather wow wow