Thunderstorms From: 14-05-2021 10:59 Until: 22:59 warning for: Thunderstorms Level: Yellow info button

NOAA-Style Climate Reports

Select a Year or Month report
2021: Jan | Feb | Mar | Apr | May | Jun | Jul | Aug | Sep | Oct | Nov | Dec |
2020: Jan | Feb | Mar | Apr | May | Jun | Jul | Aug | Sep | Oct | Nov | Dec |
2019: Jan | Feb | Mar | Apr | May | Jun | Jul | Aug | Sep | Oct | Nov | Dec |
2018: Jan | Feb | Mar | Apr | May | Jun | Jul | Aug | Sep | Oct | Nov | Dec |
2017: Jan | Feb | Mar | Apr | May | Jun | Jul | Aug | Sep | Oct | Nov | Dec |
2016: Jan | Feb | Mar | Apr | May | Jun | Jul | Aug | Sep | Oct | Nov | Dec |
2015: Jan | Feb | Mar | Apr | May | Jun | Jul | Aug | Sep | Oct | Nov | Dec |
2014: Jan | Feb | Mar | Apr | May | Jun | Jul | Aug | Sep | Oct | Nov | Dec |
2013: Jan | Feb | Mar | Apr | May | Jun | Jul | Aug | Sep | Oct | Nov | Dec |
2012: Jan | Feb | Mar | Apr | May | Jun | Jul | Aug | Sep | Oct | Nov | Dec |
2011: Jan | Feb | Mar | Apr | May | Jun | Jul | Aug | Sep | Oct | Nov | Dec |
2010: Jan | Feb | Mar | Apr | May | Jun | Jul | Aug | Sep | Oct | Nov | Dec |
2009: Jan | Feb | Mar | Apr | May | Jun | Jul | Aug | Sep | Oct | Nov | Dec |
2008: Jan | Feb | Mar | Apr | May | Jun | Jul | Aug | Sep | Oct | Nov | Dec |
2007: Jan | Feb | Mar | Apr | May | Jun | Jul | Aug | Sep | Oct | Nov | Dec |
2006: Jan | Feb | Mar | Apr | May | Jun | Jul | Aug | Sep | Oct | Nov | Dec |
2005: Jan | Feb | Mar | Apr | May | Jun | Jul | Aug | Sep | Oct | Nov | Dec |
2004: Jan | Feb | Mar | Apr | May | Jun | Jul | Aug | Sep | Oct | Nov | Dec |
2003: Jan | Feb | Mar | Apr | May | Jun | Jul | Aug | Sep | Oct | Nov | Dec |

Report for 2010 April
                   MONTHLY CLIMATOLOGICAL SUMMARY for APR. 2010

NAME: Patrick Nijs   CITY: Heist-op-den-Berg   STATE: Belgium 
ELEV:    15 m  LAT:  51° 04' 15" N  LONG:   4° 42' 13" E

                   TEMPERATURE (°C), RAIN  (mm), WIND SPEED (km/hr)

                                      HEAT  COOL        AVG
    MEAN                              DEG   DEG         WIND                 DOM
DAY TEMP  HIGH   TIME   LOW    TIME   DAYS  DAYS  RAIN  SPEED HIGH   TIME    DIR
------------------------------------------------------------------------------------
 1   5.7  10.4   17:30   2.7    1:45  12.6   0.0   1.4   6.9  35.4   16:15     W
 2   7.3  13.3   14:45   2.6    2:15  11.0   0.0   0.8   6.1  35.4   17:30   SSE
 3   7.9  11.5   14:45   5.6    8:00  10.3   0.0   3.6   4.3  24.1   15:00   SSE
 4   8.1  11.1   14:45   6.3    7:30  10.2   0.0   2.0   5.8  32.2   16:15   SSE
 5   7.8  11.9   16:30   2.7    7:30  10.5   0.0   0.0   3.4  22.5   13:45   WSW
 6  11.8  18.5   17:30   4.4    7:30   6.5   0.0   0.0   3.2  24.1   15:45   SSE
 7  13.0  18.6   14:15   6.5    7:00   5.3   0.0   0.0   1.4  17.7   19:30    SE
 8   9.8  14.3   18:45   6.2   00:00   8.5   0.0   2.6   2.7  16.1   18:00    NW
 9   9.3  17.5   16:15   1.8    6:15   9.0   0.0   0.0   1.8  17.7   15:00   NNW
10   8.8  15.0   17:45   4.4    4:30   9.5   0.0   0.0   1.4  19.3   17:30   NNW
11   6.7  11.8   14:15   1.5    7:00  11.6   0.0   0.0   2.4  22.5   19:30     E
12   8.8  15.4   16:00   2.4    7:00   9.5   0.0   0.0   2.7  35.4   19:30     E
13  11.1  17.9   16:15   5.4    7:15   7.2   0.0   0.0   2.3  25.7   14:00   NNW
14   9.5  16.4   17:30   3.7    6:45   8.8   0.0   0.0   1.6  22.5   14:45     E
15  10.7  17.4   18:00   4.8    7:00   7.6   0.0   0.0   1.9  19.3   13:45     E
16   8.0  12.2   17:15   3.0    7:15  10.3   0.0   0.0   1.4  14.5   11:45    NW
17   9.6  17.9   18:45   0.7    7:00   8.7   0.0   0.0   1.0  17.7   15:30   ENE
18  11.3  20.7   16:00   2.8    7:00   7.2   0.2   0.0   1.8  20.9   18:15    NW
19   9.6  15.3   18:00   4.4    6:15   8.8   0.0   0.0   1.3  12.9   10:45   NNW
20   8.7  13.3   15:15   3.9    5:15   9.6   0.0   0.0   4.2  25.7   16:30    NW
21   7.6  12.9   18:00   3.4   00:00  10.7   0.0   0.0   1.6  14.5   13:45   NNW
22   6.8  14.4   17:00  -0.4    7:15  11.5   0.0   0.0   1.1  17.7   13:45     E
23  10.1  17.8   18:00   2.4    6:30   8.2   0.0   0.0   1.3  14.5   13:15   ENE
24  13.4  22.2   17:00   2.7    7:00   5.8   0.9   0.0   1.4  14.5   11:45   ENE
25  15.2  23.7   14:15   6.3    5:45   4.3   1.1   0.0   2.6  24.1   17:30   WNW
26  12.7  16.1   13:45   9.2   00:00   5.6   0.0   0.0   4.3  20.9   13:45   WNW
27  13.3  20.9   17:15   5.9    6:45   5.4   0.4   0.0   1.3  16.1   15:30   WNW
28  17.1  24.7   18:00   8.0    6:00   3.2   2.0   0.0   1.9  19.3   10:45    SE
29  20.1  26.5   16:45  13.8    2:00   1.5   3.3   0.0   2.6  25.7   22:30   SSE
30  13.1  15.9   16:15  10.4   23:30   5.3   0.0   1.8   5.1  30.6    9:45     W
-------------------------------------------------------------------------------------
    10.4  26.5    29    -0.4    22   244.1   7.8  12.2   2.7  35.4     1      NW

Max >=  32.0:  0
Max <=   0.0:  0
Min <=   0.0:  1
Min <= -18.0:  0
Max Rain: 3.61 ON 03/04/10
Days of Rain: 6 (> .2 mm) 3 (> 2 mm) 0 (> 20 mm)
Heat Base:  18.3  Cool Base:  18.3  Method: Integration
Benelux Weer Netwerk cwop awekas hwa wcloud pwsweather wow wow