Thunderstorms From: 14-05-2021 10:59 Until: 22:59 warning for: Thunderstorms Level: Yellow info button

NOAA-Style Climate Reports

Select a Year or Month report
2021: Jan | Feb | Mar | Apr | May | Jun | Jul | Aug | Sep | Oct | Nov | Dec |
2020: Jan | Feb | Mar | Apr | May | Jun | Jul | Aug | Sep | Oct | Nov | Dec |
2019: Jan | Feb | Mar | Apr | May | Jun | Jul | Aug | Sep | Oct | Nov | Dec |
2018: Jan | Feb | Mar | Apr | May | Jun | Jul | Aug | Sep | Oct | Nov | Dec |
2017: Jan | Feb | Mar | Apr | May | Jun | Jul | Aug | Sep | Oct | Nov | Dec |
2016: Jan | Feb | Mar | Apr | May | Jun | Jul | Aug | Sep | Oct | Nov | Dec |
2015: Jan | Feb | Mar | Apr | May | Jun | Jul | Aug | Sep | Oct | Nov | Dec |
2014: Jan | Feb | Mar | Apr | May | Jun | Jul | Aug | Sep | Oct | Nov | Dec |
2013: Jan | Feb | Mar | Apr | May | Jun | Jul | Aug | Sep | Oct | Nov | Dec |
2012: Jan | Feb | Mar | Apr | May | Jun | Jul | Aug | Sep | Oct | Nov | Dec |
2011: Jan | Feb | Mar | Apr | May | Jun | Jul | Aug | Sep | Oct | Nov | Dec |
2010: Jan | Feb | Mar | Apr | May | Jun | Jul | Aug | Sep | Oct | Nov | Dec |
2009: Jan | Feb | Mar | Apr | May | Jun | Jul | Aug | Sep | Oct | Nov | Dec |
2008: Jan | Feb | Mar | Apr | May | Jun | Jul | Aug | Sep | Oct | Nov | Dec |
2007: Jan | Feb | Mar | Apr | May | Jun | Jul | Aug | Sep | Oct | Nov | Dec |
2006: Jan | Feb | Mar | Apr | May | Jun | Jul | Aug | Sep | Oct | Nov | Dec |
2005: Jan | Feb | Mar | Apr | May | Jun | Jul | Aug | Sep | Oct | Nov | Dec |
2004: Jan | Feb | Mar | Apr | May | Jun | Jul | Aug | Sep | Oct | Nov | Dec |
2003: Jan | Feb | Mar | Apr | May | Jun | Jul | Aug | Sep | Oct | Nov | Dec |

Report for 2010 May
                   MONTHLY CLIMATOLOGICAL SUMMARY for MAY. 2010

NAME: Patrick Nijs   CITY: Heist-op-den-Berg   STATE: Belgium 
ELEV:    15 m  LAT:  51° 04' 15" N  LONG:   4° 42' 13" E

                   TEMPERATURE (°C), RAIN  (mm), WIND SPEED (km/hr)

                                      HEAT  COOL        AVG
    MEAN                              DEG   DEG         WIND                 DOM
DAY TEMP  HIGH   TIME   LOW    TIME   DAYS  DAYS  RAIN  SPEED HIGH   TIME    DIR
------------------------------------------------------------------------------------
 1  11.4  16.6   14:30   6.8    6:45   6.9   0.0   0.6   2.9  24.1   17:00     W
 2  10.7  13.6   15:30   8.9   00:00   7.7   0.0  13.6   1.6  19.3   16:15   NNW
 3   6.7   8.9    0:15   5.8    6:30  11.6   0.0   0.6   4.3  22.5   16:45   NNW
 4   8.5  12.8   17:45   5.4    6:15   9.8   0.0   0.0   3.1  20.9   10:30   NNW
 5   7.5  13.6   19:15   1.5    5:15  10.8   0.0   0.0   1.4  19.3   17:00   ENE
 6   9.4  14.8   15:00   4.5    6:30   8.9   0.0   0.0   2.7  22.5   19:00   NNW
 7   8.2  10.6   14:45   6.4    4:45  10.1   0.0   0.0   1.8  14.5   17:00    NW
 8   9.1  12.6   15:45   6.3    6:30   9.2   0.0   0.0   1.4  11.3   14:30   WSW
 9   9.9  14.9   14:15   4.1    4:00   8.4   0.0   0.0   1.0  12.9   14:15   NNW
10   9.3  12.5   13:15   6.0   23:45   9.0   0.0   0.0   1.4  17.7    7:45   ENE
11   5.4   7.3   10:45   4.1    4:30  12.8   0.0   9.4   1.4  19.3   11:15   ENE
12   6.2   8.7   14:00   4.1    4:00  12.1   0.0   3.6   2.9  17.7    7:30    NW
13   7.6   9.9   15:30   6.0    5:15  10.7   0.0   0.4   0.6   9.7   12:00    NW
14   8.9  12.4   14:30   5.4    6:30   9.3   0.0   0.2   0.5   9.7   10:30   ENE
15   9.8  16.0   17:00   2.6    6:30   8.5   0.0   0.0   2.6  22.5   17:00    NW
16  12.4  17.4   17:45   6.8    5:45   5.9   0.0   0.0   3.5  30.6   13:45   WNW
17  11.8  15.9   17:15   8.2   23:45   6.5   0.0   2.0   3.4  25.7   17:15    NW
18  10.4  16.9   16:45   4.2    6:45   7.9   0.0   0.0   1.8  16.1   20:00    NW
19  11.8  18.9   16:45   4.5    5:30   6.5   0.0   0.0   2.7  19.3   17:00   NNW
20  14.4  23.2   17:30   4.3    6:00   5.0   1.1   0.0   1.9  19.3   13:30   NNW
21  15.9  22.7   16:45   9.4    4:00   3.3   1.0   0.0   1.6  20.9   13:45    NW
22  15.8  23.9   17:45   7.9    6:15   3.9   1.4   0.0   1.6  20.9   18:30   NNW
23  18.3  27.1   18:15   8.8    6:00   2.9   2.9   0.0   1.1  12.9   14:00    NW
24  19.9  26.4   17:45  12.6    6:00   1.5   3.1   0.0   3.4  22.5   13:30    NW
25  17.1  22.6   16:00  12.6    3:45   2.2   0.9   0.0   2.6  20.9   19:30   ENE
26  10.1  14.0    0:15   8.1   10:00   8.2   0.0  14.8   2.3  20.9   10:45   ENE
27  12.3  17.9   15:00   7.7    6:15   6.0   0.0   0.0   1.0  12.9   13:45    NW
28  13.5  17.6   18:30   9.0    6:15   4.8   0.0   0.0   3.4  22.5   11:45    NW
29  14.3  21.5   15:45   7.5    5:00   4.5   0.5   0.6   3.9  27.4   15:45   SSE
30  13.1  16.4   19:00  10.2   23:00   5.2   0.0   5.6   5.5  35.4   13:00     W
31  12.4  14.7   15:15  10.4    1:30   5.9   0.0   0.2   5.8  25.7    5:15   WNW
-------------------------------------------------------------------------------------
    11.4  27.1    23     1.5     5   225.9  10.8  51.6   2.4  35.4    30      NW

Max >=  32.0:  0
Max <=   0.0:  0
Min <=   0.0:  0
Min <= -18.0:  0
Max Rain: 14.81 ON 26/05/10
Days of Rain: 12 (> .2 mm) 6 (> 2 mm) 0 (> 20 mm)
Heat Base:  18.3  Cool Base:  18.3  Method: Integration
Benelux Weer Netwerk cwop awekas hwa wcloud pwsweather wow wow