-->

NOAA-Style Climate Reports

Select a Year or Month report
2021: Jan | Feb | Mar | Apr | May | Jun | Jul | Aug | Sep | Oct | Nov | Dec |
2020: Jan | Feb | Mar | Apr | May | Jun | Jul | Aug | Sep | Oct | Nov | Dec |
2019: Jan | Feb | Mar | Apr | May | Jun | Jul | Aug | Sep | Oct | Nov | Dec |
2018: Jan | Feb | Mar | Apr | May | Jun | Jul | Aug | Sep | Oct | Nov | Dec |
2017: Jan | Feb | Mar | Apr | May | Jun | Jul | Aug | Sep | Oct | Nov | Dec |
2016: Jan | Feb | Mar | Apr | May | Jun | Jul | Aug | Sep | Oct | Nov | Dec |
2015: Jan | Feb | Mar | Apr | May | Jun | Jul | Aug | Sep | Oct | Nov | Dec |
2014: Jan | Feb | Mar | Apr | May | Jun | Jul | Aug | Sep | Oct | Nov | Dec |
2013: Jan | Feb | Mar | Apr | May | Jun | Jul | Aug | Sep | Oct | Nov | Dec |
2012: Jan | Feb | Mar | Apr | May | Jun | Jul | Aug | Sep | Oct | Nov | Dec |
2011: Jan | Feb | Mar | Apr | May | Jun | Jul | Aug | Sep | Oct | Nov | Dec |
2010: Jan | Feb | Mar | Apr | May | Jun | Jul | Aug | Sep | Oct | Nov | Dec |
2009: Jan | Feb | Mar | Apr | May | Jun | Jul | Aug | Sep | Oct | Nov | Dec |
2008: Jan | Feb | Mar | Apr | May | Jun | Jul | Aug | Sep | Oct | Nov | Dec |
2007: Jan | Feb | Mar | Apr | May | Jun | Jul | Aug | Sep | Oct | Nov | Dec |
2006: Jan | Feb | Mar | Apr | May | Jun | Jul | Aug | Sep | Oct | Nov | Dec |
2005: Jan | Feb | Mar | Apr | May | Jun | Jul | Aug | Sep | Oct | Nov | Dec |
2004: Jan | Feb | Mar | Apr | May | Jun | Jul | Aug | Sep | Oct | Nov | Dec |
2003: Jan | Feb | Mar | Apr | May | Jun | Jul | Aug | Sep | Oct | Nov | Dec |

Report for 2010 June
                   MONTHLY CLIMATOLOGICAL SUMMARY for JUN. 2010

NAME: Patrick Nijs   CITY: Heist-op-den-Berg   STATE: Belgium 
ELEV:    15 m  LAT:  51° 04' 15" N  LONG:   4° 42' 13" E

                   TEMPERATURE (°C), RAIN  (mm), WIND SPEED (km/hr)

                                      HEAT  COOL        AVG
    MEAN                              DEG   DEG         WIND                 DOM
DAY TEMP  HIGH   TIME   LOW    TIME   DAYS  DAYS  RAIN  SPEED HIGH   TIME    DIR
------------------------------------------------------------------------------------
 1  12.7  16.9   14:30   9.4    6:30   5.6   0.0   0.0   1.8  11.3    3:15   WNW
 2  16.1  23.8   16:00   8.4    5:45   3.6   1.4   0.0   2.1  19.3   13:45   NNW
 3  17.7  25.3   17:30   9.7    6:00   2.6   2.1   0.0   2.1  19.3   19:15   ENE
 4  19.9  27.3   17:15  11.2    6:00   1.8   3.3   0.0   1.1  11.3    7:30   ENE
 5  21.2  29.0   18:00  11.1    6:00   1.6   4.5   0.0   1.0  11.3   12:45    NW
 6  19.2  24.3   11:15  15.8   00:00   0.5   1.5   5.0   2.4  20.9   12:30     W
 7  16.7  21.4   17:15  13.5    6:30   2.1   0.5   0.0   4.0  20.9   15:15     W
 8  18.3  24.1   15:15  13.6    6:30   1.6   1.5   0.0   2.7  29.0   15:15   SSE
 9  17.3  19.3   13:45  15.4    6:00   1.1   0.1   2.6   0.8  11.3   14:30   SSE
10  19.0  21.8   18:15  16.4    6:00   0.5   1.2   1.2   0.5   8.0   10:00   ENE
11  18.6  23.7   12:15  14.1   00:00   0.9   1.2   0.0   4.8  33.8   14:45    NW
12  15.9  21.3   16:00  11.2   00:00   2.8   0.4   0.0   2.9  20.9   17:15   NNW
13  13.3  17.9   16:30   7.3    5:45   5.0   0.0   0.0   0.5  11.3   15:00     E
14  16.9  24.1   15:45   8.7    5:00   3.0   1.6   0.0   1.3  16.1   11:15   ENE
15  15.8  21.1   17:15  11.6    7:00   2.9   0.4   0.0   3.4  20.9    5:45   ENE
16  16.6  23.7   17:30   8.9    5:45   3.3   1.6   0.0   4.0  32.2   13:15   ENE
17  18.8  25.8   17:00  12.3    5:45   1.7   2.3   0.0   2.9  27.4   11:30   ENE
18  14.1  17.6   12:45  10.9    5:45   4.2   0.0   0.0   2.7  17.7   17:30   NNW
19  12.1  15.8   15:00  10.4   23:15   6.2   0.0   0.4   4.0  25.7   13:15    NW
20  11.5  13.9   16:00   9.6    5:00   6.8   0.0   0.6   3.2  16.1   18:00   NNW
21  14.4  19.9   16:45   9.7    3:30   4.1   0.2   0.0   3.1  20.9   14:30    NW
22  16.0  23.7   19:00   7.4    6:15   3.7   1.4   0.0   1.1  12.9   16:15    NW
23  19.8  27.8   17:30  10.4    5:15   2.2   3.6   0.0   1.1  12.9   14:00    NW
24  20.7  27.9   15:00  13.1    6:00   1.1   3.6   0.0   1.9  16.1   15:45    NW
25  20.4  26.4   15:30  13.3    6:15   1.1   3.2   0.0   1.0  14.5   15:45    NW
26  22.1  28.4   16:00  16.2    6:15   0.4   4.2   0.0   0.8  12.9   17:45   ENE
27  23.2  30.9   18:30  13.1    6:15   0.9   5.8   0.0   0.8  12.9   16:00   ENE
28  23.3  30.9   15:30  15.7    6:15   0.4   5.3   0.0   2.1  17.7   17:00    NW
29  21.9  28.0   14:45  15.4    5:45   0.4   4.1   0.0   2.9  20.9   14:00    NW
30  22.2  28.4   15:30  16.5    6:15   0.2   4.2   0.0   2.4  17.7   16:00    NW
-------------------------------------------------------------------------------------
    17.9  30.9    27     7.3    13    72.3  59.1   9.8   2.2  33.8    11      NW

Max >=  32.0:  0
Max <=   0.0:  0
Min <=   0.0:  0
Min <= -18.0:  0
Max Rain: 5.00 ON 06/06/10
Days of Rain: 5 (> .2 mm) 2 (> 2 mm) 0 (> 20 mm)
Heat Base:  18.3  Cool Base:  18.3  Method: Integration
Benelux Weer Netwerk cwop awekas hwa wcloud pwsweather wow wow