-->

NOAA-Style Climate Reports

Select a Year or Month report
2021: Jan | Feb | Mar | Apr | May | Jun | Jul | Aug | Sep | Oct | Nov | Dec |
2020: Jan | Feb | Mar | Apr | May | Jun | Jul | Aug | Sep | Oct | Nov | Dec |
2019: Jan | Feb | Mar | Apr | May | Jun | Jul | Aug | Sep | Oct | Nov | Dec |
2018: Jan | Feb | Mar | Apr | May | Jun | Jul | Aug | Sep | Oct | Nov | Dec |
2017: Jan | Feb | Mar | Apr | May | Jun | Jul | Aug | Sep | Oct | Nov | Dec |
2016: Jan | Feb | Mar | Apr | May | Jun | Jul | Aug | Sep | Oct | Nov | Dec |
2015: Jan | Feb | Mar | Apr | May | Jun | Jul | Aug | Sep | Oct | Nov | Dec |
2014: Jan | Feb | Mar | Apr | May | Jun | Jul | Aug | Sep | Oct | Nov | Dec |
2013: Jan | Feb | Mar | Apr | May | Jun | Jul | Aug | Sep | Oct | Nov | Dec |
2012: Jan | Feb | Mar | Apr | May | Jun | Jul | Aug | Sep | Oct | Nov | Dec |
2011: Jan | Feb | Mar | Apr | May | Jun | Jul | Aug | Sep | Oct | Nov | Dec |
2010: Jan | Feb | Mar | Apr | May | Jun | Jul | Aug | Sep | Oct | Nov | Dec |
2009: Jan | Feb | Mar | Apr | May | Jun | Jul | Aug | Sep | Oct | Nov | Dec |
2008: Jan | Feb | Mar | Apr | May | Jun | Jul | Aug | Sep | Oct | Nov | Dec |
2007: Jan | Feb | Mar | Apr | May | Jun | Jul | Aug | Sep | Oct | Nov | Dec |
2006: Jan | Feb | Mar | Apr | May | Jun | Jul | Aug | Sep | Oct | Nov | Dec |
2005: Jan | Feb | Mar | Apr | May | Jun | Jul | Aug | Sep | Oct | Nov | Dec |
2004: Jan | Feb | Mar | Apr | May | Jun | Jul | Aug | Sep | Oct | Nov | Dec |
2003: Jan | Feb | Mar | Apr | May | Jun | Jul | Aug | Sep | Oct | Nov | Dec |

Report for 2010 August
                   MONTHLY CLIMATOLOGICAL SUMMARY for AUG. 2010

NAME: Patrick Nijs   CITY: Heist-op-den-Berg   STATE: Belgium 
ELEV:    15 m  LAT:  51° 04' 15" N  LONG:   4° 42' 13" E

                   TEMPERATURE (°C), RAIN  (mm), WIND SPEED (km/hr)

                                      HEAT  COOL        AVG
    MEAN                              DEG   DEG         WIND                 DOM
DAY TEMP  HIGH   TIME   LOW    TIME   DAYS  DAYS  RAIN  SPEED HIGH   TIME    DIR
------------------------------------------------------------------------------------
 1  19.9  23.2   17:00  16.7    6:30   0.2   1.8   0.0   3.2  17.7   12:15     W
 2  17.3  20.4   14:00  14.8   00:00   1.3   0.3   3.6   1.4  14.5   16:15    NW
 3  16.7  23.3   17:00  11.7    6:15   2.5   0.9   1.0   1.6  24.1   18:45   WNW
 4  16.8  20.2   14:45  13.8    5:15   1.8   0.3   7.0   2.7  25.7   11:00   SSW
 5  15.1  19.4   15:15  11.8   00:00   3.2   0.0   5.0   1.8  25.7   11:45   WNW
 6  16.7  23.6   17:15   9.7    6:45   3.1   1.5   0.8   1.4  16.1   15:00   NNW
 7  18.4  24.6   15:45  14.1    1:45   1.2   1.3   0.2   2.1  30.6   17:45   SSE
 8  17.6  21.7   14:00  14.8    6:15   1.3   0.6   0.2   3.4  24.1   16:00    NW
 9  18.0  23.9   17:30  12.3    7:00   1.9   1.6   0.4   1.1  11.3   11:00   WNW
10  18.4  24.3   16:00  13.7    7:00   1.3   1.4   0.0   2.4  24.1   16:00     S
11  18.8  23.0   17:15  16.4   00:00   0.7   1.2   0.0   3.1  16.1   11:30    NW
12  15.9  20.8   18:00  10.8    6:30   2.6   0.3   0.0   1.8  20.9   14:30    NW
13  16.6  21.8   17:15  12.8    7:30   2.5   0.7   0.0   1.9  25.7   20:45   SSW
14  16.8  23.9   17:45   9.7    6:30   3.0   1.5   0.0   0.6  14.5   14:15     E
15  16.9  19.7   15:00  14.6   22:45   1.5   0.1   7.2   2.4  24.1   14:15   NNW
16  17.8  22.4   15:30  14.9    0:15   1.2   0.7  15.6   3.7  20.9   20:00   WNW
17  15.6  17.6   11:00  14.1    5:00   2.7   0.0   5.2   6.9  33.8   12:45     W
18  16.9  20.0   12:45  14.4   00:00   1.7   0.2   0.2   4.0  25.7   14:30   WNW
19  17.2  23.2   18:00  12.3    6:15   2.3   1.1   0.0   2.6  19.3   10:45   SSW
20  21.2  28.9   16:45  13.2    7:00   1.4   4.3   0.0   2.3  24.1   13:30    SE
21  22.2  28.2   19:00  16.6    6:30   0.3   4.1   0.0   1.9  19.3   14:00     S
22  20.7  24.5   13:45  17.6    7:00   0.1   2.5   7.4   0.8  16.1   17:00   WNW
23  20.2  23.3   15:45  17.2   00:00   0.0   2.0   8.8   5.5  38.6   13:45     W
24  17.1  21.1   15:45  13.9    7:15   1.6   0.5   0.0   6.9  35.4   17:15     W
25  16.5  20.5   14:30  12.9    6:45   2.2   0.4   2.0   3.2  20.9    0:15     W
26  19.2  23.7   16:00  14.9    2:30   0.8   1.7  12.4   3.5  25.7   10:00   SSW
27  16.4  19.4    0:15  12.7   00:00   1.9   0.0   5.6   2.9  19.3   11:15     W
28  14.2  18.3   15:00  10.8    4:15   4.1   0.0   2.6   3.7  30.6   17:00   WNW
29  13.7  17.2   13:30  10.7   19:15   4.6   0.0  12.2   6.1  30.6   23:30     W
30  14.0  17.7   17:00  11.1    1:00   4.3   0.0  12.2   6.3  32.2    0:15   NNW
31  13.7  19.0   15:00   8.3    6:15   4.7   0.0   0.0   0.8   9.7   13:00    NW
-------------------------------------------------------------------------------------
    17.3  28.9    20     8.3    31    61.8  31.0 109.6   3.0  38.6    23       W

Max >=  32.0:  0
Max <=   0.0:  0
Min <=   0.0:  0
Min <= -18.0:  0
Max Rain: 15.60 ON 16/08/10
Days of Rain: 20 (> .2 mm) 14 (> 2 mm) 0 (> 20 mm)
Heat Base:  18.3  Cool Base:  18.3  Method: Integration
Benelux Weer Netwerk cwop awekas hwa wcloud pwsweather wow wow