-->

NOAA-Style Climate Reports

Select a Year or Month report
2021: Jan | Feb | Mar | Apr | May | Jun | Jul | Aug | Sep | Oct | Nov | Dec |
2020: Jan | Feb | Mar | Apr | May | Jun | Jul | Aug | Sep | Oct | Nov | Dec |
2019: Jan | Feb | Mar | Apr | May | Jun | Jul | Aug | Sep | Oct | Nov | Dec |
2018: Jan | Feb | Mar | Apr | May | Jun | Jul | Aug | Sep | Oct | Nov | Dec |
2017: Jan | Feb | Mar | Apr | May | Jun | Jul | Aug | Sep | Oct | Nov | Dec |
2016: Jan | Feb | Mar | Apr | May | Jun | Jul | Aug | Sep | Oct | Nov | Dec |
2015: Jan | Feb | Mar | Apr | May | Jun | Jul | Aug | Sep | Oct | Nov | Dec |
2014: Jan | Feb | Mar | Apr | May | Jun | Jul | Aug | Sep | Oct | Nov | Dec |
2013: Jan | Feb | Mar | Apr | May | Jun | Jul | Aug | Sep | Oct | Nov | Dec |
2012: Jan | Feb | Mar | Apr | May | Jun | Jul | Aug | Sep | Oct | Nov | Dec |
2011: Jan | Feb | Mar | Apr | May | Jun | Jul | Aug | Sep | Oct | Nov | Dec |
2010: Jan | Feb | Mar | Apr | May | Jun | Jul | Aug | Sep | Oct | Nov | Dec |
2009: Jan | Feb | Mar | Apr | May | Jun | Jul | Aug | Sep | Oct | Nov | Dec |
2008: Jan | Feb | Mar | Apr | May | Jun | Jul | Aug | Sep | Oct | Nov | Dec |
2007: Jan | Feb | Mar | Apr | May | Jun | Jul | Aug | Sep | Oct | Nov | Dec |
2006: Jan | Feb | Mar | Apr | May | Jun | Jul | Aug | Sep | Oct | Nov | Dec |
2005: Jan | Feb | Mar | Apr | May | Jun | Jul | Aug | Sep | Oct | Nov | Dec |
2004: Jan | Feb | Mar | Apr | May | Jun | Jul | Aug | Sep | Oct | Nov | Dec |
2003: Jan | Feb | Mar | Apr | May | Jun | Jul | Aug | Sep | Oct | Nov | Dec |

Report for 2010 September
                   MONTHLY CLIMATOLOGICAL SUMMARY for SEP. 2010

NAME: Patrick Nijs   CITY: Heist-op-den-Berg   STATE: Belgium 
ELEV:    15 m  LAT:  51° 04' 15" N  LONG:   4° 42' 13" E

                   TEMPERATURE (°C), RAIN  (mm), WIND SPEED (km/hr)

                                      HEAT  COOL        AVG
    MEAN                              DEG   DEG         WIND                 DOM
DAY TEMP  HIGH   TIME   LOW    TIME   DAYS  DAYS  RAIN  SPEED HIGH   TIME    DIR
------------------------------------------------------------------------------------
 1  13.9  19.8   16:00   8.8    4:15   4.5   0.1   0.0   0.6  11.3   15:30   ENE
 2  14.1  19.7   17:15   8.5    6:45   4.3   0.1   0.0   0.6  14.5   19:00   ENE
 3  13.6  18.9   14:00   8.7    6:30   4.7   0.0   0.0   0.2   9.7   12:30   ENE
 4  14.0  21.1   17:45   7.9    6:15   4.7   0.4   0.0   0.8  12.9   15:00   ENE
 5  14.6  20.9   16:00   8.2    6:15   4.2   0.5   0.0   1.6  17.7   12:30   ENE
 6  15.8  21.6   15:15   9.4    6:45   3.3   0.8   0.0   2.9  22.5   14:00   ENE
 7  14.8  19.2   16:00  11.8    5:15   3.5   0.1  15.6   1.6  12.9    3:00   ENE
 8  15.9  21.3   16:15  12.9    6:15   2.7   0.3   5.6   2.9  29.0   16:30   ENE
 9  16.0  20.2   14:45  13.7    5:30   2.5   0.2   7.0   3.4  29.0    0:15     W
10  15.9  18.5   15:30  13.4    2:15   2.3   0.0   0.0   1.9  14.5   15:45   SSW
11  18.7  24.3   17:30  13.7    7:30   1.4   1.8   0.0   2.6  20.9   12:15   SSE
12  15.7  19.0   17:30  11.9   23:30   2.6   0.0   5.8   1.4  14.5    9:15    NW
13  14.8  19.4   15:45   9.9    7:15   3.6   0.1   0.2   2.4  19.3   14:00   WNW
14  17.0  19.2   16:30  15.6    2:00   1.4   0.1   4.4   6.8  29.0   12:15     W
15  14.6  17.4   15:15  11.4    7:45   3.7   0.0   3.8   6.8  33.8   15:45     W
16  13.2  16.4   16:30  10.6    6:45   5.1   0.0   4.2   3.7  25.7    1:30     W
17  11.9  16.4   16:00   7.9   00:00   6.4   0.0   0.8   4.3  24.1   12:45   WNW
18  11.4  16.3   15:15   7.4    1:00   6.9   0.0   0.0   1.8  16.1   17:15   WNW
19  12.5  16.1   17:45   9.4    4:30   5.8   0.0   0.0   2.3  24.1   15:15   SSW
20  15.2  20.7   16:15  10.9    3:45   3.4   0.3   0.0   2.6  22.5   12:00     W
21  15.8  22.2   17:15  11.5    4:45   3.2   0.8   0.0   0.5  12.9   15:30   ESE
22  16.7  24.8   16:30  10.1    8:00   3.3   1.6   0.0   0.6  14.5   13:30   SSE
23  16.4  22.8   14:45  11.8    7:45   2.8   1.0  11.6   0.2  33.8   18:30   WNW
24  14.7  18.0   15:00  12.5   23:00   3.6   0.0   0.4   1.9  14.5   16:00    NW
25  11.4  14.4   13:30   9.4    8:30   6.9   0.0   4.4   4.2  24.1   12:45    NW
26  10.4  12.6   17:00   8.1   00:00   7.9   0.0   6.4   0.8  12.9    1:30   ESE
27   9.3  12.6   14:45   5.2    8:15   9.0   0.0   1.8   1.0  11.3   17:30     W
28  11.9  13.9   18:30  10.1    2:15   6.4   0.0   0.2   0.3   8.0    0:45    SW
29  13.2  16.5   15:30  11.2    7:15   5.1   0.0   0.0   0.2   9.7    8:30    SE
30  12.7  16.3   17:15   8.8   23:15   5.6   0.0   0.8   1.1  14.5   12:15    SE
-------------------------------------------------------------------------------------
    14.2  24.8    22     5.2    27   131.1   8.1  73.0   2.1  33.8    15       W

Max >=  32.0:  0
Max <=   0.0:  0
Min <=   0.0:  0
Min <= -18.0:  0
Max Rain: 15.60 ON 07/09/10
Days of Rain: 16 (> .2 mm) 10 (> 2 mm) 0 (> 20 mm)
Heat Base:  18.3  Cool Base:  18.3  Method: Integration
Benelux Weer Netwerk cwop awekas hwa wcloud pwsweather wow wow