Thunderstorms From: 14-05-2021 10:59 Until: 22:59 warning for: Thunderstorms Level: Yellow info button

NOAA-Style Climate Reports

Select a Year or Month report
2021: Jan | Feb | Mar | Apr | May | Jun | Jul | Aug | Sep | Oct | Nov | Dec |
2020: Jan | Feb | Mar | Apr | May | Jun | Jul | Aug | Sep | Oct | Nov | Dec |
2019: Jan | Feb | Mar | Apr | May | Jun | Jul | Aug | Sep | Oct | Nov | Dec |
2018: Jan | Feb | Mar | Apr | May | Jun | Jul | Aug | Sep | Oct | Nov | Dec |
2017: Jan | Feb | Mar | Apr | May | Jun | Jul | Aug | Sep | Oct | Nov | Dec |
2016: Jan | Feb | Mar | Apr | May | Jun | Jul | Aug | Sep | Oct | Nov | Dec |
2015: Jan | Feb | Mar | Apr | May | Jun | Jul | Aug | Sep | Oct | Nov | Dec |
2014: Jan | Feb | Mar | Apr | May | Jun | Jul | Aug | Sep | Oct | Nov | Dec |
2013: Jan | Feb | Mar | Apr | May | Jun | Jul | Aug | Sep | Oct | Nov | Dec |
2012: Jan | Feb | Mar | Apr | May | Jun | Jul | Aug | Sep | Oct | Nov | Dec |
2011: Jan | Feb | Mar | Apr | May | Jun | Jul | Aug | Sep | Oct | Nov | Dec |
2010: Jan | Feb | Mar | Apr | May | Jun | Jul | Aug | Sep | Oct | Nov | Dec |
2009: Jan | Feb | Mar | Apr | May | Jun | Jul | Aug | Sep | Oct | Nov | Dec |
2008: Jan | Feb | Mar | Apr | May | Jun | Jul | Aug | Sep | Oct | Nov | Dec |
2007: Jan | Feb | Mar | Apr | May | Jun | Jul | Aug | Sep | Oct | Nov | Dec |
2006: Jan | Feb | Mar | Apr | May | Jun | Jul | Aug | Sep | Oct | Nov | Dec |
2005: Jan | Feb | Mar | Apr | May | Jun | Jul | Aug | Sep | Oct | Nov | Dec |
2004: Jan | Feb | Mar | Apr | May | Jun | Jul | Aug | Sep | Oct | Nov | Dec |
2003: Jan | Feb | Mar | Apr | May | Jun | Jul | Aug | Sep | Oct | Nov | Dec |

Report for 2010 December
                   MONTHLY CLIMATOLOGICAL SUMMARY for DEC. 2010

NAME: Patrick Nijs   CITY: Heist-op-den-Berg   STATE: Belgium 
ELEV:    15 m  LAT:  51° 04' 15" N  LONG:   4° 42' 13" E

                   TEMPERATURE (°C), RAIN  (mm), WIND SPEED (km/hr)

                                      HEAT  COOL        AVG
    MEAN                              DEG   DEG         WIND                 DOM
DAY TEMP  HIGH   TIME   LOW    TIME   DAYS  DAYS  RAIN  SPEED HIGH   TIME    DIR
------------------------------------------------------------------------------------
 1  -5.1  -2.7    0:15  -7.0   00:00  23.3   0.0   0.0   5.6  29.0    5:15     E
 2  -6.2  -4.6   13:00  -7.1    0:45  24.4   0.0   0.0   2.1  12.9    0:30   ENE
 3  -6.0  -4.6   14:15  -7.5    6:00  24.3   0.0   0.0   0.5   8.0   13:30   ENE
 4  -2.5   1.8   00:00  -7.8    2:45  20.6   0.0   0.2   6.0  30.6    9:30   SSE
 5   2.0   3.0    3:45  -0.3   00:00  15.8   0.0  21.2   3.7  27.4    0:30   SSW
 6  -0.6   1.6   13:30  -2.4   00:00  18.9   0.0   0.0   0.2   9.7    9:45   ENE
 7  -1.7  -0.8   23:45  -3.2    4:30  20.0   0.0   0.0   1.1  12.9   16:00   ENE
 8  -1.0  -0.3   12:15  -2.4   23:30  19.3   0.0   0.0   1.3  11.3    0:45     E
 9   1.9   4.6   15:30  -1.7    0:15  16.4   0.0   0.4   6.4  27.4   12:15   WNW
10   4.7   5.8   14:30   3.1    0:15  13.6   0.0   2.8   5.1  29.0   23:00     W
11   6.3   7.3   15:00   5.3    2:15  11.9   0.0   0.6   6.8  29.0    4:15   WNW
12   3.8   6.8   13:30  -1.6   23:30  14.5   0.0   0.2   3.1  20.9    3:45   WNW
13  -2.6   0.4   00:00  -5.8    8:15  20.8   0.0   0.0   1.3  14.5   21:30   WNW
14  -1.4   0.9    1:15  -3.7    9:15  19.8   0.0   0.0   1.0  16.1    3:30   NNW
15  -0.3   2.7   14:30  -4.1    3:30  18.7   0.0   2.8   1.4  12.9    6:30    NW
16   1.1   3.8   16:15  -1.8    0:30  17.2   0.0   7.2   3.4  29.0   16:45   WSW
17  -2.0  -0.3   13:45  -5.1   22:45  20.3   0.0   1.6   2.1  20.9   15:15     W
18  -3.3  -1.2   23:45  -5.6    2:45  21.6   0.0   0.4   2.6  14.5    8:30    SE
19  -1.4  -0.4   12:15  -3.9   00:00  19.6   0.0   0.0   0.6  11.3   16:00   SSE
20  -3.8   0.6   14:15  -5.8   22:00  22.1   0.0   0.6   0.3   9.7    1:15   SSE
21  -0.8   0.5   19:30  -5.3    0:15  19.2   0.0   0.0   0.3   9.7    3:00     E
22  -0.2   0.8    5:30  -2.0   00:00  18.5   0.0   0.2   0.5  12.9    6:15   ENE
23  -1.4  -0.3   15:00  -2.4    3:15  19.8   0.0   0.0   1.6  14.5   14:45   NNW
24  -1.7  -0.9   13:00  -3.1   23:15  20.0   0.0   0.0   1.4  19.3   12:45    NW
25  -3.4  -0.6   14:30  -6.6    7:45  21.7   0.0   0.0   0.5   8.0    2:30     E
26   0.8   3.3   14:00  -3.0    0:15  17.5   0.0   1.4   3.5  19.3   19:30     W
27  -1.1   0.1   14:30  -2.1   23:00  19.4   0.0   0.0   1.9  14.5    3:30    SE
28   0.2   1.5   22:45  -2.3    0:30  18.1   0.0   1.2   1.1  12.9   11:30    SE
29   1.7   3.0   15:00   0.9    4:00  16.6   0.0   3.6   0.5   6.4    1:45    SE
30   0.6   3.8   14:30  -2.9   00:00  17.8   0.0   0.0   0.2   9.7   11:30   ESE
31  -0.1   1.7   15:15  -3.1    1:00  18.4   0.0   0.2   0.5   9.7   12:45   WSW
-------------------------------------------------------------------------------------
    -0.8   7.3    11    -7.8     4   589.9   0.0  44.6   2.1  30.6     4       E

Max >=  32.0:  0
Max <=   0.0: 11
Min <=   0.0: 28
Min <= -18.0:  0
Max Rain: 21.21 ON 05/12/10
Days of Rain: 16 (> .2 mm) 5 (> 2 mm) 1 (> 20 mm)
Heat Base:  18.3  Cool Base:  18.3  Method: Integration
Benelux Weer Netwerk cwop awekas hwa wcloud pwsweather wow wow