-->

NOAA-Style Climate Reports

Select a Year or Month report
2021: Jan | Feb | Mar | Apr | May | Jun | Jul | Aug | Sep | Oct | Nov | Dec |
2020: Jan | Feb | Mar | Apr | May | Jun | Jul | Aug | Sep | Oct | Nov | Dec |
2019: Jan | Feb | Mar | Apr | May | Jun | Jul | Aug | Sep | Oct | Nov | Dec |
2018: Jan | Feb | Mar | Apr | May | Jun | Jul | Aug | Sep | Oct | Nov | Dec |
2017: Jan | Feb | Mar | Apr | May | Jun | Jul | Aug | Sep | Oct | Nov | Dec |
2016: Jan | Feb | Mar | Apr | May | Jun | Jul | Aug | Sep | Oct | Nov | Dec |
2015: Jan | Feb | Mar | Apr | May | Jun | Jul | Aug | Sep | Oct | Nov | Dec |
2014: Jan | Feb | Mar | Apr | May | Jun | Jul | Aug | Sep | Oct | Nov | Dec |
2013: Jan | Feb | Mar | Apr | May | Jun | Jul | Aug | Sep | Oct | Nov | Dec |
2012: Jan | Feb | Mar | Apr | May | Jun | Jul | Aug | Sep | Oct | Nov | Dec |
2011: Jan | Feb | Mar | Apr | May | Jun | Jul | Aug | Sep | Oct | Nov | Dec |
2010: Jan | Feb | Mar | Apr | May | Jun | Jul | Aug | Sep | Oct | Nov | Dec |
2009: Jan | Feb | Mar | Apr | May | Jun | Jul | Aug | Sep | Oct | Nov | Dec |
2008: Jan | Feb | Mar | Apr | May | Jun | Jul | Aug | Sep | Oct | Nov | Dec |
2007: Jan | Feb | Mar | Apr | May | Jun | Jul | Aug | Sep | Oct | Nov | Dec |
2006: Jan | Feb | Mar | Apr | May | Jun | Jul | Aug | Sep | Oct | Nov | Dec |
2005: Jan | Feb | Mar | Apr | May | Jun | Jul | Aug | Sep | Oct | Nov | Dec |
2004: Jan | Feb | Mar | Apr | May | Jun | Jul | Aug | Sep | Oct | Nov | Dec |
2003: Jan | Feb | Mar | Apr | May | Jun | Jul | Aug | Sep | Oct | Nov | Dec |

Report for 2011 January
                   MONTHLY CLIMATOLOGICAL SUMMARY for JAN. 2011

NAME: Patrick Nijs   CITY: Heist-op-den-Berg   STATE: Belgium 
ELEV:    15 m  LAT:  51° 04' 15" N  LONG:   4° 42' 13" E

                   TEMPERATURE (°C), RAIN  (mm), WIND SPEED (km/hr)

                                      HEAT  COOL        AVG
    MEAN                              DEG   DEG         WIND                 DOM
DAY TEMP  HIGH   TIME   LOW    TIME   DAYS  DAYS  RAIN  SPEED HIGH   TIME    DIR
------------------------------------------------------------------------------------
 1   2.4   4.2   16:00   0.2   23:45  15.9   0.0   0.8   1.6  12.9   12:00   WNW
 2   0.9   3.5   15:15  -0.8    3:00  17.4   0.0   0.4   1.4  11.3   12:45   WNW
 3   1.4   2.9   14:30   0.2    7:45  16.9   0.0   0.2   1.4  11.3   13:30     W
 4  -0.1   2.3   14:00  -1.8   00:00  18.4   0.0   0.0   2.3  14.5   15:45   SSE
 5   0.4   4.3   00:00  -2.3    1:30  17.9   0.0   0.0   4.2  22.5   20:45   SSE
 6   6.2  11.3   20:30   4.0    3:00  12.1   0.0   8.8   3.9  38.6   20:30   SSE
 7   6.8  10.2   16:00   3.6    4:00  11.5   0.0   4.2   1.6  14.5   16:45   SSE
 8  10.1  12.4   12:00   6.7   00:00   8.3   0.0   2.8   5.6  40.2   12:15   SSE
 9   4.3   6.9   15:15  -0.5   00:00  14.0   0.0   0.2   2.6  20.9   12:45     W
10   1.4   5.6   14:30  -1.2    5:30  16.9   0.0   0.2   2.3  17.7   20:00   SSE
11   4.1   6.7   16:00   0.5    3:30  14.3   0.0   1.6   6.4  27.4    8:00   SSE
12   6.6  10.7   23:15   4.1    6:00  11.8   0.0  12.2   4.7  25.7   14:30     W
13  11.4  12.2   15:30  10.4    3:45   6.9   0.0  12.0   7.6  37.0   12:45     W
14  11.2  12.5    2:45   9.0   21:30   7.1   0.0   2.2   7.6  32.2   14:15     W
15   9.4  10.7   15:30   8.6    6:15   8.9   0.0   0.0   5.8  27.4   11:15   SSW
16   9.3  13.7   14:45   7.2    6:30   9.0   0.0   0.0   3.4  19.3   15:30   SSE
17   8.2  10.2   15:45   5.9    5:30  10.1   0.0   0.0   3.4  25.7   22:30   SSE
18   6.7   9.5    0:15   4.4   21:45  11.6   0.0   5.8   2.3  19.3   11:00    NW
19   3.9   5.8   12:45   1.6   00:00  14.3   0.0   1.8   3.5  20.9   16:15   WNW
20   2.0   5.5   15:15  -1.4   00:00  16.3   0.0   0.2   1.3  12.9   13:00    NW
21   0.3   2.2   00:00  -1.5    0:15  18.0   0.0   0.0   0.3   9.7    1:45   ENE
22   4.2   6.2   14:15   2.2    0:15  14.2   0.0   0.6   1.1  11.3   13:45    NW
23   4.4   6.5   16:15   2.1    7:30  13.9   0.0   0.8   1.9  11.3    4:45    NW
24   4.9   6.3   15:15   3.9    4:15  13.3   0.0   1.2   2.6  17.7   16:15    NW
25   4.7   6.7   15:00   3.7   22:30  13.6   0.0   5.2   5.6  25.7    7:30     W
26   3.4   5.6   14:15   0.6   23:45  14.9   0.0   0.2   1.4  19.3   14:45     E
27   0.4   2.5   13:45  -2.0   00:00  17.9   0.0   0.0   2.7  20.9   13:15     E
28  -1.4   1.8   13:45  -3.6    8:15  19.7   0.0   0.0   3.2  24.1   14:15     E
29  -1.8   3.3   14:45  -4.8    8:15  20.1   0.0   0.0   0.8  14.5   13:30   ENE
30  -2.8   0.9   15:45  -5.6    8:30  21.1   0.0   0.0   1.8  16.1   12:30     E
31  -2.5  -1.8    0:15  -3.2   00:00  20.8   0.0   0.0   0.5  11.3    1:30   ENE
-------------------------------------------------------------------------------------
     3.9  13.7    16    -5.6    30   446.8   0.0  61.4   3.1  40.2     8     SSE

Max >=  32.0:  0
Max <=   0.0:  1
Min <=   0.0: 12
Min <= -18.0:  0
Max Rain: 12.19 ON 12/01/11
Days of Rain: 20 (> .2 mm) 8 (> 2 mm) 0 (> 20 mm)
Heat Base:  18.3  Cool Base:  18.3  Method: Integration
Benelux Weer Netwerk cwop awekas hwa wcloud pwsweather wow wow