-->

NOAA-Style Climate Reports

Select a Year or Month report
2021: Jan | Feb | Mar | Apr | May | Jun | Jul | Aug | Sep | Oct | Nov | Dec |
2020: Jan | Feb | Mar | Apr | May | Jun | Jul | Aug | Sep | Oct | Nov | Dec |
2019: Jan | Feb | Mar | Apr | May | Jun | Jul | Aug | Sep | Oct | Nov | Dec |
2018: Jan | Feb | Mar | Apr | May | Jun | Jul | Aug | Sep | Oct | Nov | Dec |
2017: Jan | Feb | Mar | Apr | May | Jun | Jul | Aug | Sep | Oct | Nov | Dec |
2016: Jan | Feb | Mar | Apr | May | Jun | Jul | Aug | Sep | Oct | Nov | Dec |
2015: Jan | Feb | Mar | Apr | May | Jun | Jul | Aug | Sep | Oct | Nov | Dec |
2014: Jan | Feb | Mar | Apr | May | Jun | Jul | Aug | Sep | Oct | Nov | Dec |
2013: Jan | Feb | Mar | Apr | May | Jun | Jul | Aug | Sep | Oct | Nov | Dec |
2012: Jan | Feb | Mar | Apr | May | Jun | Jul | Aug | Sep | Oct | Nov | Dec |
2011: Jan | Feb | Mar | Apr | May | Jun | Jul | Aug | Sep | Oct | Nov | Dec |
2010: Jan | Feb | Mar | Apr | May | Jun | Jul | Aug | Sep | Oct | Nov | Dec |
2009: Jan | Feb | Mar | Apr | May | Jun | Jul | Aug | Sep | Oct | Nov | Dec |
2008: Jan | Feb | Mar | Apr | May | Jun | Jul | Aug | Sep | Oct | Nov | Dec |
2007: Jan | Feb | Mar | Apr | May | Jun | Jul | Aug | Sep | Oct | Nov | Dec |
2006: Jan | Feb | Mar | Apr | May | Jun | Jul | Aug | Sep | Oct | Nov | Dec |
2005: Jan | Feb | Mar | Apr | May | Jun | Jul | Aug | Sep | Oct | Nov | Dec |
2004: Jan | Feb | Mar | Apr | May | Jun | Jul | Aug | Sep | Oct | Nov | Dec |
2003: Jan | Feb | Mar | Apr | May | Jun | Jul | Aug | Sep | Oct | Nov | Dec |

Report for 2011 February
                   MONTHLY CLIMATOLOGICAL SUMMARY for FEB. 2011

NAME: Patrick Nijs   CITY: Heist-op-den-Berg   STATE: Belgium 
ELEV:    15 m  LAT:  51° 04' 15" N  LONG:   4° 42' 13" E

                   TEMPERATURE (°C), RAIN  (mm), WIND SPEED (km/hr)

                                      HEAT  COOL        AVG
    MEAN                              DEG   DEG         WIND                 DOM
DAY TEMP  HIGH   TIME   LOW    TIME   DAYS  DAYS  RAIN  SPEED HIGH   TIME    DIR
------------------------------------------------------------------------------------
 1  -1.7   0.8   17:15  -4.2    7:30  20.0   0.0   1.4   2.6  16.1   15:15   SSW
 2   2.6   5.1   16:00   0.7    0:15  15.7   0.0   0.8   3.1  24.1   19:45   SSW
 3   5.4   8.4   16:15   3.4    0:15  12.9   0.0   1.2   4.0  20.9    4:15   WSW
 4   8.6  11.2   23:30   4.9    0:15   9.7   0.0   0.2   9.7  46.7   23:15     W
 5  10.8  11.3   22:45  10.1   18:00   7.5   0.0   0.0  10.8  45.1    8:00     W
 6  10.2  11.3    1:45   8.7   22:30   8.1   0.0   0.0   8.7  41.8    2:45     W
 7   9.4  11.6   15:30   6.7    8:15   8.9   0.0   0.0   6.0  30.6   14:15   WSW
 8   6.2  10.2   14:45   0.0   00:00  12.1   0.0   0.0   2.1  16.1    0:15   WNW
 9   4.2  10.8   15:30  -1.6    6:15  14.1   0.0   0.0   1.0  14.5   13:30    SE
10   7.9  10.8   00:00   5.1    3:45  10.3   0.0   4.8   2.9  24.1   22:30   SSW
11  10.3  11.1   14:15   9.4   22:15   7.9   0.0   7.0   3.9  25.7    4:30     W
12   9.4  13.2   12:15   6.2   00:00   8.9   0.0   1.0   2.3  20.9   13:00     E
13   5.7   8.3   15:00   2.1    8:15  12.6   0.0   0.2   2.7  19.3   15:45    SE
14   6.8   8.4   15:30   5.2   00:00  11.4   0.0   0.4   1.3  14.5    2:00    SE
15   5.7   8.6   15:45   2.7    7:00  12.6   0.0   0.6   3.2  22.5   14:45    SE
16   6.8  11.0   14:45   3.2    8:15  11.5   0.0   0.0   1.6  16.1   13:45   SSE
17   4.7  10.8   15:30   0.0    8:30  13.6   0.0   0.2   1.6  19.3   17:15     E
18   2.1   2.9   16:45   1.2    1:15  16.2   0.0   0.0   1.3  14.5    8:45   ENE
19   4.1   6.3   15:00   2.0    7:15  14.3   0.0   0.6   2.3  17.7   13:00     E
20   2.8   4.1   15:15   1.2   11:00  15.5   0.0   1.8   3.4  16.1   10:30     E
21   0.8   2.7   16:30  -1.8   00:00  17.5   0.0   0.0   2.9  16.1   16:00     E
22  -0.3   5.2   16:15  -4.6    7:30  18.6   0.0   0.0   1.6  14.5   13:30     E
23   0.7   3.9   13:30  -2.4    1:45  17.6   0.0   2.8   3.7  27.4   23:00   SSE
24   6.0   8.9   17:15   1.7    0:15  12.3   0.0   3.0   1.8  22.5    0:15   SSW
25   8.0   9.3   15:15   6.9    7:15  10.3   0.0   0.4   1.9  14.5    9:45   SSE
26   7.4   8.9   10:45   6.2   00:00  10.9   0.0   5.2   5.5  33.8   17:00   SSE
27   6.1   7.6   11:45   4.9   23:45  12.3   0.0   2.4   9.8  33.8   11:00    NW
28   3.0   5.1    0:30   2.2    7:00  15.3   0.0   3.2   0.3  24.1    0:45    NW
-------------------------------------------------------------------------------------
     5.5  13.2    12    -4.6    22   358.8   0.0  37.2   3.6  46.7     4       E

Max >=  32.0:  0
Max <=   0.0:  0
Min <=   0.0:  7
Min <= -18.0:  0
Max Rain: 7.01 ON 11/02/11
Days of Rain: 19 (> .2 mm) 7 (> 2 mm) 0 (> 20 mm)
Heat Base:  18.3  Cool Base:  18.3  Method: Integration
Benelux Weer Netwerk cwop awekas hwa wcloud pwsweather wow wow