-->

NOAA-Style Climate Reports

Select a Year or Month report
2021: Jan | Feb | Mar | Apr | May | Jun | Jul | Aug | Sep | Oct | Nov | Dec |
2020: Jan | Feb | Mar | Apr | May | Jun | Jul | Aug | Sep | Oct | Nov | Dec |
2019: Jan | Feb | Mar | Apr | May | Jun | Jul | Aug | Sep | Oct | Nov | Dec |
2018: Jan | Feb | Mar | Apr | May | Jun | Jul | Aug | Sep | Oct | Nov | Dec |
2017: Jan | Feb | Mar | Apr | May | Jun | Jul | Aug | Sep | Oct | Nov | Dec |
2016: Jan | Feb | Mar | Apr | May | Jun | Jul | Aug | Sep | Oct | Nov | Dec |
2015: Jan | Feb | Mar | Apr | May | Jun | Jul | Aug | Sep | Oct | Nov | Dec |
2014: Jan | Feb | Mar | Apr | May | Jun | Jul | Aug | Sep | Oct | Nov | Dec |
2013: Jan | Feb | Mar | Apr | May | Jun | Jul | Aug | Sep | Oct | Nov | Dec |
2012: Jan | Feb | Mar | Apr | May | Jun | Jul | Aug | Sep | Oct | Nov | Dec |
2011: Jan | Feb | Mar | Apr | May | Jun | Jul | Aug | Sep | Oct | Nov | Dec |
2010: Jan | Feb | Mar | Apr | May | Jun | Jul | Aug | Sep | Oct | Nov | Dec |
2009: Jan | Feb | Mar | Apr | May | Jun | Jul | Aug | Sep | Oct | Nov | Dec |
2008: Jan | Feb | Mar | Apr | May | Jun | Jul | Aug | Sep | Oct | Nov | Dec |
2007: Jan | Feb | Mar | Apr | May | Jun | Jul | Aug | Sep | Oct | Nov | Dec |
2006: Jan | Feb | Mar | Apr | May | Jun | Jul | Aug | Sep | Oct | Nov | Dec |
2005: Jan | Feb | Mar | Apr | May | Jun | Jul | Aug | Sep | Oct | Nov | Dec |
2004: Jan | Feb | Mar | Apr | May | Jun | Jul | Aug | Sep | Oct | Nov | Dec |
2003: Jan | Feb | Mar | Apr | May | Jun | Jul | Aug | Sep | Oct | Nov | Dec |

Report for 2011 March
                   MONTHLY CLIMATOLOGICAL SUMMARY for MAR. 2011

NAME: Patrick Nijs   CITY: Heist-op-den-Berg   STATE: Belgium 
ELEV:    15 m  LAT:  51° 04' 15" N  LONG:   4° 42' 13" E

                   TEMPERATURE (°C), RAIN  (mm), WIND SPEED (km/hr)

                                      HEAT  COOL        AVG
    MEAN                              DEG   DEG         WIND                 DOM
DAY TEMP  HIGH   TIME   LOW    TIME   DAYS  DAYS  RAIN  SPEED HIGH   TIME    DIR
------------------------------------------------------------------------------------
 1   4.1   7.9   13:15   2.8    0:15  14.2   0.0   0.0   1.6  20.9   15:30    NE
 2   3.7   9.8   15:00  -0.6    7:30  14.6   0.0   0.0   3.4  22.5   14:30     E
 3   2.3   8.1   15:45  -2.0    6:30  15.9   0.0   0.0   1.9  22.5   14:15     E
 4   2.7   9.4   15:45  -1.8    7:30  15.6   0.0   0.0   1.0  12.9   12:45     E
 5   2.3   6.6   16:15  -1.7    3:45  16.0   0.0   0.0   1.0  14.5    5:30     E
 6   3.3   8.1   14:30  -1.4    7:30  15.0   0.0   0.0   1.8  27.4   11:15     E
 7   3.5   8.8   16:30  -0.9    7:15  14.8   0.0   0.0   3.1  20.9   17:15     E
 8   5.0  12.6   16:30  -2.5    7:15  13.3   0.0   0.0   1.9  24.1   17:30   ESE
 9   7.5   9.2   13:45   5.6   00:00  10.8   0.0   0.4   4.8  32.2   14:15   WSW
10   7.6  10.4   14:15   4.8    5:15  10.7   0.0   0.0   7.7  37.0   13:30   WSW
11   8.8  12.1   16:00   5.2   00:00   9.5   0.0   0.0   5.3  30.6    0:45     W
12   8.4  15.1   15:15   2.3    6:00   9.8   0.0   0.0   2.4  22.5   15:30    SE
13  10.6  12.9   13:45   9.2    6:15   7.7   0.0   0.6   2.9  17.7   15:00   SSE
14  11.3  14.9   14:00   9.0    6:00   7.0   0.0   0.8   1.0   9.7    9:45   SSE
15  11.7  18.1   16:30   6.7    6:45   6.6   0.0   0.2   3.4  24.1   17:30     E
16   9.2  12.5   14:15   6.2   00:00   9.1   0.0   0.0   4.8  25.7   14:45     E
17   5.4   7.2   13:00   4.7   23:45  12.9   0.0   0.0   4.2  22.5   17:15    NW
18   6.9   9.3   16:15   4.7    0:15  11.4   0.0   6.4   2.3  14.5    0:15     W
19   6.9  12.1   16:15   2.0   00:00  11.4   0.0   0.2   1.8  19.3   10:45     E
20   5.1  13.0   16:00  -1.7    7:00  13.2   0.0   0.0   0.3  11.3   12:15   ESE
21   7.1  16.0   16:15  -1.5    7:00  11.2   0.0   0.0   0.6   9.7   13:15    SE
22   8.7  17.4   15:45  -0.1    6:15   9.6   0.0   0.0   0.6  16.1   14:45   ENE
23  10.3  17.6   16:45   2.3    7:15   8.0   0.0   0.0   1.0  14.5   14:30   ENE
24  11.1  17.8   15:30   3.9    7:15   7.3   0.0   0.0   1.8  19.3   13:15     E
25  10.7  17.9   16:00   4.2    7:45   7.6   0.0   0.0   0.6  16.1   11:15    NW
26   7.8  11.8   13:00   3.7    7:00  10.5   0.0   0.0   2.4  20.9   14:15     E
27   9.4  15.9   16:00   4.6    8:00   8.5   0.0   0.0   1.3  12.9    1:45     E
28   8.3  13.8   17:15   3.2    7:00  10.0   0.0   0.0   1.3  14.5   16:00    NW
29   8.7  16.8   17:00   0.9    7:00   9.6   0.0   0.0   1.0  14.5   14:15   WNW
30   9.6  14.8   11:45   4.1    3:30   8.7   0.0   5.4   1.8  16.1   12:15   SSW
31  12.2  14.9   17:45   9.9    1:15   6.1   0.0   5.4   6.3  37.0   13:15     W
-------------------------------------------------------------------------------------
     7.4  18.1    15    -2.5     8   336.4   0.0  19.4   2.4  37.0    10       E

Max >=  32.0:  0
Max <=   0.0:  0
Min <=   0.0: 10
Min <= -18.0:  0
Max Rain: 6.40 ON 18/03/11
Days of Rain: 8 (> .2 mm) 3 (> 2 mm) 0 (> 20 mm)
Heat Base:  18.3  Cool Base:  18.3  Method: Integration
Benelux Weer Netwerk cwop awekas hwa wcloud pwsweather wow wow