-->

NOAA-Style Climate Reports

Select a Year or Month report
2021: Jan | Feb | Mar | Apr | May | Jun | Jul | Aug | Sep | Oct | Nov | Dec |
2020: Jan | Feb | Mar | Apr | May | Jun | Jul | Aug | Sep | Oct | Nov | Dec |
2019: Jan | Feb | Mar | Apr | May | Jun | Jul | Aug | Sep | Oct | Nov | Dec |
2018: Jan | Feb | Mar | Apr | May | Jun | Jul | Aug | Sep | Oct | Nov | Dec |
2017: Jan | Feb | Mar | Apr | May | Jun | Jul | Aug | Sep | Oct | Nov | Dec |
2016: Jan | Feb | Mar | Apr | May | Jun | Jul | Aug | Sep | Oct | Nov | Dec |
2015: Jan | Feb | Mar | Apr | May | Jun | Jul | Aug | Sep | Oct | Nov | Dec |
2014: Jan | Feb | Mar | Apr | May | Jun | Jul | Aug | Sep | Oct | Nov | Dec |
2013: Jan | Feb | Mar | Apr | May | Jun | Jul | Aug | Sep | Oct | Nov | Dec |
2012: Jan | Feb | Mar | Apr | May | Jun | Jul | Aug | Sep | Oct | Nov | Dec |
2011: Jan | Feb | Mar | Apr | May | Jun | Jul | Aug | Sep | Oct | Nov | Dec |
2010: Jan | Feb | Mar | Apr | May | Jun | Jul | Aug | Sep | Oct | Nov | Dec |
2009: Jan | Feb | Mar | Apr | May | Jun | Jul | Aug | Sep | Oct | Nov | Dec |
2008: Jan | Feb | Mar | Apr | May | Jun | Jul | Aug | Sep | Oct | Nov | Dec |
2007: Jan | Feb | Mar | Apr | May | Jun | Jul | Aug | Sep | Oct | Nov | Dec |
2006: Jan | Feb | Mar | Apr | May | Jun | Jul | Aug | Sep | Oct | Nov | Dec |
2005: Jan | Feb | Mar | Apr | May | Jun | Jul | Aug | Sep | Oct | Nov | Dec |
2004: Jan | Feb | Mar | Apr | May | Jun | Jul | Aug | Sep | Oct | Nov | Dec |
2003: Jan | Feb | Mar | Apr | May | Jun | Jul | Aug | Sep | Oct | Nov | Dec |

Report for 2011 April
                   MONTHLY CLIMATOLOGICAL SUMMARY for APR. 2011

NAME: Patrick Nijs   CITY: Heist-op-den-Berg   STATE: Belgium 
ELEV:    15 m  LAT:  51° 04' 15" N  LONG:   4° 42' 13" E

                   TEMPERATURE (°C), RAIN  (mm), WIND SPEED (km/hr)

                                      HEAT  COOL        AVG
    MEAN                              DEG   DEG         WIND                 DOM
DAY TEMP  HIGH   TIME   LOW    TIME   DAYS  DAYS  RAIN  SPEED HIGH   TIME    DIR
------------------------------------------------------------------------------------
 1  13.9  16.2   15:00  12.4   23:45   4.4   0.0   0.0   4.7  27.4    2:15     W
 2  16.3  24.6   15:30   8.4    7:30   3.7   1.7   0.2   2.7  27.4   12:45   SSE
 3  12.2  15.3    0:45  10.1    7:45   6.1   0.0   4.2   2.3  17.7    1:45    NW
 4  11.1  15.2   16:30   9.1    7:45   7.2   0.0   0.0   5.8  24.1   13:45     W
 5   9.4  13.5   14:15   5.4    5:00   8.9   0.0   1.4   3.5  29.0   14:15   SSW
 6  16.4  22.9   18:45  11.8    0:15   2.9   1.0   0.0   3.9  22.5   11:15     W
 7  15.3  19.2   15:30  11.7   00:00   3.0   0.1   0.0   4.0  24.1   15:30    NW
 8  13.1  18.5   16:30   8.7   00:00   5.2   0.0   0.0   2.4  19.3   17:15    NW
 9  11.0  18.7   17:30   4.3    7:30   7.3   0.0   0.0   1.0  16.1   17:45     E
10  13.7  21.8   17:30   5.4    7:15   5.2   0.6   0.0   1.8  17.7   11:45     E
11  14.7  22.4   15:00   6.6    7:00   4.5   0.9   0.2   3.4  25.7   00:00   WNW
12   9.0  11.7    0:15   6.2   00:00   9.3   0.0   2.8   6.9  33.8   16:00    NW
13   8.6  14.1   14:45   3.5    7:00   9.7   0.0   0.0   3.2  20.9   12:00   WNW
14   9.2  13.8   16:45   4.4    3:00   9.1   0.0   0.0   0.5   9.7   13:15   WNW
15  11.7  16.3   17:45   7.0    7:30   6.6   0.0   0.0   1.0  16.1   12:45   ENE
16  11.4  17.8   17:00   5.5    2:00   6.9   0.0   0.0   0.6  12.9   11:00     E
17  12.7  18.6   16:45   8.8    5:45   5.6   0.0   0.0   0.8  12.9   18:15     E
18  14.1  21.6   17:00   4.8    7:00   4.9   0.7   0.0   1.9  24.1   15:45     E
19  17.0  25.3   16:15   7.9    7:00   3.5   2.2   0.0   1.0  12.9   15:45   ENE
20  17.6  25.1   16:15   9.5    6:00   3.0   2.3   0.0   0.6  16.1   13:00    SE
21  17.4  25.9   17:45   8.3    7:00   3.4   2.5   0.0   0.8  14.5   17:00   SSE
22  17.7  26.9   16:45  10.2    7:15   2.6   2.0   0.0   1.4  24.1   16:45    SE
23  19.0  27.4   16:00  10.1    7:15   2.4   3.1   0.0   1.3  17.7   13:30     E
24  19.7  27.3   15:15  12.2    7:00   1.7   3.1   0.6   1.1  22.5   16:30     E
25  17.9  25.5   17:30   8.9    6:45   2.6   2.2   0.0   1.4  19.3   12:15     E
26  16.4  23.0   16:45   8.9    7:00   3.2   1.3   0.0   1.6  17.7   14:15   ENE
27  12.3  16.5   13:15   7.9    6:45   6.0   0.0   0.8   2.1  16.1   12:00    NW
28  12.6  17.9   18:15   9.1    2:45   5.8   0.0   2.4   1.1  17.7   16:30    NW
29  14.6  23.1   16:30   7.8    7:00   4.5   0.8   1.0   2.6  33.8   17:15     E
30  16.8  22.4   16:30  11.9    6:45   2.4   0.9   0.0   6.0  30.6   18:30   ENE
-------------------------------------------------------------------------------------
    14.1  27.4    23     3.5    13   151.7  25.4  13.6   2.4  33.8    12       E

Max >=  32.0:  0
Max <=   0.0:  0
Min <=   0.0:  0
Min <= -18.0:  0
Max Rain: 4.19 ON 03/04/11
Days of Rain: 9 (> .2 mm) 3 (> 2 mm) 0 (> 20 mm)
Heat Base:  18.3  Cool Base:  18.3  Method: Integration
Benelux Weer Netwerk cwop awekas hwa wcloud pwsweather wow wow