-->

NOAA-Style Climate Reports

Select a Year or Month report
2021: Jan | Feb | Mar | Apr | May | Jun | Jul | Aug | Sep | Oct | Nov | Dec |
2020: Jan | Feb | Mar | Apr | May | Jun | Jul | Aug | Sep | Oct | Nov | Dec |
2019: Jan | Feb | Mar | Apr | May | Jun | Jul | Aug | Sep | Oct | Nov | Dec |
2018: Jan | Feb | Mar | Apr | May | Jun | Jul | Aug | Sep | Oct | Nov | Dec |
2017: Jan | Feb | Mar | Apr | May | Jun | Jul | Aug | Sep | Oct | Nov | Dec |
2016: Jan | Feb | Mar | Apr | May | Jun | Jul | Aug | Sep | Oct | Nov | Dec |
2015: Jan | Feb | Mar | Apr | May | Jun | Jul | Aug | Sep | Oct | Nov | Dec |
2014: Jan | Feb | Mar | Apr | May | Jun | Jul | Aug | Sep | Oct | Nov | Dec |
2013: Jan | Feb | Mar | Apr | May | Jun | Jul | Aug | Sep | Oct | Nov | Dec |
2012: Jan | Feb | Mar | Apr | May | Jun | Jul | Aug | Sep | Oct | Nov | Dec |
2011: Jan | Feb | Mar | Apr | May | Jun | Jul | Aug | Sep | Oct | Nov | Dec |
2010: Jan | Feb | Mar | Apr | May | Jun | Jul | Aug | Sep | Oct | Nov | Dec |
2009: Jan | Feb | Mar | Apr | May | Jun | Jul | Aug | Sep | Oct | Nov | Dec |
2008: Jan | Feb | Mar | Apr | May | Jun | Jul | Aug | Sep | Oct | Nov | Dec |
2007: Jan | Feb | Mar | Apr | May | Jun | Jul | Aug | Sep | Oct | Nov | Dec |
2006: Jan | Feb | Mar | Apr | May | Jun | Jul | Aug | Sep | Oct | Nov | Dec |
2005: Jan | Feb | Mar | Apr | May | Jun | Jul | Aug | Sep | Oct | Nov | Dec |
2004: Jan | Feb | Mar | Apr | May | Jun | Jul | Aug | Sep | Oct | Nov | Dec |
2003: Jan | Feb | Mar | Apr | May | Jun | Jul | Aug | Sep | Oct | Nov | Dec |

Report for 2011 May
                   MONTHLY CLIMATOLOGICAL SUMMARY for MAY. 2011

NAME: Patrick Nijs   CITY: Heist-op-den-Berg   STATE: Belgium 
ELEV:    15 m  LAT:  51° 04' 15" N  LONG:   4° 42' 13" E

                   TEMPERATURE (°C), RAIN  (mm), WIND SPEED (km/hr)

                                      HEAT  COOL        AVG
    MEAN                              DEG   DEG         WIND                 DOM
DAY TEMP  HIGH   TIME   LOW    TIME   DAYS  DAYS  RAIN  SPEED HIGH   TIME    DIR
------------------------------------------------------------------------------------
 1  15.1  20.4   17:15   9.7    6:45   3.5   0.3   0.0   5.8  27.4   13:30   ENE
 2  12.1  17.0   15:45   7.2    6:30   6.2   0.0   0.0   4.8  33.8   15:45   ENE
 3  10.2  16.0   18:15   4.9    6:30   8.1   0.0   0.0   3.2  24.1   12:30   ENE
 4  10.0  16.2   16:30   1.9    6:30   8.3   0.0   0.0   1.1  16.1   12:30     E
 5  12.9  20.1   18:30   4.2    6:30   5.7   0.3   0.0   1.1  16.1   13:15   ENE
 6  16.8  25.0   19:15   8.4    6:45   3.4   2.0   0.0   1.3  19.3   14:30    SE
 7  20.6  27.9   17:15  12.1    6:15   1.4   3.7   0.0   3.1  27.4   15:45    SE
 8  21.4  27.4   16:00  17.2   00:00   0.1   3.3   0.0   3.1  22.5   14:30    SE
 9  17.6  23.1   18:15  12.4    6:15   1.8   1.1   0.2   1.1  12.9   13:45   WNW
10  17.4  24.4   16:00  12.4    6:15   2.4   1.5   1.6   1.8  17.7   12:00    NW
11  16.3  21.6   17:15  11.1    7:00   2.6   0.6   0.0   2.9  17.7   13:30   WNW
12  13.9  17.9   18:00  10.6    6:15   4.4   0.0   0.0   3.7  27.4   14:45    NW
13  14.3  20.4   17:30   7.6    5:45   4.3   0.3   0.0   1.4  16.1   14:15   WSW
14  12.7  16.9   15:45   7.9    5:30   5.6   0.0   0.0   4.5  30.6   15:00   WNW
15  12.1  15.7   16:00   8.8    5:45   6.2   0.0   1.0   4.5  27.4   16:30   WNW
16  13.2  16.5   18:45  11.1    6:15   5.1   0.0   0.2   4.5  22.5   11:00     W
17  14.7  19.4   17:45  11.9    7:00   3.7   0.1   0.0   3.9  19.3    9:30     W
18  15.5  22.2   18:30   8.9    5:00   3.6   0.8   0.0   2.6  20.9   18:00   WNW
19  14.7  18.3   18:00  12.6    6:00   3.6   0.0   0.0   1.1  11.3   10:30    NW
20  15.7  20.9   19:00   9.5    6:15   3.2   0.6   0.0   1.9  16.1   12:45    NW
21  16.3  24.1   17:00   6.6    6:00   3.8   1.8   0.0   1.1  12.9   15:45   SSE
22  16.7  20.3   14:00  12.8   00:00   2.0   0.3   5.2   5.5  37.0   15:30     W
23  16.5  23.7   18:30   9.2    6:00   3.2   1.4   0.0   3.4  27.4   13:15   SSW
24  14.9  18.5   17:45  10.1   00:00   3.4   0.0   0.0   6.1  32.2   14:30   WNW
25  15.9  23.7   18:00   7.0    5:45   3.9   1.5   0.0   1.6  17.7   16:30    SE
26  15.0  18.2   16:30  12.2    6:30   3.3   0.0   0.0   5.6  37.0   17:30     W
27  12.4  15.3   19:00  10.2   00:00   5.9   0.0   2.4   4.2  29.0    1:45     W
28  13.5  18.4   17:00   8.4    6:00   4.8   0.0   0.0   4.3  27.4   17:00     W
29  17.1  23.1   17:45  12.4    6:30   2.5   1.3   0.0   5.0  29.0   14:30     W
30  20.1  29.6   16:45  11.3    6:00   1.7   3.5   0.0   2.9  32.2   19:30   WNW
31  13.1  16.2    0:15  10.1   14:45   5.3   0.0   6.6   3.4  25.7   14:30    NW
-------------------------------------------------------------------------------------
    15.1  29.6    30     1.9     4   123.0  24.4  17.2   3.2  37.0    22       W

Max >=  32.0:  0
Max <=   0.0:  0
Min <=   0.0:  0
Min <= -18.0:  0
Max Rain: 6.60 ON 31/05/11
Days of Rain: 7 (> .2 mm) 3 (> 2 mm) 0 (> 20 mm)
Heat Base:  18.3  Cool Base:  18.3  Method: Integration
Benelux Weer Netwerk cwop awekas hwa wcloud pwsweather wow wow