NOAA-Style Climate Reports

Select a Year or Month report
2021: Jan | Feb | Mar | Apr | May | Jun | Jul | Aug | Sep | Oct | Nov | Dec |
2020: Jan | Feb | Mar | Apr | May | Jun | Jul | Aug | Sep | Oct | Nov | Dec |
2019: Jan | Feb | Mar | Apr | May | Jun | Jul | Aug | Sep | Oct | Nov | Dec |
2018: Jan | Feb | Mar | Apr | May | Jun | Jul | Aug | Sep | Oct | Nov | Dec |
2017: Jan | Feb | Mar | Apr | May | Jun | Jul | Aug | Sep | Oct | Nov | Dec |
2016: Jan | Feb | Mar | Apr | May | Jun | Jul | Aug | Sep | Oct | Nov | Dec |
2015: Jan | Feb | Mar | Apr | May | Jun | Jul | Aug | Sep | Oct | Nov | Dec |
2014: Jan | Feb | Mar | Apr | May | Jun | Jul | Aug | Sep | Oct | Nov | Dec |
2013: Jan | Feb | Mar | Apr | May | Jun | Jul | Aug | Sep | Oct | Nov | Dec |
2012: Jan | Feb | Mar | Apr | May | Jun | Jul | Aug | Sep | Oct | Nov | Dec |
2011: Jan | Feb | Mar | Apr | May | Jun | Jul | Aug | Sep | Oct | Nov | Dec |
2010: Jan | Feb | Mar | Apr | May | Jun | Jul | Aug | Sep | Oct | Nov | Dec |
2009: Jan | Feb | Mar | Apr | May | Jun | Jul | Aug | Sep | Oct | Nov | Dec |
2008: Jan | Feb | Mar | Apr | May | Jun | Jul | Aug | Sep | Oct | Nov | Dec |
2007: Jan | Feb | Mar | Apr | May | Jun | Jul | Aug | Sep | Oct | Nov | Dec |
2006: Jan | Feb | Mar | Apr | May | Jun | Jul | Aug | Sep | Oct | Nov | Dec |
2005: Jan | Feb | Mar | Apr | May | Jun | Jul | Aug | Sep | Oct | Nov | Dec |
2004: Jan | Feb | Mar | Apr | May | Jun | Jul | Aug | Sep | Oct | Nov | Dec |
2003: Jan | Feb | Mar | Apr | May | Jun | Jul | Aug | Sep | Oct | Nov | Dec |

Report for 2011 June
                   MONTHLY CLIMATOLOGICAL SUMMARY for JUN. 2011

NAME: Patrick Nijs   CITY: Heist-op-den-Berg   STATE: Belgium 
ELEV:    15 m  LAT:  51° 04' 15" N  LONG:   4° 42' 13" E

                   TEMPERATURE (°C), RAIN  (mm), WIND SPEED (km/hr)

                                      HEAT  COOL        AVG
    MEAN                              DEG   DEG         WIND                 DOM
DAY TEMP  HIGH   TIME   LOW    TIME   DAYS  DAYS  RAIN  SPEED HIGH   TIME    DIR
------------------------------------------------------------------------------------
 1  14.4  21.7   17:15   7.1    6:00   4.6   0.7   0.2   1.4  16.1   15:15    NW
 2  17.3  24.5   17:15   8.3    6:15   3.1   2.0   0.0   2.3  27.4   16:30   ENE
 3  20.6  26.7   16:00  12.7    6:00   1.2   3.5   0.0   3.5  27.4   12:45     E
 4  23.9  30.9   18:00  16.6    5:00   0.2   5.8   0.0   2.4  24.1   14:00     E
 5  21.0  26.1   15:15  15.5    7:30   0.4   3.1   0.0   1.1  14.5   12:30   ENE
 6  18.4  23.9   13:30  13.2   00:00   0.8   1.0   8.8   2.9  27.4   15:00   WNW
 7  15.8  20.9   15:00  12.2    6:00   3.2   0.6   4.2   2.6  22.5   21:15   WNW
 8  14.4  19.4   18:15  10.8    2:15   3.9   0.0  11.2   4.5  22.5   12:45     W
 9  15.2  19.9   16:00  10.2    6:00   3.3   0.2   0.0   3.5  19.3   17:15     W
10  13.5  19.3   14:45   9.2   00:00   4.9   0.1   4.6   1.3  27.4   16:45   ENE
11  12.1  16.9   14:30   6.9    6:00   6.2   0.0   2.6   2.4  30.6   14:45     S
12  14.3  18.8   15:15   7.6    5:45   4.0   0.0   0.0   1.6  19.3   14:15   WNW
13  16.8  21.1   17:00  12.9    6:15   1.9   0.4   2.8   2.9  20.9   18:15     S
14  17.9  23.6   18:00  13.8    5:45   1.6   1.3   0.0   1.9  14.5    3:00   WNW
15  18.6  24.1   16:00  13.0    2:45   1.6   1.9   0.0   2.4  20.9   16:15   WNW
16  16.6  20.2   15:00  13.1   00:00   1.8   0.1   2.0   3.7  35.4   19:15     W
17  14.5  19.5   14:45  10.2    6:00   3.9   0.1   0.4   2.6  17.7   15:30     S
18  15.2  18.3   19:00  13.4    8:00   3.1   0.0   0.6   7.1  32.2    9:00     W
19  14.2  18.6   15:30  11.3    4:15   4.1   0.0   2.4   7.4  37.0   10:45     W
20  13.8  17.4   17:45   9.0    5:45   4.5   0.0   1.4   0.8  11.3    0:30   SSE
21  18.3  22.3   17:30  14.8    1:30   1.2   1.1   0.8   3.9  22.5   11:00     W
22  16.4  19.2   17:45  14.6    3:45   1.9   0.0   0.4   2.9  25.7   17:45   WSW
23  15.2  19.4   14:00  13.2   17:00   3.1   0.0   5.0   5.0  32.2   11:00     W
24  14.4  18.7   18:45  11.7    5:30   3.9   0.0   1.8   2.6  25.7   12:45    NW
25  14.1  17.7   20:00  11.1    7:45   4.2   0.0   3.2   2.6  19.3   19:15   WSW
26  19.6  25.5   19:30  15.7    5:30   1.0   2.3   0.0   1.6  14.5    1:15   ENE
27  25.6  33.3   18:00  17.1    5:45   0.1   7.4   0.0   1.8  17.7   13:30    SE
28  25.3  34.0   17:00  19.2   00:00   0.0   7.0  34.2   1.9  29.0   19:45     E
29  17.6  20.8   16:30  13.7   00:00   1.2   0.5   3.0   5.1  25.7   13:45    NW
30  14.6  19.8   13:15  10.4    6:00   3.8   0.1   1.0   1.6  24.1   16:30    NW
-------------------------------------------------------------------------------------
    17.0  34.0    28     6.9    11    78.6  39.2  90.6   2.9  37.0    19       W

Max >=  32.0:  2
Max <=   0.0:  0
Min <=   0.0:  0
Min <= -18.0:  0
Max Rain: 34.19 ON 28/06/11
Days of Rain: 20 (> .2 mm) 12 (> 2 mm) 1 (> 20 mm)
Heat Base:  18.3  Cool Base:  18.3  Method: Integration
Benelux Weer Netwerk cwop awekas hwa wcloud pwsweather wow wow