Thunderstorms From: 14-05-2021 10:59 Until: 22:59 warning for: Thunderstorms Level: Yellow info button

NOAA-Style Climate Reports

Select a Year or Month report
2021: Jan | Feb | Mar | Apr | May | Jun | Jul | Aug | Sep | Oct | Nov | Dec |
2020: Jan | Feb | Mar | Apr | May | Jun | Jul | Aug | Sep | Oct | Nov | Dec |
2019: Jan | Feb | Mar | Apr | May | Jun | Jul | Aug | Sep | Oct | Nov | Dec |
2018: Jan | Feb | Mar | Apr | May | Jun | Jul | Aug | Sep | Oct | Nov | Dec |
2017: Jan | Feb | Mar | Apr | May | Jun | Jul | Aug | Sep | Oct | Nov | Dec |
2016: Jan | Feb | Mar | Apr | May | Jun | Jul | Aug | Sep | Oct | Nov | Dec |
2015: Jan | Feb | Mar | Apr | May | Jun | Jul | Aug | Sep | Oct | Nov | Dec |
2014: Jan | Feb | Mar | Apr | May | Jun | Jul | Aug | Sep | Oct | Nov | Dec |
2013: Jan | Feb | Mar | Apr | May | Jun | Jul | Aug | Sep | Oct | Nov | Dec |
2012: Jan | Feb | Mar | Apr | May | Jun | Jul | Aug | Sep | Oct | Nov | Dec |
2011: Jan | Feb | Mar | Apr | May | Jun | Jul | Aug | Sep | Oct | Nov | Dec |
2010: Jan | Feb | Mar | Apr | May | Jun | Jul | Aug | Sep | Oct | Nov | Dec |
2009: Jan | Feb | Mar | Apr | May | Jun | Jul | Aug | Sep | Oct | Nov | Dec |
2008: Jan | Feb | Mar | Apr | May | Jun | Jul | Aug | Sep | Oct | Nov | Dec |
2007: Jan | Feb | Mar | Apr | May | Jun | Jul | Aug | Sep | Oct | Nov | Dec |
2006: Jan | Feb | Mar | Apr | May | Jun | Jul | Aug | Sep | Oct | Nov | Dec |
2005: Jan | Feb | Mar | Apr | May | Jun | Jul | Aug | Sep | Oct | Nov | Dec |
2004: Jan | Feb | Mar | Apr | May | Jun | Jul | Aug | Sep | Oct | Nov | Dec |
2003: Jan | Feb | Mar | Apr | May | Jun | Jul | Aug | Sep | Oct | Nov | Dec |

Report for 2011 July
                   MONTHLY CLIMATOLOGICAL SUMMARY for JUL. 2011

NAME: Patrick Nijs   CITY: Heist-op-den-Berg   STATE: Belgium 
ELEV:    15 m  LAT:  51° 04' 15" N  LONG:   4° 42' 13" E

                   TEMPERATURE (°C), RAIN  (mm), WIND SPEED (km/hr)

                                      HEAT  COOL        AVG
    MEAN                              DEG   DEG         WIND                 DOM
DAY TEMP  HIGH   TIME   LOW    TIME   DAYS  DAYS  RAIN  SPEED HIGH   TIME    DIR
------------------------------------------------------------------------------------
 1  14.4  19.5   16:45  10.5    6:30   3.9   0.1   3.8   2.9  25.7   17:15   NNW
 2  13.8  18.4   18:30   8.7    5:00   4.5   0.0   0.0   2.3  17.7   15:00    NW
 3  15.4  22.5   18:15   8.6    5:00   3.7   0.8   0.0   1.9  17.7   10:30    NW
 4  16.6  24.0   18:15   8.4    6:00   3.2   1.5   0.0   0.8  11.3   12:00   ENE
 5  20.3  27.4   17:45  12.0    6:00   1.7   3.6   0.0   1.0  12.9   13:45   ENE
 6  18.8  21.6   19:30  15.3   15:30   0.6   1.1   6.4   2.9  49.9   15:00     S
 7  18.9  22.8   15:15  15.1    6:00   1.0   1.6   0.0   2.6  27.4   13:15     S
 8  17.5  21.7   16:15  13.8    3:45   1.4   0.6   1.8   2.7  24.1   14:30   SSW
 9  17.8  21.9   16:45  14.7    6:45   1.3   0.8   1.2   3.1  22.5   15:30     W
10  16.7  22.4   19:00  10.7    5:30   2.5   1.0   0.0   0.6  12.9   16:30    NW
11  20.1  25.8   19:30  14.6    5:30   0.9   2.7   0.0   0.8   9.7   15:45    NW
12  19.3  26.1   13:30  14.5    6:00   1.0   2.0   1.0   1.4  17.7   13:15     E
13  14.2  15.8    0:15  12.6   00:00   4.1   0.0   1.8   5.1  24.1   14:00    NW
14  13.0  14.1   10:00  12.4   21:30   5.3   0.0   9.0   8.0  35.4   13:00     W
15  17.9  24.5   17:30  12.2    6:15   2.1   1.7   0.0   3.4  22.5    1:15     W
16  17.0  22.5   13:00  13.9    4:30   2.0   0.7   6.8   3.4  30.6   16:15   SSE
17  15.9  19.8   17:00  13.4    6:45   2.5   0.1   3.0   5.0  30.6   17:15    SW
18  15.2  17.9   15:15  13.6    6:00   3.1   0.0   0.6   5.1  25.7   14:15   SSW
19  15.3  20.4   13:15  11.1    6:15   3.1   0.1   0.2   0.3   9.7   12:00     S
20  16.0  21.0   16:30  13.7    6:30   2.5   0.2   1.0   1.3  20.9   16:45     W
21  16.0  21.0   14:45  12.7    7:00   2.5   0.2   0.2   0.3  11.3   15:15   NNW
22  14.9  18.4   15:15  12.1   00:00   3.3   0.0   0.2   1.8  22.5   16:45    NW
23  13.0  17.0   17:15  10.2    5:45   5.3   0.0   0.0   4.2  29.0   18:00   WNW
24  14.3  18.1   16:45  11.0   00:00   4.0   0.0   0.2   5.6  30.6   17:30   WNW
25  15.2  21.3   13:45   8.9    5:45   3.5   0.4   0.0   1.3  20.9   18:45    NW
26  14.5  16.4   18:30  12.1    3:45   3.8   0.0   0.2   0.8   9.7    1:30   WNW
27  17.1  21.6   19:15  14.1    6:15   1.8   0.5   0.0   0.6   9.7   12:00   WNW
28  17.8  22.8   16:45  14.8    5:45   1.4   0.9   0.2   1.9  14.5   19:30    NW
29  16.7  19.9   17:45  14.4   00:00   1.7   0.1   0.0   1.9  14.5   16:15    NW
30  14.5  16.1   14:45  13.3    5:15   3.8   0.0   0.2   1.9  12.9   14:45    NW
31  15.4  19.4   18:30  12.4   00:00   3.0   0.1   0.0   1.0  11.3   16:15   NNW
-------------------------------------------------------------------------------------
    16.2  27.4     5     8.4     4    84.4  20.8  37.8   2.5  49.9     6      NW

Max >=  32.0:  0
Max <=   0.0:  0
Min <=   0.0:  0
Min <= -18.0:  0
Max Rain: 8.99 ON 14/07/11
Days of Rain: 18 (> .2 mm) 5 (> 2 mm) 0 (> 20 mm)
Heat Base:  18.3  Cool Base:  18.3  Method: Integration
Benelux Weer Netwerk cwop awekas hwa wcloud pwsweather wow wow