NOAA-Style Climate Reports

Select a Year or Month report
2021: Jan | Feb | Mar | Apr | May | Jun | Jul | Aug | Sep | Oct | Nov | Dec |
2020: Jan | Feb | Mar | Apr | May | Jun | Jul | Aug | Sep | Oct | Nov | Dec |
2019: Jan | Feb | Mar | Apr | May | Jun | Jul | Aug | Sep | Oct | Nov | Dec |
2018: Jan | Feb | Mar | Apr | May | Jun | Jul | Aug | Sep | Oct | Nov | Dec |
2017: Jan | Feb | Mar | Apr | May | Jun | Jul | Aug | Sep | Oct | Nov | Dec |
2016: Jan | Feb | Mar | Apr | May | Jun | Jul | Aug | Sep | Oct | Nov | Dec |
2015: Jan | Feb | Mar | Apr | May | Jun | Jul | Aug | Sep | Oct | Nov | Dec |
2014: Jan | Feb | Mar | Apr | May | Jun | Jul | Aug | Sep | Oct | Nov | Dec |
2013: Jan | Feb | Mar | Apr | May | Jun | Jul | Aug | Sep | Oct | Nov | Dec |
2012: Jan | Feb | Mar | Apr | May | Jun | Jul | Aug | Sep | Oct | Nov | Dec |
2011: Jan | Feb | Mar | Apr | May | Jun | Jul | Aug | Sep | Oct | Nov | Dec |
2010: Jan | Feb | Mar | Apr | May | Jun | Jul | Aug | Sep | Oct | Nov | Dec |
2009: Jan | Feb | Mar | Apr | May | Jun | Jul | Aug | Sep | Oct | Nov | Dec |
2008: Jan | Feb | Mar | Apr | May | Jun | Jul | Aug | Sep | Oct | Nov | Dec |
2007: Jan | Feb | Mar | Apr | May | Jun | Jul | Aug | Sep | Oct | Nov | Dec |
2006: Jan | Feb | Mar | Apr | May | Jun | Jul | Aug | Sep | Oct | Nov | Dec |
2005: Jan | Feb | Mar | Apr | May | Jun | Jul | Aug | Sep | Oct | Nov | Dec |
2004: Jan | Feb | Mar | Apr | May | Jun | Jul | Aug | Sep | Oct | Nov | Dec |
2003: Jan | Feb | Mar | Apr | May | Jun | Jul | Aug | Sep | Oct | Nov | Dec |

Report for 2011 August
                   MONTHLY CLIMATOLOGICAL SUMMARY for AUG. 2011

NAME: Patrick Nijs   CITY: Heist-op-den-Berg   STATE: Belgium 
ELEV:    15 m  LAT:  51° 04' 15" N  LONG:   4° 42' 13" E

                   TEMPERATURE (°C), RAIN  (mm), WIND SPEED (km/hr)

                                      HEAT  COOL        AVG
    MEAN                              DEG   DEG         WIND                 DOM
DAY TEMP  HIGH   TIME   LOW    TIME   DAYS  DAYS  RAIN  SPEED HIGH   TIME    DIR
------------------------------------------------------------------------------------
 1  16.6  23.3   18:30   9.0    6:45   3.2   1.4   0.0   0.8  12.9   11:45   ENE
 2  21.3  29.2   18:30  13.1    6:45   1.4   4.4   0.0   0.8  16.1   14:00   ENE
 3  19.2  21.1    0:15  17.2   23:15   0.1   1.0   3.2   1.0  12.9   17:00   WNW
 4  19.4  27.1   16:15  14.2    6:30   1.1   2.2   6.6   1.8  25.7   17:30   SSW
 5  18.4  22.1   16:15  15.4    6:45   0.9   1.0   0.0   1.9  16.1    2:00     W
 6  18.8  22.8   15:00  14.1   00:00   0.8   1.3   4.6   1.8  20.9   21:00   SSE
 7  16.7  21.2   16:00  12.6    6:15   2.2   0.6   0.0   3.9  25.7   13:30   WSW
 8  14.7  19.5   16:30  12.5    6:15   3.7   0.1   9.0   5.3  30.6   15:15     W
 9  14.5  16.7   16:30  11.4   23:45   3.8   0.0   6.2   5.6  29.0   15:45    NW
10  16.7  22.2   18:00  10.2    7:00   2.8   1.2   0.0   4.3  29.0   18:45     W
11  19.2  25.3   17:15  15.3    7:00   0.9   1.8   0.2   5.8  30.6   14:15   WSW
12  18.2  21.1   14:45  16.8    9:45   0.6   0.5   0.4   3.4  20.9   14:00   WNW
13  17.7  19.5   12:15  15.8    6:30   0.8   0.2   5.4   1.3  14.5    9:30   SSW
14  16.9  20.6   15:45  14.7    6:45   1.6   0.2  16.2   2.3  17.7   13:00     W
15  16.2  21.8   14:15  11.2    6:45   2.8   0.7   0.0   1.6  14.5   13:00    NW
16  17.8  23.2   16:15  12.6    0:15   2.0   1.5   0.2   1.4  17.7   13:30   WNW
17  18.7  24.9   17:15  12.8    6:45   1.4   1.8   0.0   0.8  12.9   13:00    NW
18  17.8  24.9   15:30  14.1    4:30   1.4   0.9  45.4   1.0  22.5   17:30   ENE
19  18.1  21.9   18:15  14.7    8:00   1.0   0.8   0.6   3.5  17.7    4:15   WNW
20  19.1  26.8   18:15  12.1    6:45   2.0   2.8   0.0   1.0  12.9   11:45   WSW
21  22.4  29.5   14:00  16.7    5:00   0.3   4.4   0.4   2.6  22.5   18:15   WNW
22  17.8  21.8   17:30  15.1    6:15   1.0   0.5   1.8   0.8  12.9   23:45     W
23  19.7  26.3   18:00  16.3    7:00   0.7   2.1  19.0   3.2  33.8    2:30     E
24  19.1  22.3   16:45  14.5   00:00   0.3   1.1   0.0   2.3  19.3   11:30   WNW
25  18.5  25.7   16:30  11.8    4:45   2.0   2.3   0.4   1.3  17.7   10:30   SSE
26  17.6  19.3   13:15  15.5   00:00   0.8   0.1   8.8   1.9  25.7    8:00   ENE
27  14.9  18.0   13:15  11.9   22:30   3.3   0.0   6.2   3.1  25.7   14:00   SSW
28  14.2  17.6   14:45  12.1    4:30   4.1   0.0   1.0   3.4  25.7   14:45   WSW
29  14.2  18.2   16:30  11.7    6:45   4.1   0.0   0.0   4.7  27.4   12:15   WNW
30  13.4  15.7   14:30  10.3   00:00   4.8   0.0   0.2   1.1  12.9   12:45   WSW
31  13.4  20.1   16:30   7.4    7:30   5.0   0.1   0.2   0.6  12.9   10:15   WNW
-------------------------------------------------------------------------------------
    17.5  29.5    21     7.4    31    61.1  34.8 136.0   2.4  33.8    23     WNW

Max >=  32.0:  0
Max <=   0.0:  0
Min <=   0.0:  0
Min <= -18.0:  0
Max Rain: 45.39 ON 18/08/11
Days of Rain: 21 (> .2 mm) 11 (> 2 mm) 1 (> 20 mm)
Heat Base:  18.3  Cool Base:  18.3  Method: Integration
Benelux Weer Netwerk cwop awekas hwa wcloud pwsweather wow wow