NOAA-Style Climate Reports

Select a Year or Month report
2021: Jan | Feb | Mar | Apr | May | Jun | Jul | Aug | Sep | Oct | Nov | Dec |
2020: Jan | Feb | Mar | Apr | May | Jun | Jul | Aug | Sep | Oct | Nov | Dec |
2019: Jan | Feb | Mar | Apr | May | Jun | Jul | Aug | Sep | Oct | Nov | Dec |
2018: Jan | Feb | Mar | Apr | May | Jun | Jul | Aug | Sep | Oct | Nov | Dec |
2017: Jan | Feb | Mar | Apr | May | Jun | Jul | Aug | Sep | Oct | Nov | Dec |
2016: Jan | Feb | Mar | Apr | May | Jun | Jul | Aug | Sep | Oct | Nov | Dec |
2015: Jan | Feb | Mar | Apr | May | Jun | Jul | Aug | Sep | Oct | Nov | Dec |
2014: Jan | Feb | Mar | Apr | May | Jun | Jul | Aug | Sep | Oct | Nov | Dec |
2013: Jan | Feb | Mar | Apr | May | Jun | Jul | Aug | Sep | Oct | Nov | Dec |
2012: Jan | Feb | Mar | Apr | May | Jun | Jul | Aug | Sep | Oct | Nov | Dec |
2011: Jan | Feb | Mar | Apr | May | Jun | Jul | Aug | Sep | Oct | Nov | Dec |
2010: Jan | Feb | Mar | Apr | May | Jun | Jul | Aug | Sep | Oct | Nov | Dec |
2009: Jan | Feb | Mar | Apr | May | Jun | Jul | Aug | Sep | Oct | Nov | Dec |
2008: Jan | Feb | Mar | Apr | May | Jun | Jul | Aug | Sep | Oct | Nov | Dec |
2007: Jan | Feb | Mar | Apr | May | Jun | Jul | Aug | Sep | Oct | Nov | Dec |
2006: Jan | Feb | Mar | Apr | May | Jun | Jul | Aug | Sep | Oct | Nov | Dec |
2005: Jan | Feb | Mar | Apr | May | Jun | Jul | Aug | Sep | Oct | Nov | Dec |
2004: Jan | Feb | Mar | Apr | May | Jun | Jul | Aug | Sep | Oct | Nov | Dec |
2003: Jan | Feb | Mar | Apr | May | Jun | Jul | Aug | Sep | Oct | Nov | Dec |

Report for 2011 October
                   MONTHLY CLIMATOLOGICAL SUMMARY for OCT. 2011

NAME: Patrick Nijs   CITY: Heist-op-den-Berg   STATE: Belgium 
ELEV:    15 m  LAT:  51° 04' 15" N  LONG:   4° 42' 13" E

                   TEMPERATURE (°C), RAIN  (mm), WIND SPEED (km/hr)

                                      HEAT  COOL        AVG
    MEAN                              DEG   DEG         WIND                 DOM
DAY TEMP  HIGH   TIME   LOW    TIME   DAYS  DAYS  RAIN  SPEED HIGH   TIME    DIR
------------------------------------------------------------------------------------
 1  18.3  27.1   17:15  11.2    8:15   2.5   2.5   0.0   0.0   9.7   15:30    SE
 2  17.6  26.8   16:45  10.7    8:00   2.9   2.2   0.2   0.2   8.0   15:45   WNW
 3  18.1  25.9   16:15  11.2    7:00   2.5   2.2   0.2   1.3  17.7   14:15   SSW
 4  16.8  19.3   15:45  14.6    3:45   1.6   0.1   0.0   3.5  22.5   20:15     W
 5  17.1  18.6   16:30  16.3    2:45   1.2   0.0   0.0   5.0  24.1   15:45   WSW
 6  14.5  17.4    3:45  10.2   00:00   3.8   0.0   5.2   7.1  35.4   12:00   WNW
 7  10.7  15.1   15:30   8.2    5:00   7.6   0.0  12.2   6.6  29.0   13:30   WNW
 8   9.6  10.7   15:15   8.6    9:00   8.8   0.0   6.6   3.9  19.3    8:00   WNW
 9  11.4  16.1   23:45   9.0    2:30   6.8   0.0   2.8   2.6  20.9   23:00   WNW
10  17.2  19.5   14:15  16.1    0:15   1.3   0.1   0.0   8.5  38.6   12:00     W
11  16.1  17.4   13:15  14.2    8:00   2.2   0.0   0.4   7.7  35.4    5:30     W
12  14.8  16.1   15:00  12.6   00:00   3.4   0.0   2.2   5.0  25.7   14:00     W
13  11.5  15.5   15:30   7.1   23:15   6.8   0.0   0.4   1.0  16.1   16:15     E
14   9.2  15.5   16:00   4.4    7:15   9.1   0.0   0.0   1.1  20.9   15:30   ENE
15   8.5  16.0   16:30   2.9    8:30   9.8   0.0   0.0   0.6  14.5   13:30   ENE
16   8.3  17.1   16:45   2.2    8:15  10.0   0.0   0.0   0.6   9.7   10:30   ENE
17  11.2  16.3   17:00   6.3    2:30   7.1   0.0   0.2   1.6  17.7   16:30   WSW
18  10.5  13.4    8:30   8.0   11:30   7.8   0.0   3.2   4.3  27.4    9:15   WSW
19   8.5  12.8   14:45   5.7   22:00   9.8   0.0   0.2   3.2  25.7   15:00   WSW
20   6.6  11.4   15:00   2.7   00:00  11.7   0.0   1.2   1.6  17.7   13:30   WNW
21   5.7  12.6   15:00   1.2    7:00  12.6   0.0   0.2   0.8  16.1   13:00    NW
22   5.7  12.0   16:15   1.0    7:15  12.6   0.0   0.0   1.4  19.3   13:30    SE
23   9.0  16.8   15:45   3.2    1:00   9.3   0.0   0.2   2.1  19.3   15:00    SE
24   8.6  14.8   15:45   3.8    8:30   9.7   0.0   0.0   2.7  22.5   17:00   ENE
25  10.7  12.8    3:00   9.2    9:45   7.6   0.0   4.2   1.1  14.5    3:00   ENE
26  10.7  14.2   16:45   7.7   00:00   7.6   0.0   1.0   2.4  24.1   14:45    SE
27  11.0  18.3   16:30   6.9    2:30   7.3   0.0   0.0   1.3  24.1   13:15    SE
28  14.0  19.5   16:30   9.6    9:30   4.4   0.1   0.0   0.2   9.7   12:45    SE
29  13.6  18.6   17:00  10.0    5:15   4.7   0.0   0.0   0.3  11.3   13:30    SE
30  13.9  17.2   13:30  11.0    7:45   4.3   0.0   0.2   0.8  14.5   10:45    SW
31  13.2  17.5   15:00   9.4    8:15   5.1   0.0   0.0   1.0  16.1   11:30   SSE
-------------------------------------------------------------------------------------
    12.0  27.1     1     1.0    22   201.9   7.1  40.8   2.6  38.6    10       W

Max >=  32.0:  0
Max <=   0.0:  0
Min <=   0.0:  0
Min <= -18.0:  0
Max Rain: 12.19 ON 07/10/11
Days of Rain: 18 (> .2 mm) 7 (> 2 mm) 0 (> 20 mm)
Heat Base:  18.3  Cool Base:  18.3  Method: Integration
Benelux Weer Netwerk cwop awekas hwa wcloud pwsweather wow wow