-->

NOAA-Style Climate Reports

Select a Year or Month report
2021: Jan | Feb | Mar | Apr | May | Jun | Jul | Aug | Sep | Oct | Nov | Dec |
2020: Jan | Feb | Mar | Apr | May | Jun | Jul | Aug | Sep | Oct | Nov | Dec |
2019: Jan | Feb | Mar | Apr | May | Jun | Jul | Aug | Sep | Oct | Nov | Dec |
2018: Jan | Feb | Mar | Apr | May | Jun | Jul | Aug | Sep | Oct | Nov | Dec |
2017: Jan | Feb | Mar | Apr | May | Jun | Jul | Aug | Sep | Oct | Nov | Dec |
2016: Jan | Feb | Mar | Apr | May | Jun | Jul | Aug | Sep | Oct | Nov | Dec |
2015: Jan | Feb | Mar | Apr | May | Jun | Jul | Aug | Sep | Oct | Nov | Dec |
2014: Jan | Feb | Mar | Apr | May | Jun | Jul | Aug | Sep | Oct | Nov | Dec |
2013: Jan | Feb | Mar | Apr | May | Jun | Jul | Aug | Sep | Oct | Nov | Dec |
2012: Jan | Feb | Mar | Apr | May | Jun | Jul | Aug | Sep | Oct | Nov | Dec |
2011: Jan | Feb | Mar | Apr | May | Jun | Jul | Aug | Sep | Oct | Nov | Dec |
2010: Jan | Feb | Mar | Apr | May | Jun | Jul | Aug | Sep | Oct | Nov | Dec |
2009: Jan | Feb | Mar | Apr | May | Jun | Jul | Aug | Sep | Oct | Nov | Dec |
2008: Jan | Feb | Mar | Apr | May | Jun | Jul | Aug | Sep | Oct | Nov | Dec |
2007: Jan | Feb | Mar | Apr | May | Jun | Jul | Aug | Sep | Oct | Nov | Dec |
2006: Jan | Feb | Mar | Apr | May | Jun | Jul | Aug | Sep | Oct | Nov | Dec |
2005: Jan | Feb | Mar | Apr | May | Jun | Jul | Aug | Sep | Oct | Nov | Dec |
2004: Jan | Feb | Mar | Apr | May | Jun | Jul | Aug | Sep | Oct | Nov | Dec |
2003: Jan | Feb | Mar | Apr | May | Jun | Jul | Aug | Sep | Oct | Nov | Dec |

Report for 2011 November
                   MONTHLY CLIMATOLOGICAL SUMMARY for NOV. 2011

NAME: Patrick Nijs   CITY: Heist-op-den-Berg   STATE: Belgium 
ELEV:    15 m  LAT:  51° 04' 15" N  LONG:   4° 42' 13" E

                   TEMPERATURE (°C), RAIN  (mm), WIND SPEED (km/hr)

                                      HEAT  COOL        AVG
    MEAN                              DEG   DEG         WIND                 DOM
DAY TEMP  HIGH   TIME   LOW    TIME   DAYS  DAYS  RAIN  SPEED HIGH   TIME    DIR
------------------------------------------------------------------------------------
 1  12.6  17.7   14:45   8.5    7:45   5.7   0.0   3.4   1.1  17.7   11:15   SSE
 2  12.3  16.4   15:15   8.4    7:00   6.0   0.0   0.2   1.0  17.7   13:45    SE
 3  15.1  17.7   22:30  12.2    1:15   3.2   0.0   0.0   2.6  27.4   23:30    SE
 4  16.0  18.8   14:00  13.1   22:30   2.3   0.0   0.0   3.5  30.6    1:45    SE
 5  13.7  19.0   15:30  11.4   22:30   4.7   0.0   0.6   0.3  11.3    8:15     E
 6  11.7  12.4   13:15  10.9   00:00   6.6   0.0   0.0   1.1  11.3    9:30    NW
 7   9.6  10.9    0:15   8.4   22:30   8.7   0.0   0.0   1.3  19.3   14:00     E
 8   9.6  12.6   14:45   7.4    8:45   8.7   0.0   0.0   1.0  16.1    4:00   ENE
 9  11.6  16.1   15:15   8.2   00:00   6.8   0.0   0.0   0.6  16.1   12:15   SSW
10   7.7  13.5   14:00   4.8    8:45  10.6   0.0   0.2   1.0  16.1   23:45     E
11   6.6  11.9   15:15   3.0    5:15  11.8   0.0   0.0   1.1  14.5   10:00   ESE
12   7.8  14.1   15:00   3.3    7:30  10.4   0.0   0.0   0.3   9.7   11:15     E
13   5.8   6.9    0:15   4.6    5:15  12.5   0.0   0.2   1.0  12.9   17:30   ENE
14   5.2  11.4   15:15   1.6    8:45  13.1   0.0   0.0   0.0   8.0    3:30     E
15   2.9   8.8   15:45  -1.2    7:15  15.4   0.0   0.2   0.5  12.9   13:30   ENE
16   2.2   9.0   14:45  -1.9    7:30  16.1   0.0   0.2   0.5  11.3   13:15     E
17   5.4   9.2   15:00  -0.1    0:15  12.8   0.0   0.2   0.8  11.3    6:45   SSE
18   8.2  11.0   14:30   4.8   23:15  10.1   0.0   0.0   0.6  12.9   13:45   SSE
19   6.2  11.2   14:30   2.0   00:00  12.1   0.0   0.2   0.2  11.3   11:00    SE
20   3.9  11.2   15:30  -0.5    8:15  14.4   0.0   0.0   0.0   4.8   10:15    SE
21   1.7   4.8   14:45  -0.3    6:00  16.6   0.0   0.2   0.0   3.2    7:00    SE
22   6.7  14.3   14:45   0.6    0:15  11.6   0.0   0.0   0.0   4.8   11:15    SE
23   8.6  11.2   14:30   5.8    0:15   9.7   0.0   0.6   0.3   9.7   14:45   WSW
24   7.7  10.3   14:30   4.3   00:00  10.6   0.0   0.2   0.8  11.3   15:00     S
25   6.4   8.3   16:45   3.1    3:00  11.9   0.0   0.2   3.1  24.1   10:00   SSW
26   7.6  10.7   15:45   4.4    7:15  10.7   0.0   0.2   3.9  24.1   15:00   SSW
27   8.9  11.9   15:30   3.7   00:00   9.4   0.0   1.2   5.6  30.6    3:15     W
28   4.5  10.2   14:45   0.2    8:30  13.8   0.0   0.2   1.0  17.7   20:15   SSE
29   6.8  10.4   00:00   3.0    1:15  11.4   0.0   0.6   4.3  30.6   14:45   SSE
30   7.4  11.9   14:45   4.2    7:45  10.9   0.0   0.0   2.3  19.3    0:15   SSE
-------------------------------------------------------------------------------------
     8.0  19.0     5    -1.9    16   308.5   0.1   8.9   1.3  30.6     4      SE

Max >=  32.0:  0
Max <=   0.0:  0
Min <=   0.0:  5
Min <= -18.0:  0
Max Rain: 3.40 ON 01/11/11
Days of Rain: 17 (> .2 mm) 1 (> 2 mm) 0 (> 20 mm)
Heat Base:  18.3  Cool Base:  18.3  Method: Integration
Benelux Weer Netwerk cwop awekas hwa wcloud pwsweather wow wow