NOAA-Style Climate Reports

Select a Year or Month report
2021: Jan | Feb | Mar | Apr | May | Jun | Jul | Aug | Sep | Oct | Nov | Dec |
2020: Jan | Feb | Mar | Apr | May | Jun | Jul | Aug | Sep | Oct | Nov | Dec |
2019: Jan | Feb | Mar | Apr | May | Jun | Jul | Aug | Sep | Oct | Nov | Dec |
2018: Jan | Feb | Mar | Apr | May | Jun | Jul | Aug | Sep | Oct | Nov | Dec |
2017: Jan | Feb | Mar | Apr | May | Jun | Jul | Aug | Sep | Oct | Nov | Dec |
2016: Jan | Feb | Mar | Apr | May | Jun | Jul | Aug | Sep | Oct | Nov | Dec |
2015: Jan | Feb | Mar | Apr | May | Jun | Jul | Aug | Sep | Oct | Nov | Dec |
2014: Jan | Feb | Mar | Apr | May | Jun | Jul | Aug | Sep | Oct | Nov | Dec |
2013: Jan | Feb | Mar | Apr | May | Jun | Jul | Aug | Sep | Oct | Nov | Dec |
2012: Jan | Feb | Mar | Apr | May | Jun | Jul | Aug | Sep | Oct | Nov | Dec |
2011: Jan | Feb | Mar | Apr | May | Jun | Jul | Aug | Sep | Oct | Nov | Dec |
2010: Jan | Feb | Mar | Apr | May | Jun | Jul | Aug | Sep | Oct | Nov | Dec |
2009: Jan | Feb | Mar | Apr | May | Jun | Jul | Aug | Sep | Oct | Nov | Dec |
2008: Jan | Feb | Mar | Apr | May | Jun | Jul | Aug | Sep | Oct | Nov | Dec |
2007: Jan | Feb | Mar | Apr | May | Jun | Jul | Aug | Sep | Oct | Nov | Dec |
2006: Jan | Feb | Mar | Apr | May | Jun | Jul | Aug | Sep | Oct | Nov | Dec |
2005: Jan | Feb | Mar | Apr | May | Jun | Jul | Aug | Sep | Oct | Nov | Dec |
2004: Jan | Feb | Mar | Apr | May | Jun | Jul | Aug | Sep | Oct | Nov | Dec |
2003: Jan | Feb | Mar | Apr | May | Jun | Jul | Aug | Sep | Oct | Nov | Dec |

Report for 2011 December
                   MONTHLY CLIMATOLOGICAL SUMMARY for DEC. 2011

NAME: Patrick Nijs   CITY: Heist-op-den-Berg   STATE: Belgium 
ELEV:    15 m  LAT:  51° 04' 15" N  LONG:   4° 42' 13" E

                   TEMPERATURE (°C), RAIN  (mm), WIND SPEED (km/hr)

                                      HEAT  COOL        AVG
    MEAN                              DEG   DEG         WIND                 DOM
DAY TEMP  HIGH   TIME   LOW    TIME   DAYS  DAYS  RAIN  SPEED HIGH   TIME    DIR
------------------------------------------------------------------------------------
 1  10.1  12.7   14:45   4.4    1:45   8.2   0.0   4.2   4.8  25.7   14:45   SSW
 2   7.3  12.2    3:15   4.4   22:45  11.0   0.0   3.0   3.5  32.2    2:00     W
 3   8.0  10.6   15:45   5.8    0:15  10.3   0.0   9.2   6.0  37.0    8:00   SSW
 4   8.6   9.6   14:45   5.6   00:00   9.7   0.0   2.6   5.0  32.2   00:00   WSW
 5   5.2   7.0   13:45   3.5   00:00  13.1   0.0   1.6   6.6  33.8   12:45     W
 6   4.8   7.9   14:15   3.2    4:30  13.4   0.0   1.4   5.5  29.0   12:15     W
 7   7.3   9.1   12:45   5.2    0:15  11.0   0.0   4.2  11.1  48.3   14:30   WNW
 8   7.5  11.7   00:00   2.9    7:45  10.8   0.0   0.0   7.6  43.5   00:00   SSW
 9   6.7  11.8    0:30   3.3   19:30  11.6   0.0   5.0   7.9  38.6    0:30     W
10   3.5   6.5   14:30   0.5   00:00  14.8   0.0   0.0   2.7  19.3   13:15   WSW
11   3.3   6.7   14:30  -0.6    3:45  15.0   0.0   0.2   1.6  16.1   12:45   SSE
12   7.2   8.7    6:00   5.9    0:30  11.1   0.0   1.2   5.3  27.4   23:45     W
13   7.6  10.7   13:00   3.9   22:30  10.7   0.0  13.4   8.9  41.8    3:30     S
14   5.1   6.9    1:45   2.8   15:00  13.2   0.0  15.0   6.0  30.6   14:30     W
15   6.1   7.7   15:15   5.1    1:00  12.2   0.0   0.6   7.4  35.4   11:15   WSW
16   3.6   9.8    8:30   0.3   22:15  14.7   0.0  25.6   7.4  33.8   19:00    NW
17   3.2   6.9   14:00   1.2    7:00  15.1   0.0   8.0   3.4  30.6   19:30     W
18   1.8   3.4   15:00   0.5    4:45  16.5   0.0   4.8   3.4  20.9   13:00   WNW
19   1.6   3.7   12:45  -0.3    7:45  16.7   0.0   4.0   3.1  24.1   21:00     W
20   4.9   7.3   12:15   1.2    0:15  13.4   0.0   4.4   6.0  30.6   13:30   WNW
21   5.1   6.2   00:00   3.8    1:30  13.3   0.0   2.4   0.6   9.7    1:15     S
22   9.3  10.7   13:45   6.2    0:15   9.0   0.0   0.4   4.7  20.9   11:30   WNW
23   9.1  10.3   13:15   6.4   00:00   9.2   0.0   2.8   4.2  38.6   23:45   WSW
24   5.7   7.5   14:30   4.1    5:00  12.6   0.0  12.2   7.9  40.2    1:30    NW
25   8.3  10.1   18:15   6.2    0:30  10.0   0.0   0.0   5.5  22.5    2:30   WSW
26   9.3   9.9   21:00   8.7    4:15   9.0   0.0   0.8   3.4  24.1    6:30   WSW
27   8.4   9.7    2:45   7.2   00:00   9.9   0.0   0.2   1.6  20.9    3:15   SSW
28   6.2   7.2    0:15   5.2   10:30  12.1   0.0   0.4   5.3  25.7   20:00   SSW
29   5.8   8.5   21:30   4.2   22:00  12.5   0.0   4.8   7.7  49.9   21:45     W
30   5.2   6.9   13:15   3.0   19:45  13.1   0.0   0.6   8.4  38.6    3:30   WNW
31   8.4  11.1   23:45   3.9    0:30   9.9   0.0   2.2   4.2  22.5   15:15     W
-------------------------------------------------------------------------------------
     6.3  12.7     1    -0.6    11   373.3   0.0 135.2   5.4  49.9    29     WSW

Max >=  32.0:  0
Max <=   0.0:  0
Min <=   0.0:  2
Min <= -18.0:  0
Max Rain: 25.60 ON 16/12/11
Days of Rain: 28 (> .2 mm) 18 (> 2 mm) 1 (> 20 mm)
Heat Base:  18.3  Cool Base:  18.3  Method: Integration
Benelux Weer Netwerk cwop awekas hwa wcloud pwsweather wow wow