Wind From: 23-01-2021 18:00 Until: 24-01-2021 09:59 warning for: Wind Level: Yellow info button

NOAA-Style Climate Reports

Select a Year or Month report
2021: Jan | Feb | Mar | Apr | May | Jun | Jul | Aug | Sep | Oct | Nov | Dec |
2020: Jan | Feb | Mar | Apr | May | Jun | Jul | Aug | Sep | Oct | Nov | Dec |
2019: Jan | Feb | Mar | Apr | May | Jun | Jul | Aug | Sep | Oct | Nov | Dec |
2018: Jan | Feb | Mar | Apr | May | Jun | Jul | Aug | Sep | Oct | Nov | Dec |
2017: Jan | Feb | Mar | Apr | May | Jun | Jul | Aug | Sep | Oct | Nov | Dec |
2016: Jan | Feb | Mar | Apr | May | Jun | Jul | Aug | Sep | Oct | Nov | Dec |
2015: Jan | Feb | Mar | Apr | May | Jun | Jul | Aug | Sep | Oct | Nov | Dec |
2014: Jan | Feb | Mar | Apr | May | Jun | Jul | Aug | Sep | Oct | Nov | Dec |
2013: Jan | Feb | Mar | Apr | May | Jun | Jul | Aug | Sep | Oct | Nov | Dec |
2012: Jan | Feb | Mar | Apr | May | Jun | Jul | Aug | Sep | Oct | Nov | Dec |
2011: Jan | Feb | Mar | Apr | May | Jun | Jul | Aug | Sep | Oct | Nov | Dec |
2010: Jan | Feb | Mar | Apr | May | Jun | Jul | Aug | Sep | Oct | Nov | Dec |
2009: Jan | Feb | Mar | Apr | May | Jun | Jul | Aug | Sep | Oct | Nov | Dec |
2008: Jan | Feb | Mar | Apr | May | Jun | Jul | Aug | Sep | Oct | Nov | Dec |
2007: Jan | Feb | Mar | Apr | May | Jun | Jul | Aug | Sep | Oct | Nov | Dec |
2006: Jan | Feb | Mar | Apr | May | Jun | Jul | Aug | Sep | Oct | Nov | Dec |
2005: Jan | Feb | Mar | Apr | May | Jun | Jul | Aug | Sep | Oct | Nov | Dec |
2004: Jan | Feb | Mar | Apr | May | Jun | Jul | Aug | Sep | Oct | Nov | Dec |
2003: Jan | Feb | Mar | Apr | May | Jun | Jul | Aug | Sep | Oct | Nov | Dec |

Report for 2012 January
                   MONTHLY CLIMATOLOGICAL SUMMARY for JAN. 2012

NAME: Patrick Nijs   CITY: Heist-op-den-Berg   STATE: Belgium 
ELEV:    15 m  LAT:  51° 04' 15" N  LONG:   4° 42' 13" E

                   TEMPERATURE (°C), RAIN  (mm), WIND SPEED (km/hr)

                                      HEAT  COOL        AVG
    MEAN                              DEG   DEG         WIND                 DOM
DAY TEMP  HIGH   TIME   LOW    TIME   DAYS  DAYS  RAIN  SPEED HIGH   TIME    DIR
------------------------------------------------------------------------------------
 1  12.2  14.2   21:45  10.6   00:00   6.2   0.0   5.2   6.1  43.5   21:15   WSW
 2   7.6  10.6    0:15   5.1   22:00  10.7   0.0   4.8   4.8  29.0    0:15   WSW
 3   8.1  11.3   13:30   5.1    1:15  10.2   0.0   7.2  10.3  48.3   10:30   SSW
 4   7.0   7.9   14:15   5.8    3:00  11.3   0.0   4.4   9.3  41.8    6:45     W
 5   7.7  11.3    8:15   4.5   21:45  10.7   0.0  22.6  15.1  64.4    8:30    NW
 6   5.9   7.8   13:00   3.7   21:15  12.4   0.0   1.0   8.5  40.2    1:15    NW
 7   7.7   9.5   13:00   4.5    0:15  10.6   0.0   2.4   9.0  37.0   12:45   WNW
 8   6.6   8.6   13:15   3.7   22:00  11.7   0.0   0.4   5.0  25.7    4:30   WNW
 9   7.9   9.5   18:15   5.1    0:15  10.3   0.0   1.4   3.7  17.7   12:00     W
10   8.7   9.6   14:15   7.4    8:30   9.6   0.0   0.0   1.3  12.9   21:00   WNW
11   9.2  10.1   14:30   7.7    9:15   9.2   0.0   0.2   3.5  20.9   22:45   WSW
12   7.9  10.4   15:45   4.3   00:00  10.4   0.0   0.8   6.1  33.8   16:30     W
13   4.4   7.4   14:45   2.4   20:30  13.8   0.0   0.0   2.7  19.3   13:00    NW
14   3.6   7.1   13:45  -0.7   00:00  14.7   0.0   0.0   0.3  11.3   13:45   WNW
15   0.7   5.8   14:30  -2.9    7:45  17.6   0.0   0.2   0.8  16.1   15:15   ENE
16   0.1   4.0   14:30  -2.7   00:00  18.2   0.0   0.2   0.6  11.3    2:45   ENE
17  -0.4   6.2   14:30  -4.0    7:15  18.7   0.0   0.0   0.2   6.4   13:00    SE
18   1.6   5.5   00:00  -2.6    4:00  16.7   0.0   1.6   3.2  32.2   12:30   SSW
19   7.9  11.0   13:00   5.5    0:15  10.4   0.0  11.6   6.6  37.0   11:00     W
20   4.9   6.9    0:45   3.8   16:00  13.4   0.0   6.2   6.6  46.7    0:45   WNW
21   8.0  11.3   15:30   4.5    0:45  10.3   0.0   3.4   8.7  38.6   19:45   WNW
22   7.2  10.4   15:15   4.6    7:30  11.1   0.0   0.0   9.7  46.7   16:15   WNW
23   5.6   7.8   13:45   3.7   00:00  12.7   0.0   0.8   5.3  27.4   15:45     W
24   3.3   5.3   14:45   1.9    8:45  15.0   0.0   1.0   1.3  16.1   15:45     W
25   4.9   6.1   16:00   3.3    0:15  13.4   0.0   0.4   2.4  14.5   14:15    SE
26   6.6   8.9   15:30   3.4   23:45  11.7   0.0   3.4   3.1  24.1   13:00    SE
27   4.4   8.9   15:00   1.2    8:45  13.8   0.0   0.4   1.6  22.5   13:45     S
28   3.5   6.4   15:00   1.1   23:45  14.8   0.0   0.8   0.8  12.9   21:45   ENE
29   0.0   1.2    0:15  -1.2   20:30  18.3   0.0   0.0   1.1  16.1   19:00     E
30  -0.9  -0.4   15:30  -1.9   00:00  19.3   0.0   0.0   0.0   8.0   13:45     E
31  -2.1  -0.8    4:45  -4.7   00:00  20.4   0.0   0.2   1.3  17.7   22:00     E
-------------------------------------------------------------------------------------
     5.2  14.2     1    -4.7    31   407.6   0.0  80.6   4.5  64.4     5     WNW

Max >=  32.0:  0
Max <=   0.0:  2
Min <=   0.0:  8
Min <= -18.0:  0
Max Rain: 22.61 ON 05/01/12
Days of Rain: 24 (> .2 mm) 10 (> 2 mm) 1 (> 20 mm)
Heat Base:  18.3  Cool Base:  18.3  Method: Integration
Benelux Weer Netwerk cwop awekas hwa wcloud pwsweather wow wow