NOAA-Style Climate Reports

Select a Year or Month report
2021: Jan | Feb | Mar | Apr | May | Jun | Jul | Aug | Sep | Oct | Nov | Dec |
2020: Jan | Feb | Mar | Apr | May | Jun | Jul | Aug | Sep | Oct | Nov | Dec |
2019: Jan | Feb | Mar | Apr | May | Jun | Jul | Aug | Sep | Oct | Nov | Dec |
2018: Jan | Feb | Mar | Apr | May | Jun | Jul | Aug | Sep | Oct | Nov | Dec |
2017: Jan | Feb | Mar | Apr | May | Jun | Jul | Aug | Sep | Oct | Nov | Dec |
2016: Jan | Feb | Mar | Apr | May | Jun | Jul | Aug | Sep | Oct | Nov | Dec |
2015: Jan | Feb | Mar | Apr | May | Jun | Jul | Aug | Sep | Oct | Nov | Dec |
2014: Jan | Feb | Mar | Apr | May | Jun | Jul | Aug | Sep | Oct | Nov | Dec |
2013: Jan | Feb | Mar | Apr | May | Jun | Jul | Aug | Sep | Oct | Nov | Dec |
2012: Jan | Feb | Mar | Apr | May | Jun | Jul | Aug | Sep | Oct | Nov | Dec |
2011: Jan | Feb | Mar | Apr | May | Jun | Jul | Aug | Sep | Oct | Nov | Dec |
2010: Jan | Feb | Mar | Apr | May | Jun | Jul | Aug | Sep | Oct | Nov | Dec |
2009: Jan | Feb | Mar | Apr | May | Jun | Jul | Aug | Sep | Oct | Nov | Dec |
2008: Jan | Feb | Mar | Apr | May | Jun | Jul | Aug | Sep | Oct | Nov | Dec |
2007: Jan | Feb | Mar | Apr | May | Jun | Jul | Aug | Sep | Oct | Nov | Dec |
2006: Jan | Feb | Mar | Apr | May | Jun | Jul | Aug | Sep | Oct | Nov | Dec |
2005: Jan | Feb | Mar | Apr | May | Jun | Jul | Aug | Sep | Oct | Nov | Dec |
2004: Jan | Feb | Mar | Apr | May | Jun | Jul | Aug | Sep | Oct | Nov | Dec |
2003: Jan | Feb | Mar | Apr | May | Jun | Jul | Aug | Sep | Oct | Nov | Dec |

Report for 2012 February
                   MONTHLY CLIMATOLOGICAL SUMMARY for FEB. 2012

NAME: Patrick Nijs   CITY: Heist-op-den-Berg   STATE: Belgium 
ELEV:    15 m  LAT:  51° 04' 15" N  LONG:   4° 42' 13" E

                   TEMPERATURE (°C), RAIN  (mm), WIND SPEED (km/hr)

                                      HEAT  COOL        AVG
    MEAN                              DEG   DEG         WIND                 DOM
DAY TEMP  HIGH   TIME   LOW    TIME   DAYS  DAYS  RAIN  SPEED HIGH   TIME    DIR
------------------------------------------------------------------------------------
 1  -4.9  -1.2   15:30  -7.6    7:45  23.2   0.0   0.0   4.7  25.7   13:15     E
 2  -6.3  -3.1   15:15  -8.6    8:30  24.6   0.0   0.0   2.7  20.9    0:30     E
 3  -8.0  -4.1   14:15 -10.8    8:00  26.3   0.0   0.0   0.6  12.9    1:00    SE
 4 -10.8  -7.2   16:00 -14.1    6:45  29.1   0.0   0.2   0.2   8.0    8:45   ESE
 5  -7.4  -4.2   13:30 -11.8    0:15  25.8   0.0   0.0   1.6  12.9    4:00    SE
 6  -5.2  -1.3   15:30  -9.4   00:00  23.5   0.0   0.6   0.5   9.7   15:30     E
 7  -8.4  -5.2   16:00 -12.1    8:15  26.7   0.0   0.0   1.8  24.1   13:00     E
 8  -4.1  -1.1   15:00  -6.6   00:00  22.3   0.0   0.0   2.3  24.1   10:30     E
 9  -5.4  -0.8   16:30  -9.8    8:15  23.7   0.0   0.0   0.6  14.5   16:00    NW
10  -5.1  -1.4   15:30  -8.1    6:30  23.4   0.0   0.0   1.1  14.5   10:30     E
11  -7.2  -2.8   15:45 -11.3    8:30  25.5   0.0   0.0   1.0  19.3   14:45     E
12  -5.2  -1.6   19:30 -10.5    7:45  23.5   0.0   0.0   0.3   6.4   10:30    SW
13   1.3   3.9   14:30  -1.9    0:15  17.0   0.0   2.6   1.9  17.7   15:15     W
14   4.1   6.6   14:15   2.6    0:15  14.2   0.0   2.2   5.0  24.1   23:45    NW
15   5.6   7.1   13:00   4.0    0:15  12.7   0.0   6.6   9.0  40.2    6:15    NW
16   5.9   8.0   14:00   4.6   23:15  12.4   0.0   0.2   3.5  16.1   12:00    NW
17   6.3   8.8   15:30   4.5    7:15  12.0   0.0   1.2   3.1  16.1    4:45     W
18   7.7   9.3   16:15   3.4   00:00  10.6   0.0   5.6   5.8  33.8   22:30   WSW
19   2.7   6.1   14:00  -0.2   23:00  15.6   0.0   0.4   5.1  32.2   13:45   WNW
20   1.8   6.2   15:30  -1.7    8:15  16.5   0.0   0.4   1.8  19.3   13:30     W
21   4.5   8.2   15:15   0.7    0:30  13.8   0.0   0.0   3.4  20.9   11:30   SSW
22   5.8   9.1   13:00   2.2    8:15  12.5   0.0   0.4   4.5  25.7   21:15   WSW
23   8.6  11.4   16:30   5.3    1:30   9.8   0.0   0.4   4.2  22.5   23:00   WSW
24   9.8  11.5   17:30   8.7    8:45   8.5   0.0   0.2   4.3  20.9    2:45     W
25   7.4   9.5   15:30   4.8    7:45  10.9   0.0   0.2   4.2  20.9   12:00   WNW
26   5.5   8.6   15:00   2.7    6:45  12.8   0.0   0.0   3.2  16.1   14:45   WNW
27   5.4   9.9   13:15   0.8    6:00  12.9   0.0   0.2   2.4  19.3   13:45   WNW
28   8.8   9.9   15:30   7.5    0:15   9.5   0.0   0.0   2.7  16.1   13:15   WSW
29   9.2  10.0   15:30   8.2   00:00   9.1   0.0   0.0   1.0  11.3   11:45     W
-------------------------------------------------------------------------------------
     0.8  11.5    24   -14.1     4   508.4   0.0  21.4   2.8  40.2    15       E

Max >=  32.0:  0
Max <=   0.0: 12
Min <=   0.0: 15
Min <= -18.0:  0
Max Rain: 6.60 ON 15/02/12
Days of Rain: 15 (> .2 mm) 4 (> 2 mm) 0 (> 20 mm)
Heat Base:  18.3  Cool Base:  18.3  Method: Integration
Benelux Weer Netwerk cwop awekas hwa wcloud pwsweather wow wow