-->

NOAA-Style Climate Reports

Select a Year or Month report
2021: Jan | Feb | Mar | Apr | May | Jun | Jul | Aug | Sep | Oct | Nov | Dec |
2020: Jan | Feb | Mar | Apr | May | Jun | Jul | Aug | Sep | Oct | Nov | Dec |
2019: Jan | Feb | Mar | Apr | May | Jun | Jul | Aug | Sep | Oct | Nov | Dec |
2018: Jan | Feb | Mar | Apr | May | Jun | Jul | Aug | Sep | Oct | Nov | Dec |
2017: Jan | Feb | Mar | Apr | May | Jun | Jul | Aug | Sep | Oct | Nov | Dec |
2016: Jan | Feb | Mar | Apr | May | Jun | Jul | Aug | Sep | Oct | Nov | Dec |
2015: Jan | Feb | Mar | Apr | May | Jun | Jul | Aug | Sep | Oct | Nov | Dec |
2014: Jan | Feb | Mar | Apr | May | Jun | Jul | Aug | Sep | Oct | Nov | Dec |
2013: Jan | Feb | Mar | Apr | May | Jun | Jul | Aug | Sep | Oct | Nov | Dec |
2012: Jan | Feb | Mar | Apr | May | Jun | Jul | Aug | Sep | Oct | Nov | Dec |
2011: Jan | Feb | Mar | Apr | May | Jun | Jul | Aug | Sep | Oct | Nov | Dec |
2010: Jan | Feb | Mar | Apr | May | Jun | Jul | Aug | Sep | Oct | Nov | Dec |
2009: Jan | Feb | Mar | Apr | May | Jun | Jul | Aug | Sep | Oct | Nov | Dec |
2008: Jan | Feb | Mar | Apr | May | Jun | Jul | Aug | Sep | Oct | Nov | Dec |
2007: Jan | Feb | Mar | Apr | May | Jun | Jul | Aug | Sep | Oct | Nov | Dec |
2006: Jan | Feb | Mar | Apr | May | Jun | Jul | Aug | Sep | Oct | Nov | Dec |
2005: Jan | Feb | Mar | Apr | May | Jun | Jul | Aug | Sep | Oct | Nov | Dec |
2004: Jan | Feb | Mar | Apr | May | Jun | Jul | Aug | Sep | Oct | Nov | Dec |
2003: Jan | Feb | Mar | Apr | May | Jun | Jul | Aug | Sep | Oct | Nov | Dec |

Report for 2012 March
                   MONTHLY CLIMATOLOGICAL SUMMARY for MAR. 2012

NAME: Patrick Nijs   CITY: Heist-op-den-Berg   STATE: Belgium 
ELEV:    15 m  LAT:  51° 04' 15" N  LONG:   4° 42' 13" E

                   TEMPERATURE (°C), RAIN  (mm), WIND SPEED (km/hr)

                                      HEAT  COOL        AVG
    MEAN                              DEG   DEG         WIND                 DOM
DAY TEMP  HIGH   TIME   LOW    TIME   DAYS  DAYS  RAIN  SPEED HIGH   TIME    DIR
------------------------------------------------------------------------------------
 1   7.8   8.8   15:45   7.0    3:45  10.5   0.0   0.2   0.0   6.4   10:30   SSE
 2   7.9   9.5   15:30   6.7    4:30  10.4   0.0   0.2   1.4  14.5    6:15     E
 3  10.2  13.4   14:30   8.5    0:15   8.1   0.0   0.2   1.3  25.7   17:15     E
 4   8.4  11.2   14:00   5.8    4:15   9.9   0.0   4.6   1.6  16.1   13:00    SE
 5   2.9   8.2    0:15   0.8   12:30  15.4   0.0   6.4   4.7  27.4   10:30   SSE
 6   5.0   8.0   16:00   1.4   00:00  13.3   0.0   0.0   1.0  16.1   10:00    SE
 7   3.8   6.5   14:30   0.3    4:00  14.5   0.0   7.8   4.2  27.4   19:15     S
 8   5.2   8.6   16:00   1.4   00:00  13.1   0.0   0.0   4.2  19.3   10:30    NW
 9   7.4  11.9   12:45   1.4    0:15  10.9   0.0   0.0   2.7  24.1   13:30     W
10   9.4  12.1   15:15   8.0    4:15   8.9   0.0   0.0   2.9  14.5    9:30   WSW
11  10.4  15.6   15:15   6.3   00:00   7.9   0.0   0.0   1.8  17.7   15:15    NW
12   8.4  15.6   15:30   2.7    7:30   9.9   0.0   0.0   0.5   9.7   13:45   WNW
13   8.3   9.7   13:00   6.9    4:00  10.0   0.0   0.0   0.5  11.3   13:30    NW
14   8.1  11.1   16:45   4.7   00:00  10.3   0.0   0.0   0.5  12.9   15:15     E
15   9.3  20.0   16:45   0.4    7:00   9.2   0.2   0.2   0.8  11.3   13:00    SE
16   9.8  17.7   16:45   4.9    6:45   8.5   0.0   0.0   1.6  14.5    7:15   WSW
17   9.6  13.2   13:30   5.6    6:45   8.7   0.0   0.0   1.9  16.1    1:00   SSE
18   8.4  11.9   14:00   4.3   23:30   9.9   0.0   0.2   4.0  27.4    4:15    NW
19   6.5  11.9   15:15   1.9    7:15  11.8   0.0   0.0   1.6  22.5   13:45    NW
20   7.6  14.0   15:15   1.4    6:45  10.7   0.0   0.0   1.8  17.7   12:15   WNW
21  10.0  16.8   15:15   2.2    7:00   8.3   0.0   0.0   1.1  16.1   14:00     E
22  13.2  20.4   15:15   5.9    6:00   5.5   0.4   0.0   2.1  20.9   15:00   ENE
23  13.8  21.5   15:30   6.4    5:30   5.0   0.6   0.0   0.6   9.7    9:00     E
24  12.9  20.7   14:30   5.2    6:45   5.8   0.4   0.0   0.6  12.9   14:30    NE
25  11.7  19.7   17:45   5.6    8:00   6.4   0.1   0.0   0.8  14.5   18:00     E
26  12.1  19.6   16:45   4.1    8:00   6.3   0.1   0.0   1.0  19.3   13:15     E
27  12.2  20.6   15:30   3.7    8:15   6.4   0.3   0.0   0.8  11.3   12:45    NW
28  12.4  20.6   16:30   5.3    8:00   6.1   0.3   0.0   0.8  14.5   15:15    NW
29   9.2  14.8   14:30   4.1    7:30   9.1   0.0   0.0   2.7  19.3   16:30   NNW
30   7.9   9.5   14:00   5.4    4:15  10.4   0.0   0.0   3.7  19.3   11:00    NW
31   7.7   9.7   17:45   3.0   00:00  10.6   0.0   0.0   3.7  20.9   16:15    NW
-------------------------------------------------------------------------------------
     9.0  21.5    23     0.3     7   291.7   2.3  19.8   1.8  27.4     5      NW

Max >=  32.0:  0
Max <=   0.0:  0
Min <=   0.0:  0
Min <= -18.0:  0
Max Rain: 7.80 ON 07/03/12
Days of Rain: 8 (> .2 mm) 3 (> 2 mm) 0 (> 20 mm)
Heat Base:  18.3  Cool Base:  18.3  Method: Integration
Benelux Weer Netwerk cwop awekas hwa wcloud pwsweather wow wow