Thunderstorms From: 14-05-2021 11:59 Until: 22:59 warning for: Thunderstorms Level: Yellow info button

NOAA-Style Climate Reports

Select a Year or Month report
2021: Jan | Feb | Mar | Apr | May | Jun | Jul | Aug | Sep | Oct | Nov | Dec |
2020: Jan | Feb | Mar | Apr | May | Jun | Jul | Aug | Sep | Oct | Nov | Dec |
2019: Jan | Feb | Mar | Apr | May | Jun | Jul | Aug | Sep | Oct | Nov | Dec |
2018: Jan | Feb | Mar | Apr | May | Jun | Jul | Aug | Sep | Oct | Nov | Dec |
2017: Jan | Feb | Mar | Apr | May | Jun | Jul | Aug | Sep | Oct | Nov | Dec |
2016: Jan | Feb | Mar | Apr | May | Jun | Jul | Aug | Sep | Oct | Nov | Dec |
2015: Jan | Feb | Mar | Apr | May | Jun | Jul | Aug | Sep | Oct | Nov | Dec |
2014: Jan | Feb | Mar | Apr | May | Jun | Jul | Aug | Sep | Oct | Nov | Dec |
2013: Jan | Feb | Mar | Apr | May | Jun | Jul | Aug | Sep | Oct | Nov | Dec |
2012: Jan | Feb | Mar | Apr | May | Jun | Jul | Aug | Sep | Oct | Nov | Dec |
2011: Jan | Feb | Mar | Apr | May | Jun | Jul | Aug | Sep | Oct | Nov | Dec |
2010: Jan | Feb | Mar | Apr | May | Jun | Jul | Aug | Sep | Oct | Nov | Dec |
2009: Jan | Feb | Mar | Apr | May | Jun | Jul | Aug | Sep | Oct | Nov | Dec |
2008: Jan | Feb | Mar | Apr | May | Jun | Jul | Aug | Sep | Oct | Nov | Dec |
2007: Jan | Feb | Mar | Apr | May | Jun | Jul | Aug | Sep | Oct | Nov | Dec |
2006: Jan | Feb | Mar | Apr | May | Jun | Jul | Aug | Sep | Oct | Nov | Dec |
2005: Jan | Feb | Mar | Apr | May | Jun | Jul | Aug | Sep | Oct | Nov | Dec |
2004: Jan | Feb | Mar | Apr | May | Jun | Jul | Aug | Sep | Oct | Nov | Dec |
2003: Jan | Feb | Mar | Apr | May | Jun | Jul | Aug | Sep | Oct | Nov | Dec |

Report for 2012 May
                   MONTHLY CLIMATOLOGICAL SUMMARY for MAY. 2012

NAME: Patrick Nijs   CITY: Heist-op-den-Berg   STATE: Belgium 
ELEV:    15 m  LAT:  51° 04' 15" N  LONG:   4° 42' 13" E

                   TEMPERATURE (°C), RAIN  (mm), WIND SPEED (km/hr)

                                      HEAT  COOL        AVG
    MEAN                              DEG   DEG         WIND                 DOM
DAY TEMP  HIGH   TIME   LOW    TIME   DAYS  DAYS  RAIN  SPEED HIGH   TIME    DIR
------------------------------------------------------------------------------------
 1  15.7  20.3   16:30  12.3    6:30   2.8   0.2   2.8   1.9  16.1   17:00   WNW
 2  11.3  15.2   11:15   9.4    6:45   7.0   0.0  10.6   1.3  16.1   16:15    NW
 3  11.5  13.8   17:30   9.9    0:15   6.8   0.0   0.0   0.6  12.9   14:30   SSE
 4  11.4  17.1   17:00   8.3    6:45   6.8   0.0   0.8   2.3  17.7   16:15    NW
 5   8.4  10.1   15:15   7.6    6:30   9.9   0.0   3.2   0.2  12.9   21:45     E
 6   8.5  11.6   16:30   6.6    6:45   9.8   0.0   0.0   1.0  19.3    7:45     E
 7  10.9  16.8   18:00   5.1    4:45   7.4   0.0   0.0   1.3  17.7   14:30   SSE
 8  14.3  19.7   16:30   9.9    6:15   4.2   0.1   0.8   2.1  24.1   16:45    SE
 9  16.3  20.5   19:00  14.1    2:30   2.3   0.2   2.4   2.3  24.1   15:45   SSE
10  19.8  24.6   19:00  14.7    1:30   1.0   2.5   0.8   3.1  25.7   12:30   SSE
11  16.0  22.1    0:15  10.0   00:00   2.5   0.1   0.4   5.1  25.7   18:00   WNW
12   9.9  15.2   16:30   6.1   00:00   8.4   0.0   0.2   2.1  19.3   16:00    NW
13   9.3  16.0   17:15   1.8    6:00   9.0   0.0   0.0   0.8  12.9   14:15   NNW
14  11.8  18.4   17:15   4.6    6:00   6.5   0.0   0.0   2.9  22.5   17:45   WNW
15   8.6  11.7   11:30   6.5   16:30   9.7   0.0   9.6   3.7  37.0   11:30   WNW
16   9.2  13.7   17:30   5.9    6:30   9.1   0.0   0.6   5.0  29.0    8:00    NW
17  10.3  15.7   18:45   2.4    6:30   8.0   0.0   0.0   1.8  17.7   13:45   ENE
18  14.1  18.1   12:00   9.9    6:45   4.2   0.0   0.2   2.1  25.7   10:30   ENE
19  16.5  22.6   17:15  11.9    6:00   2.6   0.8   0.4   1.4  17.7   13:00    SE
20  16.4  23.0   16:15  11.6    6:00   2.8   0.9   0.0   1.1  14.5   20:00   NNE
21  16.0  23.6   14:15  11.9    6:00   3.2   0.9   0.0   4.3  19.3   19:00    NW
22  17.5  24.5   16:45  12.1    1:15   2.5   1.6   0.0   5.5  17.7   14:30   WNW
23  18.1  26.4   18:15  12.2    4:45   2.6   2.3   0.0   2.4  12.9    3:15   WNW
24  22.1  29.8   17:15  14.7    6:45   0.8   4.5   0.0   0.8  14.5   15:45    NW
25  21.4  26.8   16:30  15.7    6:00   0.3   3.4   0.0   4.2  33.8   17:30   ENE
26  21.1  26.7   17:00  13.4    6:00   0.8   3.6   0.0   2.9  27.4   14:15   ENE
27  21.8  27.9   17:00  14.4    5:30   0.7   4.2   0.0   1.6  22.5   16:15   ENE
28  20.4  26.2   17:30  13.9    6:00   0.8   2.9   0.0   2.9  20.9   14:45    NW
29  18.9  25.8   16:00  12.3    6:00   1.7   2.3   0.0   1.1  17.7   16:00    NW
30  17.8  23.7   18:15  12.0    6:15   2.1   1.6   0.0   1.3  14.5   17:45    NW
31  17.1  20.8   12:00  13.9   22:00   1.8   0.5   0.2   4.7  29.0   17:30   WNW
-------------------------------------------------------------------------------------
    14.9  29.8    24     1.8    13   138.1  32.9  33.0   2.4  37.0    15      NW

Max >=  32.0:  0
Max <=   0.0:  0
Min <=   0.0:  0
Min <= -18.0:  0
Max Rain: 10.59 ON 02/05/12
Days of Rain: 14 (> .2 mm) 5 (> 2 mm) 0 (> 20 mm)
Heat Base:  18.3  Cool Base:  18.3  Method: Integration
Benelux Weer Netwerk cwop awekas hwa wcloud pwsweather wow wow