Wind From: 23-01-2021 18:00 Until: 24-01-2021 09:59 warning for: Wind Level: Yellow info button

NOAA-Style Climate Reports

Select a Year or Month report
2021: Jan | Feb | Mar | Apr | May | Jun | Jul | Aug | Sep | Oct | Nov | Dec |
2020: Jan | Feb | Mar | Apr | May | Jun | Jul | Aug | Sep | Oct | Nov | Dec |
2019: Jan | Feb | Mar | Apr | May | Jun | Jul | Aug | Sep | Oct | Nov | Dec |
2018: Jan | Feb | Mar | Apr | May | Jun | Jul | Aug | Sep | Oct | Nov | Dec |
2017: Jan | Feb | Mar | Apr | May | Jun | Jul | Aug | Sep | Oct | Nov | Dec |
2016: Jan | Feb | Mar | Apr | May | Jun | Jul | Aug | Sep | Oct | Nov | Dec |
2015: Jan | Feb | Mar | Apr | May | Jun | Jul | Aug | Sep | Oct | Nov | Dec |
2014: Jan | Feb | Mar | Apr | May | Jun | Jul | Aug | Sep | Oct | Nov | Dec |
2013: Jan | Feb | Mar | Apr | May | Jun | Jul | Aug | Sep | Oct | Nov | Dec |
2012: Jan | Feb | Mar | Apr | May | Jun | Jul | Aug | Sep | Oct | Nov | Dec |
2011: Jan | Feb | Mar | Apr | May | Jun | Jul | Aug | Sep | Oct | Nov | Dec |
2010: Jan | Feb | Mar | Apr | May | Jun | Jul | Aug | Sep | Oct | Nov | Dec |
2009: Jan | Feb | Mar | Apr | May | Jun | Jul | Aug | Sep | Oct | Nov | Dec |
2008: Jan | Feb | Mar | Apr | May | Jun | Jul | Aug | Sep | Oct | Nov | Dec |
2007: Jan | Feb | Mar | Apr | May | Jun | Jul | Aug | Sep | Oct | Nov | Dec |
2006: Jan | Feb | Mar | Apr | May | Jun | Jul | Aug | Sep | Oct | Nov | Dec |
2005: Jan | Feb | Mar | Apr | May | Jun | Jul | Aug | Sep | Oct | Nov | Dec |
2004: Jan | Feb | Mar | Apr | May | Jun | Jul | Aug | Sep | Oct | Nov | Dec |
2003: Jan | Feb | Mar | Apr | May | Jun | Jul | Aug | Sep | Oct | Nov | Dec |

Report for 2012 June
                   MONTHLY CLIMATOLOGICAL SUMMARY for JUN. 2012

NAME: Patrick Nijs   CITY: Heist-op-den-Berg   STATE: Belgium 
ELEV:    15 m  LAT:  51° 04' 15" N  LONG:   4° 42' 13" E

                   TEMPERATURE (°C), RAIN  (mm), WIND SPEED (km/hr)

                                      HEAT  COOL        AVG
    MEAN                              DEG   DEG         WIND                 DOM
DAY TEMP  HIGH   TIME   LOW    TIME   DAYS  DAYS  RAIN  SPEED HIGH   TIME    DIR
------------------------------------------------------------------------------------
 1  15.7  20.4   17:15  13.2    6:45   2.8   0.2   0.0   3.2  17.7   15:15    NW
 2  14.7  19.3   18:45  10.6    6:00   3.6   0.1   0.0   1.0  14.5   23:15   ENE
 3  10.2  14.0    0:15   9.1    9:15   8.1   0.0  12.8   1.8  29.0    7:30   ENE
 4  10.4  13.7   11:15   7.6   00:00   7.9   0.0   9.2   2.1  19.3   14:30    NW
 5  11.5  17.1   18:15   4.6    5:30   6.8   0.0   0.0   1.3  17.7   16:30    SE
 6  14.4  18.8   16:15  10.8    5:15   3.9   0.0   8.6   2.6  22.5   12:45    SE
 7  16.6  21.9   14:30  12.8    5:30   2.2   0.5  15.4   1.9  20.9   15:15   SSE
 8  15.7  20.2   16:15  12.1    5:45   2.7   0.2   0.4   6.0  37.0   12:45     W
 9  14.0  17.8   16:15  10.3    6:00   4.3   0.0   0.0   6.3  32.2   14:45   WSW
10  15.1  20.1   15:45   8.4    5:45   3.5   0.3   0.0   0.8  14.5   13:45   WSW
11  14.7  18.9   14:00  13.3    5:45   3.7   0.0  10.4   0.6  16.1   14:15   WSW
12  15.1  19.6   12:00  10.3    5:30   3.3   0.0   0.0   1.0  16.1   16:15    NW
13  12.8  15.3   16:15  11.0    6:15   5.4   0.0   0.0   0.8  16.1   16:15    NW
14  13.9  20.4   17:15   5.9    5:45   4.6   0.2   0.0   0.8  16.1   16:00   ENE
15  15.6  20.0   17:00  13.6    9:00   2.9   0.2  10.6   2.1  29.0   18:00   ENE
16  16.3  19.3   19:00  13.7   00:00   2.1   0.1   0.6   2.9  22.5   15:15   SSW
17  16.8  21.3   18:45  13.0    6:15   2.1   0.6   0.2   2.7  24.1    9:45    SW
18  15.8  18.7   13:30  12.7    8:30   2.5   0.0  15.0   3.1  22.5    7:30   WNW
19  15.8  21.8   18:00   9.0    6:00   3.1   0.6   0.0   0.3  11.3   16:30   WNW
20  18.9  23.8   17:45  14.5    6:00   1.3   1.8   0.0   0.8  16.1   12:15    NW
21  18.7  24.5   17:00  14.6    3:45   1.3   1.7   5.8   2.1  30.6   20:30    SE
22  15.7  19.5   14:15  12.2    4:45   2.6   0.0   0.4   5.1  32.2   14:45   WSW
23  16.2  20.1   17:45  11.9    4:15   2.4   0.3   0.0   3.9  24.1   12:15   WSW
24  14.1  16.0   18:00  12.3   11:45   4.3   0.0   7.0   3.4  27.4   17:30     W
25  15.6  19.4   16:00  12.4    6:00   2.8   0.1   0.0   5.3  29.0   18:00    NW
26  17.9  24.7   18:30   9.9    5:45   2.5   2.1   0.0   0.0  12.9   23:30   WSW
27  19.8  24.0   17:15  16.5    7:00   0.4   1.9   0.6   2.7  19.3   12:45   WNW
28  24.0  31.3   17:45  17.6    5:30   0.1   5.8   0.0   1.8  19.3   17:00   SSE
29  19.7  24.4    0:15  17.3   12:00   0.1   1.5   0.4   1.9  20.9   14:00   SSE
30  19.7  25.2   16:45  16.0    2:45   0.7   2.2   0.0   3.2  24.1   20:15   SSE
-------------------------------------------------------------------------------------
    15.8  31.3    28     4.6     5    93.9  20.3  97.4   2.4  37.0     8     WSW

Max >=  32.0:  0
Max <=   0.0:  0
Min <=   0.0:  0
Min <= -18.0:  0
Max Rain: 15.39 ON 07/06/12
Days of Rain: 15 (> .2 mm) 9 (> 2 mm) 0 (> 20 mm)
Heat Base:  18.3  Cool Base:  18.3  Method: Integration
Benelux Weer Netwerk cwop awekas hwa wcloud pwsweather wow wow