-->

NOAA-Style Climate Reports

Select a Year or Month report
2021: Jan | Feb | Mar | Apr | May | Jun | Jul | Aug | Sep | Oct | Nov | Dec |
2020: Jan | Feb | Mar | Apr | May | Jun | Jul | Aug | Sep | Oct | Nov | Dec |
2019: Jan | Feb | Mar | Apr | May | Jun | Jul | Aug | Sep | Oct | Nov | Dec |
2018: Jan | Feb | Mar | Apr | May | Jun | Jul | Aug | Sep | Oct | Nov | Dec |
2017: Jan | Feb | Mar | Apr | May | Jun | Jul | Aug | Sep | Oct | Nov | Dec |
2016: Jan | Feb | Mar | Apr | May | Jun | Jul | Aug | Sep | Oct | Nov | Dec |
2015: Jan | Feb | Mar | Apr | May | Jun | Jul | Aug | Sep | Oct | Nov | Dec |
2014: Jan | Feb | Mar | Apr | May | Jun | Jul | Aug | Sep | Oct | Nov | Dec |
2013: Jan | Feb | Mar | Apr | May | Jun | Jul | Aug | Sep | Oct | Nov | Dec |
2012: Jan | Feb | Mar | Apr | May | Jun | Jul | Aug | Sep | Oct | Nov | Dec |
2011: Jan | Feb | Mar | Apr | May | Jun | Jul | Aug | Sep | Oct | Nov | Dec |
2010: Jan | Feb | Mar | Apr | May | Jun | Jul | Aug | Sep | Oct | Nov | Dec |
2009: Jan | Feb | Mar | Apr | May | Jun | Jul | Aug | Sep | Oct | Nov | Dec |
2008: Jan | Feb | Mar | Apr | May | Jun | Jul | Aug | Sep | Oct | Nov | Dec |
2007: Jan | Feb | Mar | Apr | May | Jun | Jul | Aug | Sep | Oct | Nov | Dec |
2006: Jan | Feb | Mar | Apr | May | Jun | Jul | Aug | Sep | Oct | Nov | Dec |
2005: Jan | Feb | Mar | Apr | May | Jun | Jul | Aug | Sep | Oct | Nov | Dec |
2004: Jan | Feb | Mar | Apr | May | Jun | Jul | Aug | Sep | Oct | Nov | Dec |
2003: Jan | Feb | Mar | Apr | May | Jun | Jul | Aug | Sep | Oct | Nov | Dec |

Report for 2012 July
                   MONTHLY CLIMATOLOGICAL SUMMARY for JUL. 2012

NAME: Patrick Nijs   CITY: Heist-op-den-Berg   STATE: Belgium 
ELEV:    15 m  LAT:  51° 04' 15" N  LONG:   4° 42' 13" E

                   TEMPERATURE (°C), RAIN  (mm), WIND SPEED (km/hr)

                                      HEAT  COOL        AVG
    MEAN                              DEG   DEG         WIND                 DOM
DAY TEMP  HIGH   TIME   LOW    TIME   DAYS  DAYS  RAIN  SPEED HIGH   TIME    DIR
------------------------------------------------------------------------------------
 1  16.9  20.1   13:30  14.2   00:00   1.6   0.3   0.2   4.0  32.2   17:30     W
 2  17.1  23.4   17:00  10.2    5:45   2.7   1.4   0.0   1.0  14.5   15:45   WSW
 3  19.1  23.9   17:15  13.4    4:15   1.4   2.1   0.0   1.0  12.9   11:15    SE
 4  22.3  28.4   17:15  17.4    5:30   0.1   4.1   0.0   1.8  19.3   15:45    SE
 5  21.3  28.4   16:45  17.4    5:30   0.1   3.1   6.4   1.0  20.9   19:00    NW
 6  18.7  24.4   17:00  15.2    9:45   0.8   1.2   1.2   2.1  24.1   15:45   SSE
 7  18.8  24.2   16:45  13.7    6:00   1.4   1.9   1.4   1.9  24.1   22:15   SSE
 8  17.1  20.5   14:15  15.3   00:00   1.4   0.3   9.4   3.2  27.4   20:00     W
 9  16.6  20.1   18:30  13.7    5:15   2.0   0.2   0.4   2.9  20.9   13:30   WSW
10  16.0  18.7   15:45  14.1    9:45   2.3   0.0   5.0   1.3  22.5   17:00   WSW
11  15.9  19.2   17:00  12.9    8:15   2.4   0.0   3.2   4.7  30.6   17:00   WSW
12  15.8  20.6   18:00  12.5    8:30   2.7   0.2   0.8   5.0  27.4   10:15     W
13  15.3  20.3   15:00  13.1    7:00   3.2   0.1  13.8   2.3  22.5   15:30   SSW
14  15.1  18.7   16:45  13.3    6:45   3.2   0.0   7.8   3.5  29.0   15:15   WSW
15  14.0  17.2   12:15  11.4   00:00   4.3   0.0  14.0   1.1  14.5   12:00     W
16  14.1  16.6   15:15  11.3    2:00   4.2   0.0   4.8   3.7  29.0   00:00   WSW
17  17.1  20.4   18:00  14.7    8:00   1.6   0.4   1.2   6.1  30.6    1:00     W
18  18.4  21.4   15:00  15.7   23:15   0.7   0.8   0.0   5.6  32.2   14:00     W
19  16.8  19.9   14:45  14.2   00:00   1.6   0.1   4.6   6.8  33.8   10:30     W
20  14.8  19.1   15:30  13.1   00:00   3.5   0.0   6.4   0.3  24.1   16:15     W
21  14.8  19.6   15:15  10.6    5:45   3.6   0.0   0.0   0.5  14.5   15:15    NW
22  16.2  22.7   17:30   9.3    6:30   3.2   1.1   0.0   0.6  16.1   13:30    SE
23  19.8  27.1   18:00  11.3    6:15   1.9   3.4   0.0   1.1  14.5   14:30   ENE
24  22.2  29.4   17:00  12.8    6:30   1.1   5.0   0.0   0.8  16.1   14:45   ENE
25  22.8  29.7   17:45  15.1    6:15   0.6   5.1   0.0   1.1  16.1   13:45    NW
26  23.1  30.4   17:00  15.2    6:30   0.5   5.3   0.0   0.5  11.3   16:45     N
27  23.3  29.8   14:30  18.3    6:45   0.0   5.0   4.8   1.3  17.7   21:15    NW
28  19.6  23.3   19:15  16.8   00:00   0.2   1.5   7.4   1.0  17.7   22:00   NNW
29  16.8  21.5   17:45  12.8    6:30   2.1   0.6   1.4   3.4  27.4   21:45     W
30  15.3  19.3   19:15  11.3    6:15   3.1   0.1   0.6   2.7  25.7   14:30    SW
31  16.1  20.8   17:30  11.3    6:15   2.6   0.4   0.0   0.8  16.1   17:30    SW
-------------------------------------------------------------------------------------
    17.8  30.4    26     9.3    22    60.1  43.8  94.8   2.4  33.8    19       W

Max >=  32.0:  0
Max <=   0.0:  0
Min <=   0.0:  0
Min <= -18.0:  0
Max Rain: 14.00 ON 15/07/12
Days of Rain: 20 (> .2 mm) 12 (> 2 mm) 0 (> 20 mm)
Heat Base:  18.3  Cool Base:  18.3  Method: Integration
Benelux Weer Netwerk cwop awekas hwa wcloud pwsweather wow wow