-->

NOAA-Style Climate Reports

Select a Year or Month report
2021: Jan | Feb | Mar | Apr | May | Jun | Jul | Aug | Sep | Oct | Nov | Dec |
2020: Jan | Feb | Mar | Apr | May | Jun | Jul | Aug | Sep | Oct | Nov | Dec |
2019: Jan | Feb | Mar | Apr | May | Jun | Jul | Aug | Sep | Oct | Nov | Dec |
2018: Jan | Feb | Mar | Apr | May | Jun | Jul | Aug | Sep | Oct | Nov | Dec |
2017: Jan | Feb | Mar | Apr | May | Jun | Jul | Aug | Sep | Oct | Nov | Dec |
2016: Jan | Feb | Mar | Apr | May | Jun | Jul | Aug | Sep | Oct | Nov | Dec |
2015: Jan | Feb | Mar | Apr | May | Jun | Jul | Aug | Sep | Oct | Nov | Dec |
2014: Jan | Feb | Mar | Apr | May | Jun | Jul | Aug | Sep | Oct | Nov | Dec |
2013: Jan | Feb | Mar | Apr | May | Jun | Jul | Aug | Sep | Oct | Nov | Dec |
2012: Jan | Feb | Mar | Apr | May | Jun | Jul | Aug | Sep | Oct | Nov | Dec |
2011: Jan | Feb | Mar | Apr | May | Jun | Jul | Aug | Sep | Oct | Nov | Dec |
2010: Jan | Feb | Mar | Apr | May | Jun | Jul | Aug | Sep | Oct | Nov | Dec |
2009: Jan | Feb | Mar | Apr | May | Jun | Jul | Aug | Sep | Oct | Nov | Dec |
2008: Jan | Feb | Mar | Apr | May | Jun | Jul | Aug | Sep | Oct | Nov | Dec |
2007: Jan | Feb | Mar | Apr | May | Jun | Jul | Aug | Sep | Oct | Nov | Dec |
2006: Jan | Feb | Mar | Apr | May | Jun | Jul | Aug | Sep | Oct | Nov | Dec |
2005: Jan | Feb | Mar | Apr | May | Jun | Jul | Aug | Sep | Oct | Nov | Dec |
2004: Jan | Feb | Mar | Apr | May | Jun | Jul | Aug | Sep | Oct | Nov | Dec |
2003: Jan | Feb | Mar | Apr | May | Jun | Jul | Aug | Sep | Oct | Nov | Dec |

Report for 2012 August
                   MONTHLY CLIMATOLOGICAL SUMMARY for AUG. 2012

NAME: Patrick Nijs   CITY: Heist-op-den-Berg   STATE: Belgium 
ELEV:    15 m  LAT:  51° 04' 15" N  LONG:   4° 42' 13" E

                   TEMPERATURE (°C), RAIN  (mm), WIND SPEED (km/hr)

                                      HEAT  COOL        AVG
    MEAN                              DEG   DEG         WIND                 DOM
DAY TEMP  HIGH   TIME   LOW    TIME   DAYS  DAYS  RAIN  SPEED HIGH   TIME    DIR
------------------------------------------------------------------------------------
 1  20.9  29.4   17:00  13.1    6:45   1.4   4.1   2.0   1.4  20.9   14:30    SE
 2  19.3  23.3   18:00  15.6   00:00   0.3   1.4   0.8   2.7  22.5   12:15     W
 3  18.3  24.1   17:00  14.7    6:45   1.3   1.4   0.0   1.8  20.9   19:45     S
 4  18.8  24.2   15:30  14.4    5:45   1.3   1.8   0.0   1.8  17.7   13:00   SSE
 5  19.2  23.8   16:30  15.5    6:45   0.9   1.8   0.0   1.1  14.5   16:30   WNW
 6  17.6  20.7   19:15  14.4    6:45   1.2   0.5   0.0   3.9  25.7   13:00   SSW
 7  16.6  19.3   15:15  13.7    6:45   1.9   0.1   0.0   4.2  24.1   15:30   WSW
 8  15.8  21.1   16:45  10.4    5:45   2.9   0.4   0.4   1.1  16.1   17:45   WSW
 9  18.2  24.7   16:15  12.6    5:30   1.8   1.7   0.0   0.6  12.9   14:15    NW
10  17.4  23.8   17:00  10.8    6:45   2.3   1.4   0.0   1.0  16.1   17:15   ENE
11  17.7  23.3   16:30  11.1    6:45   2.2   1.5   0.0   1.8  20.9   13:15   ENE
12  20.1  27.2   18:00  13.3    6:15   1.4   3.2   0.0   1.9  22.5   15:45   ENE
13  21.1  27.3   16:30  17.3    7:00   0.2   3.0   0.0   0.6  11.3    6:00     W
14  21.6  26.1   18:30  15.7    7:00   0.4   3.7   0.0   0.5   9.7   11:15   WNW
15  24.2  32.2   16:00  18.9    6:15   0.0   5.9   0.0   2.7  37.0   20:30   NNE
16  20.2  25.1   16:30  14.7    7:30   0.7   2.5   0.0   1.1  14.5   10:00   SSW
17  23.1  29.8   18:15  16.9    6:00   0.2   5.0   0.0   1.4  19.3   16:15   SSE
18  26.5  36.0   17:00  17.6    6:45   0.0   8.2   0.0   1.3  17.7   10:45   SSE
19  27.7  35.4   17:00  20.9    7:00   0.0   9.4   0.0   1.3  14.5   16:00   SSE
20  23.3  26.9   14:00  19.2    7:30   0.0   5.0   0.0   1.8  14.5   13:30   WNW
21  21.9  26.7   15:45  18.1    7:30   0.0   3.6   0.0   1.1  16.1   15:45   WNW
22  18.9  22.9   16:45  15.8    5:00   0.7   1.3   0.0   4.3  27.4   13:15   WNW
23  17.7  23.9   18:00  11.2    6:45   2.1   1.5   0.0   0.8  12.9   16:15   WSW
24  18.8  25.1   16:30  14.9    7:00   1.1   1.6   1.6   1.1  19.3   20:00   SSE
25  18.5  22.8   17:15  14.9    3:30   0.9   1.1   0.6   4.0  30.6   17:00   WSW
26  15.9  19.2   16:30  12.9   00:00   2.4   0.0   0.8   5.3  30.6   15:30     W
27  17.2  24.1   16:45  10.3    6:45   2.8   1.8   0.2   1.3  19.3   17:45   SSE
28  19.4  23.9   18:00  14.9   00:00   0.5   1.6   0.2   2.3  24.1   13:15   SSE
29  18.7  25.8   17:00  12.4    7:00   2.0   2.5   0.0   2.3  25.7   12:15   WSW
30  17.0  21.7   16:30  13.4    7:30   1.8   0.5   0.2   2.3  24.1   17:15   SSW
31  14.2  17.6   16:30  11.2   23:30   4.1   0.0   4.8   4.8  25.7   16:00   NNW
-------------------------------------------------------------------------------------
    19.5  36.0    18    10.3    27    38.8  77.2  11.6   2.1  37.0    15     WNW

Max >=  32.0:  3
Max <=   0.0:  0
Min <=   0.0:  0
Min <= -18.0:  0
Max Rain: 4.80 ON 31/08/12
Days of Rain: 10 (> .2 mm) 2 (> 2 mm) 0 (> 20 mm)
Heat Base:  18.3  Cool Base:  18.3  Method: Integration
Benelux Weer Netwerk cwop awekas hwa wcloud pwsweather wow wow