-->

NOAA-Style Climate Reports

Select a Year or Month report
2021: Jan | Feb | Mar | Apr | May | Jun | Jul | Aug | Sep | Oct | Nov | Dec |
2020: Jan | Feb | Mar | Apr | May | Jun | Jul | Aug | Sep | Oct | Nov | Dec |
2019: Jan | Feb | Mar | Apr | May | Jun | Jul | Aug | Sep | Oct | Nov | Dec |
2018: Jan | Feb | Mar | Apr | May | Jun | Jul | Aug | Sep | Oct | Nov | Dec |
2017: Jan | Feb | Mar | Apr | May | Jun | Jul | Aug | Sep | Oct | Nov | Dec |
2016: Jan | Feb | Mar | Apr | May | Jun | Jul | Aug | Sep | Oct | Nov | Dec |
2015: Jan | Feb | Mar | Apr | May | Jun | Jul | Aug | Sep | Oct | Nov | Dec |
2014: Jan | Feb | Mar | Apr | May | Jun | Jul | Aug | Sep | Oct | Nov | Dec |
2013: Jan | Feb | Mar | Apr | May | Jun | Jul | Aug | Sep | Oct | Nov | Dec |
2012: Jan | Feb | Mar | Apr | May | Jun | Jul | Aug | Sep | Oct | Nov | Dec |
2011: Jan | Feb | Mar | Apr | May | Jun | Jul | Aug | Sep | Oct | Nov | Dec |
2010: Jan | Feb | Mar | Apr | May | Jun | Jul | Aug | Sep | Oct | Nov | Dec |
2009: Jan | Feb | Mar | Apr | May | Jun | Jul | Aug | Sep | Oct | Nov | Dec |
2008: Jan | Feb | Mar | Apr | May | Jun | Jul | Aug | Sep | Oct | Nov | Dec |
2007: Jan | Feb | Mar | Apr | May | Jun | Jul | Aug | Sep | Oct | Nov | Dec |
2006: Jan | Feb | Mar | Apr | May | Jun | Jul | Aug | Sep | Oct | Nov | Dec |
2005: Jan | Feb | Mar | Apr | May | Jun | Jul | Aug | Sep | Oct | Nov | Dec |
2004: Jan | Feb | Mar | Apr | May | Jun | Jul | Aug | Sep | Oct | Nov | Dec |
2003: Jan | Feb | Mar | Apr | May | Jun | Jul | Aug | Sep | Oct | Nov | Dec |

Report for 2012 September
                   MONTHLY CLIMATOLOGICAL SUMMARY for SEP. 2012

NAME: Patrick Nijs   CITY: Heist-op-den-Berg   STATE: Belgium 
ELEV:    15 m  LAT:  51° 04' 15" N  LONG:   4° 42' 13" E

                   TEMPERATURE (°C), RAIN  (mm), WIND SPEED (km/hr)

                                      HEAT  COOL        AVG
    MEAN                              DEG   DEG         WIND                 DOM
DAY TEMP  HIGH   TIME   LOW    TIME   DAYS  DAYS  RAIN  SPEED HIGH   TIME    DIR
------------------------------------------------------------------------------------
 1  14.0  20.5   18:45   8.1    7:15   4.5   0.3   0.0   0.5  11.3   14:15    NW
 2  15.6  21.6   17:00  10.7    3:15   3.4   0.7   0.0   1.0  14.5   12:30     W
 3  18.0  23.3   16:30  14.3   00:00   1.5   1.2   0.2   0.2  12.9   17:30   SSE
 4  17.9  25.0   16:45  10.7    7:00   2.5   2.1   0.0   0.5   9.7   14:15    NW
 5  17.1  21.3   15:00  12.9   00:00   1.8   0.5   0.0   1.0  17.7   18:30    NW
 6  14.7  20.7   18:45   9.1    6:00   3.9   0.3   0.0   0.3   9.7   12:00   WNW
 7  16.2  24.3   17:30   9.0    6:45   3.7   1.6   0.0   1.8  16.1   13:30   WNW
 8  18.2  27.4   17:00  10.4    6:45   2.9   2.8   0.0   0.3   8.0   11:00   WNW
 9  20.0  29.9   17:15  11.6    7:00   2.2   3.9   0.0   0.8  14.5   15:15     S
10  19.5  24.9   18:30  14.6    6:00   1.0   2.2   0.4   1.4  19.3   15:00   WSW
11  16.3  18.7    0:15  12.6   22:30   2.0   0.0   5.0   1.6  24.1   12:45     W
12  12.9  17.1   16:30   9.7    8:15   5.4   0.0   2.0   1.6  19.3   10:45   WNW
13  13.6  17.9   16:15  10.2    7:30   4.7   0.0   6.8   0.6  12.9   17:00    NW
14  13.6  17.4   19:15   9.7    3:45   4.7   0.0   0.0   2.4  29.0   14:30   WSW
15  14.8  19.4   17:30  10.8    7:45   3.6   0.1   0.0   1.3  16.1   13:45     W
16  15.4  22.6   17:00   9.4    6:45   3.8   0.9   0.2   1.0  19.3   15:15   SSW
17  15.6  19.1   17:15  11.9    6:00   2.8   0.1   0.0   0.8  16.1   15:30    SW
18  14.7  18.3   15:00  11.8    5:00   3.6   0.0   0.0   3.2  24.1   12:15   WNW
19  11.3  15.8   14:30   8.2    7:45   7.0   0.0   0.6   3.5  29.0   15:00   WNW
20  10.9  16.8   16:00   5.8    7:30   7.4   0.0   0.0   1.1  16.1   14:15   WNW
21  11.2  16.7   17:00   6.4    8:00   7.1   0.0   0.0   0.0   6.4   10:15     S
22  12.1  17.6   16:45   8.3   23:45   6.2   0.0   0.0   0.8  19.3   12:00    NW
23  10.8  13.8   16:45   7.4    5:15   7.4   0.0   0.2   2.6  25.7   16:30   ENE
24  14.7  19.6   11:45  10.8    1:30   3.6   0.1  12.6   5.0  38.6   16:15   SSE
25  14.1  17.2   16:00  11.7    5:45   4.3   0.0   1.0   4.5  30.6   15:15   SSE
26  13.2  15.8   18:00  11.7    6:15   5.1   0.0   0.4   3.4  25.7   17:45   SSE
27  13.3  17.1   15:15  11.1   00:00   4.9   0.0  10.6   2.4  20.9   15:15   SSE
28  13.2  18.3   17:15   9.3    3:30   5.1   0.0   0.0   1.9  22.5   14:00   SSW
29  12.1  15.9   14:45   7.5   00:00   6.2   0.0   0.4   2.4  19.3   11:30   WNW
30  11.2  17.6   17:00   5.8    7:15   7.1   0.0   0.0   1.1  16.1   12:30   WNW
-------------------------------------------------------------------------------------
    14.5  29.9     9     5.8    20   129.8  16.8  40.4   1.6  38.6    24     WNW

Max >=  32.0:  0
Max <=   0.0:  0
Min <=   0.0:  0
Min <= -18.0:  0
Max Rain: 12.60 ON 24/09/12
Days of Rain: 13 (> .2 mm) 5 (> 2 mm) 0 (> 20 mm)
Heat Base:  18.3  Cool Base:  18.3  Method: Integration
Benelux Weer Netwerk cwop awekas hwa wcloud pwsweather wow wow