NOAA-Style Climate Reports

Select a Year or Month report
2021: Jan | Feb | Mar | Apr | May | Jun | Jul | Aug | Sep | Oct | Nov | Dec |
2020: Jan | Feb | Mar | Apr | May | Jun | Jul | Aug | Sep | Oct | Nov | Dec |
2019: Jan | Feb | Mar | Apr | May | Jun | Jul | Aug | Sep | Oct | Nov | Dec |
2018: Jan | Feb | Mar | Apr | May | Jun | Jul | Aug | Sep | Oct | Nov | Dec |
2017: Jan | Feb | Mar | Apr | May | Jun | Jul | Aug | Sep | Oct | Nov | Dec |
2016: Jan | Feb | Mar | Apr | May | Jun | Jul | Aug | Sep | Oct | Nov | Dec |
2015: Jan | Feb | Mar | Apr | May | Jun | Jul | Aug | Sep | Oct | Nov | Dec |
2014: Jan | Feb | Mar | Apr | May | Jun | Jul | Aug | Sep | Oct | Nov | Dec |
2013: Jan | Feb | Mar | Apr | May | Jun | Jul | Aug | Sep | Oct | Nov | Dec |
2012: Jan | Feb | Mar | Apr | May | Jun | Jul | Aug | Sep | Oct | Nov | Dec |
2011: Jan | Feb | Mar | Apr | May | Jun | Jul | Aug | Sep | Oct | Nov | Dec |
2010: Jan | Feb | Mar | Apr | May | Jun | Jul | Aug | Sep | Oct | Nov | Dec |
2009: Jan | Feb | Mar | Apr | May | Jun | Jul | Aug | Sep | Oct | Nov | Dec |
2008: Jan | Feb | Mar | Apr | May | Jun | Jul | Aug | Sep | Oct | Nov | Dec |
2007: Jan | Feb | Mar | Apr | May | Jun | Jul | Aug | Sep | Oct | Nov | Dec |
2006: Jan | Feb | Mar | Apr | May | Jun | Jul | Aug | Sep | Oct | Nov | Dec |
2005: Jan | Feb | Mar | Apr | May | Jun | Jul | Aug | Sep | Oct | Nov | Dec |
2004: Jan | Feb | Mar | Apr | May | Jun | Jul | Aug | Sep | Oct | Nov | Dec |
2003: Jan | Feb | Mar | Apr | May | Jun | Jul | Aug | Sep | Oct | Nov | Dec |

Report for 2012 November
                   MONTHLY CLIMATOLOGICAL SUMMARY for NOV. 2012

NAME: Patrick Nijs   CITY: Heist-op-den-Berg   STATE: Belgium 
ELEV:    15 m  LAT:  51° 04' 15" N  LONG:   4° 42' 13" E

                   TEMPERATURE (°C), RAIN  (mm), WIND SPEED (km/hr)

                                      HEAT  COOL        AVG
    MEAN                              DEG   DEG         WIND                 DOM
DAY TEMP  HIGH   TIME   LOW    TIME   DAYS  DAYS  RAIN  SPEED HIGH   TIME    DIR
------------------------------------------------------------------------------------
 1   8.1  10.4   16:15   5.9    2:45  10.3   0.0   2.6   4.2  38.6   17:15    SE
 2   6.8  10.5   13:00   4.3   20:30  11.5   0.0   5.2   4.7  33.8   14:30   SSW
 3   6.6   9.6   16:00   4.6    4:15  11.7   0.0   4.2   2.1  22.5   13:30    SW
 4   7.0  10.3   15:45   3.5    2:15  11.3   0.0   3.4   2.7  27.4   14:00     S
 5   6.3   8.5   11:15   3.6   19:45  12.0   0.0   1.6   2.1  19.3   10:45   WNW
 6   6.6  10.8   14:00   1.3    8:00  11.7   0.0   0.8   3.2  24.1   20:15     W
 7   9.6  11.1   16:00   7.7    0:15   8.7   0.0   0.8   4.3  25.7   14:00     W
 8   9.8  11.2   14:15   8.9   22:45   8.5   0.0   0.0   3.1  22.5   13:00   WSW
 9   9.1  11.9   14:00   7.6   23:45   9.2   0.0   1.8   1.3  17.7   15:00   SSE
10  10.3  12.4   16:00   7.6    0:45   8.0   0.0   1.2   1.8  22.5   23:00   SSE
11   7.4  11.3   13:45   5.3    8:30  10.9   0.0   0.2   1.4  19.3   16:30    SW
12   6.3   7.6   13:45   4.3    3:30  12.0   0.0   0.0   1.9  17.7   13:15    SW
13   8.3  10.3   15:15   6.6    4:45  10.0   0.0   0.8   1.3  16.1    0:30     S
14   7.6  12.1   15:30   2.2   00:00  10.8   0.0   0.0   0.2   9.7   11:30   ENE
15   4.4   6.0   12:00   1.9    0:30  13.8   0.0   0.0   0.2  11.3   12:00   ESE
16   4.2   6.1   15:15   1.6   00:00  14.1   0.0   0.0   0.3   9.7   11:30    SE
17   5.2   8.6   23:00   0.0    5:00  13.1   0.0   0.2   0.8  17.7   14:15   SSE
18   6.9   8.6    0:15   2.3   00:00  11.4   0.0   4.0   0.0   6.4    4:45   SSW
19   5.8  10.2   19:15   1.9    3:45  12.5   0.0   0.2   0.3  12.9   22:45    SE
20   9.1  12.8   14:00   5.6   00:00   9.2   0.0   0.0   1.9  20.9   13:30   SSE
21   6.7  10.6   21:00   3.3    8:15  11.6   0.0   0.8   3.4  33.8   21:45    SE
22   7.8  11.9   14:00   5.3    7:45  10.5   0.0   0.0   3.4  22.5   15:00   SSE
23   7.5   9.0   10:00   6.2    0:15  10.8   0.0   2.8   2.6  22.5    9:30   SSE
24   7.8   9.7   00:00   5.2    5:15  10.4   0.0   0.8   0.6  12.9   17:00     E
25  10.7  13.8    3:30   7.2   23:45   7.6   0.0   0.6   7.6  48.3   13:15   WSW
26   8.9  12.3   15:00   5.6    5:30   9.4   0.0   0.0   2.4  20.9   19:15   SSE
27   7.2   9.3    0:30   3.8   23:45  11.1   0.0   2.8   1.0  16.1    4:00   SSE
28   5.2   8.4   14:45   2.3    8:15  13.1   0.0   0.8   0.2   9.7   13:15    NW
29   4.2   7.6   14:00   1.8   00:00  14.1   0.0   0.0   0.6  14.5   14:30    NW
30   1.9   6.4   13:45  -1.3    9:00  16.4   0.0   0.2   0.5   9.7   14:00   SSW
-------------------------------------------------------------------------------------
     7.1  13.8    25    -1.3    30   335.6   0.0  35.7   2.0  48.3    25     SSE

Max >=  32.0:  0
Max <=   0.0:  0
Min <=   0.0:  2
Min <= -18.0:  0
Max Rain: 5.21 ON 02/11/12
Days of Rain: 21 (> .2 mm) 7 (> 2 mm) 0 (> 20 mm)
Heat Base:  18.3  Cool Base:  18.3  Method: Integration
Benelux Weer Netwerk cwop awekas hwa wcloud pwsweather wow wow